{"text_format":"1","workbook":"xlsx","n_sheets":23,"sheets":["Lists","Welcome","Company_Information","Compliance_Options","Notification_of_Compliance","NOCS_Addon_Control","NOCS_Certification","Semiannual_Report","Deviation_Compliant_Coating","Deviation_Without_Addon","Deviation_w_Addon_Malfunction","Deviation_w_Addon_EmLimits","Deviation_w_Addon_CPMS1","Deviation_w_Addon_CPMS2","Deviation_w_Addon_CPMSSummary","Deviation_w_Addon_OpLimit","Deviation_w_Addon_OpLimSummary","Deviation_w_Addon_WorkPrac","Deviation_Equiv_ER","Description_of_Changes","Number_of_Deviations","Semiannual_Certification","Revisions"],"not_rendered":{"charts":0,"images":1,"macros":1,"external_links":0,"defined_names":16,"comments":0,"pivot_tables":0},"unopened":[],"bounds":{"document_bytes":16777216,"sheet_cells":100000,"rows_first":2000,"rows_last":500,"rows_between":2000,"halvings":0,"cell_chars":16384,"cell_head_chars":4096},"cells_cut":0,"cells_raw":0,"read":"whole","date_system":"1900"}

{"sheet":"Lists","index":0,"n_rows":501,"n_cols":31,"rows_kept":501,"cut":false,"hidden":true,"merged":[]}
["Rank","Company Name","Company List","Column1",null,"Rank","Operation Name","Operation List","Column1",null,"Rank","CPMS Name","CPMS List","Column1",null,null,null,"Column5","Column1","Column2","Column22","Column3","Column4","Column42","Column43","Column44","Company ID","Process Name","Column6",null,"State"]
[{"$f":"+IF(D2=\"\",\"\",MAX(A1:A$1)+1)","v":""},{"$f":"IF(Company_Information!A24=\"\",\"\",Company_Information!A24)","v":""},{"$f":"+IFERROR(INDEX($B$2:$B$101,MATCH(ROW()-ROW($C$1),$A$2:$A$101,0)),\"\")","v":""},{"$f":"IF(COUNTIF(B$2:B2,B2)=1,B2,\"\")","v":""},null,{"$f":"+IF(I2=\"\",\"\",MAX(F1:F$1)+1)","v":""},{"$f":"IF(Compliance_Options!B24=\"\",\"\",Compliance_Options!B24)","v":""},{"$f":"+IFERROR(INDEX($G$2:$G$191,MATCH(ROW()-ROW($H$1),$F$2:$F$191,0)),\"\")","v":""},{"$f":"IF(COUNTIF(G$2:G2,G2)=1,G2,\"\")","v":""},null,{"$f":"+IF(N2=\"\",\"\",MAX(K1:K$1)+1)","v":""},{"$f":"IF(Deviation_w_Addon_CPMS1!C24=\"\",\"\",Deviation_w_Addon_CPMS1!C24)","v":""},{"$f":"+IFERROR(INDEX($L$2:$L$501,MATCH(ROW()-ROW($M$1),$K$2:$K$501,0)),\"\")","v":""},{"$f":"IF(COUNTIF(L$2:L2,L2)=1,L2,\"\")","v":""},null,"WebCoatingandPrinting",null,{"$f":"+IF(W2=\"\",\"\",MAX(R1:R$1)+1)","v":""},{"$f":"IF(Compliance_Options!A24=\"\",\"\",Compliance_Options!A24)","v":""},{"$f":"IF(Compliance_Options!B24=\"\",\"\",Compliance_Options!B24)","v":""},{"$f":"IF(Compliance_Options!D24=\"\",\"\",Compliance_Options!D24)","v":""},{"$f":"S2&T2&Table29[[#This Row],[Column22]]","v":""},{"$f":"IF(COUNTIF(V$2:V2,V2)=1,V2,\"\")","v":""},{"$f":"IF(R2=\"\",\"\",S2)","v":""},{"$f":"IF(R2=\"\",\"\",T2)","v":""},{"$f":"IF(S2=\"\",\"\",U2)","v":""},{"$f":"IFERROR(INDEX($X$2:$X$78,MATCH(ROW()-ROW($AA$1),$R$2:$R$78,0)),\"\")","v":""},{"$f":"IFERROR(INDEX($Y$2:$Y$78,MATCH(ROW()-ROW($AA$1),$R$2:$R$78,0)),\"\")","v":""},{"$f":"IFERROR(INDEX($Z$2:$Z$78,MATCH(ROW()-ROW($AA$1),$R$2:$R$78,0)),\"\")","v":""},null,"AK"]
[{"$f":"+IF(D3=\"\",\"\",MAX(A$1:A2)+1)","v":""},{"$f":"IF(Company_Information!A25=\"\",\"\",Company_Information!A25)","v":""},"",{"$f":"IF(COUNTIF(B$2:B3,B3)=1,B3,\"\")","v":""},null,{"$f":"+IF(I3=\"\",\"\",MAX(F$1:F2)+1)","v":""},{"$f":"IF(Compliance_Options!B25=\"\",\"\",Compliance_Options!B25)","v":""},{"$f":"+IFERROR(INDEX($G$2:$G$191,MATCH(ROW()-ROW($H$1),$F$2:$F$191,0)),\"\")","v":""},{"$f":"IF(COUNTIF(G$2:G3,G3)=1,G3,\"\")","v":""},null,{"$f":"+IF(N3=\"\",\"\",MAX(K$1:K2)+1)","v":""},{"$f":"IF(Deviation_w_Addon_CPMS1!C25=\"\",\"\",Deviation_w_Addon_CPMS1!C25)","v":""},"",{"$f":"IF(COUNTIF(L$2:L3,L3)=1,L3,\"\")","v":""},null,"Compliant Material 63.4291(a)(1)",null,{"$f":"+IF(W3=\"\",\"\",MAX(R$1:R2)+1)","v":""},{"$f":"IF(Compliance_Options!A25=\"\",\"\",Compliance_Options!A25)","v":""},{"$f":"IF(Compliance_Options!B25=\"\",\"\",Compliance_Options!B25)","v":""},{"$f":"IF(Compliance_Options!D25=\"\",\"\",Compliance_Options!D25)","v":""},{"$f":"S3&T3&Table29[[#This Row],[Column22]]","v":""},{"$f":"IF(COUNTIF(V$2:V3,V3)=1,V3,\"\")","v":""},{"$f":"IF(R3=\"\",\"\",S3)","v":""},{"$f":"IF(R3=\"\",\"\",T3)","v":""},{"$f":"IF(S3=\"\",\"\",U3)","v":""},{"$f":"IFERROR(INDEX($X$2:$X$78,MATCH(ROW()-ROW($AA$1),$R$2:$R$78,0)),\"\")","v":""},{"$f":"IFERROR(INDEX($Y$2:$Y$78,MATCH(ROW()-ROW($AA$1),$R$2:$R$78,0)),\"\")","v":""},"",null,"AL"]
[{"$f":"+IF(D4=\"\",\"\",MAX(A$1:A3)+1)","v":""},{"$f":"IF(Company_Information!A26=\"\",\"\",Company_Information!A26)","v":""},"",{"$f":"IF(COUNTIF(B$2:B4,B4)=1,B4,\"\")","v":""},null,{"$f":"+IF(I4=\"\",\"\",MAX(F$1:F3)+1)","v":""},{"$f":"IF(Compliance_Options!B26=\"\",\"\",Compliance_Options!B26)","v":""},"",{"$f":"IF(COUNTIF(G$2:G4,G4)=1,G4,\"\")","v":""},null,{"$f":"+IF(N4=\"\",\"\",MAX(K$1:K3)+1)","v":""},{"$f":"IF(Deviation_w_Addon_CPMS1!C26=\"\",\"\",Deviation_w_Addon_CPMS1!C26)","v":""},"",{"$f":"IF(COUNTIF(L$2:L4,L4)=1,L4,\"\")","v":""},null,"Emission Rate Without Add-on Controls 63.4291(a)(2)",null,{"$f":"+IF(W4=\"\",\"\",MAX(R$1:R3)+1)","v":""},{"$f":"IF(Compliance_Options!A26=\"\",\"\",Compliance_Options!A26)","v":""},{"$f":"IF(Compliance_Options!B26=\"\",\"\",Compliance_Options!B26)","v":""},{"$f":"IF(Compliance_Options!D26=\"\",\"\",Compliance_Options!D26)","v":""},{"$f":"S4&T4&Table29[[#This Row],[Column22]]","v":""},{"$f":"IF(COUNTIF(V$2:V4,V4)=1,V4,\"\")","v":""},"","","","","","",null,"AR"]
[{"$f":"+IF(D5=\"\",\"\",MAX(A$1:A4)+1)","v":""},{"$f":"IF(Company_Information!A27=\"\",\"\",Company_Information!A27)","v":""},"",{"$f":"IF(COUNTIF(B$2:B5,B5)=1,B5,\"\")","v":""},null,{"$f":"+IF(I5=\"\",\"\",MAX(F$1:F4)+1)","v":""},{"$f":"IF(Compliance_Options!B27=\"\",\"\",Compliance_Options!B27)","v":""},"",{"$f":"IF(COUNTIF(G$2:G5,G5)=1,G5,\"\")","v":""},null,{"$f":"+IF(N5=\"\",\"\",MAX(K$1:K4)+1)","v":""},{"$f":"IF(Deviation_w_Addon_CPMS1!C27=\"\",\"\",Deviation_w_Addon_CPMS1!C27)","v":""},"",{"$f":"IF(COUNTIF(L$2:L5,L5)=1,L5,\"\")","v":""},null,"Emission Rate With Add-on Controls 63.4291(a)(3)",null,{"$f":"+IF(W5=\"\",\"\",MAX(R$1:R4)+1)","v":""},{"$f":"IF(Compliance_Options!A27=\"\",\"\",Compliance_Options!A27)","v":""},{"$f":"IF(Compliance_Options!B27=\"\",\"\",Compliance_Options!B27)","v":""},{"$f":"IF(Compliance_Options!D27=\"\",\"\",Compliance_Options!D27)","v":""},{"$f":"S5&T5&Table29[[#This Row],[Column22]]","v":""},{"$f":"IF(COUNTIF(V$2:V5,V5)=1,V5,\"\")","v":""},"","","","","","",null,"AS"]
[{"$f":"+IF(D6=\"\",\"\",MAX(A$1:A5)+1)","v":""},{"$f":"IF(Company_Information!A28=\"\",\"\",Company_Information!A28)","v":""},"",{"$f":"IF(COUNTIF(B$2:B6,B6)=1,B6,\"\")","v":""},null,{"$f":"+IF(I6=\"\",\"\",MAX(F$1:F5)+1)","v":""},{"$f":"IF(Compliance_Options!B28=\"\",\"\",Compliance_Options!B28)","v":""},"",{"$f":"IF(COUNTIF(G$2:G6,G6)=1,G6,\"\")","v":""},null,{"$f":"+IF(N6=\"\",\"\",MAX(K$1:K5)+1)","v":""},{"$f":"IF(Deviation_w_Addon_CPMS1!C28=\"\",\"\",Deviation_w_Addon_CPMS1!C28)","v":""},"",{"$f":"IF(COUNTIF(L$2:L6,L6)=1,L6,\"\")","v":""},null,"Organic HAP Overall Control Efficiency 63.4291(a)(4)",null,{"$f":"+IF(W6=\"\",\"\",MAX(R$1:R5)+1)","v":""},{"$f":"IF(Compliance_Options!A28=\"\",\"\",Compliance_Options!A28)","v":""},{"$f":"IF(Compliance_Options!B28=\"\",\"\",Compliance_Options!B28)","v":""},{"$f":"IF(Compliance_Options!D28=\"\",\"\",Compliance_Options!D28)","v":""},{"$f":"S6&T6&Table29[[#This Row],[Column22]]","v":""},{"$f":"IF(COUNTIF(V$2:V6,V6)=1,V6,\"\")","v":""},"","","","","","",null,"AZ"]
[{"$f":"+IF(D7=\"\",\"\",MAX(A$1:A6)+1)","v":""},{"$f":"IF(Company_Information!A29=\"\",\"\",Company_Information!A29)","v":""},"",{"$f":"IF(COUNTIF(B$2:B7,B7)=1,B7,\"\")","v":""},null,{"$f":"+IF(I7=\"\",\"\",MAX(F$1:F6)+1)","v":""},{"$f":"IF(Compliance_Options!B29=\"\",\"\",Compliance_Options!B29)","v":""},"",{"$f":"IF(COUNTIF(G$2:G7,G7)=1,G7,\"\")","v":""},null,{"$f":"+IF(N7=\"\",\"\",MAX(K$1:K6)+1)","v":""},{"$f":"IF(Deviation_w_Addon_CPMS1!C29=\"\",\"\",Deviation_w_Addon_CPMS1!C29)","v":""},"",{"$f":"IF(COUNTIF(L$2:L7,L7)=1,L7,\"\")","v":""},null,"Oxidizer Outlet Organic HAP Concentration Limit 63.4291(a)(5)",null,{"$f":"+IF(W7=\"\",\"\",MAX(R$1:R6)+1)","v":""},{"$f":"IF(Compliance_Options!A29=\"\",\"\",Compliance_Options!A29)","v":""},{"$f":"IF(Compliance_Options!B29=\"\",\"\",Compliance_Options!B29)","v":""},{"$f":"IF(Compliance_Options!D29=\"\",\"\",Compliance_Options!D29)","v":""},{"$f":"S7&T7&Table29[[#This Row],[Column22]]","v":""},{"$f":"IF(COUNTIF(V$2:V7,V7)=1,V7,\"\")","v":""},"","","","","","",null,"CA"]
[{"$f":"+IF(D8=\"\",\"\",MAX(A$1:A7)+1)","v":""},{"$f":"IF(Company_Information!A30=\"\",\"\",Company_Information!A30)","v":""},"",{"$f":"IF(COUNTIF(B$2:B8,B8)=1,B8,\"\")","v":""},null,{"$f":"+IF(I8=\"\",\"\",MAX(F$1:F7)+1)","v":""},{"$f":"IF(Compliance_Options!B30=\"\",\"\",Compliance_Options!B30)","v":""},"",{"$f":"IF(COUNTIF(G$2:G8,G8)=1,G8,\"\")","v":""},null,{"$f":"+IF(N8=\"\",\"\",MAX(K$1:K7)+1)","v":""},{"$f":"IF(Deviation_w_Addon_CPMS1!C30=\"\",\"\",Deviation_w_Addon_CPMS1!C30)","v":""},"",{"$f":"IF(COUNTIF(L$2:L8,L8)=1,L8,\"\")","v":""},null,null,null,{"$f":"+IF(W8=\"\",\"\",MAX(R$1:R7)+1)","v":""},{"$f":"IF(Compliance_Options!A30=\"\",\"\",Compliance_Options!A30)","v":""},{"$f":"IF(Compliance_Options!B30=\"\",\"\",Compliance_Options!B30)","v":""},{"$f":"IF(Compliance_Options!D30=\"\",\"\",Compliance_Options!D30)","v":""},{"$f":"S8&T8&Table29[[#This Row],[Column22]]","v":""},{"$f":"IF(COUNTIF(V$2:V8,V8)=1,V8,\"\")","v":""},"","","","","","",null,"CO"]
[{"$f":"+IF(D9=\"\",\"\",MAX(A$1:A8)+1)","v":""},{"$f":"IF(Company_Information!A31=\"\",\"\",Company_Information!A31)","v":""},"",{"$f":"IF(COUNTIF(B$2:B9,B9)=1,B9,\"\")","v":""},null,{"$f":"+IF(I9=\"\",\"\",MAX(F$1:F8)+1)","v":""},{"$f":"IF(Compliance_Options!B31=\"\",\"\",Compliance_Options!B31)","v":""},"",{"$f":"IF(COUNTIF(G$2:G9,G9)=1,G9,\"\")","v":""},null,{"$f":"+IF(N9=\"\",\"\",MAX(K$1:K8)+1)","v":""},{"$f":"IF(Deviation_w_Addon_CPMS1!C31=\"\",\"\",Deviation_w_Addon_CPMS1!C31)","v":""},"",{"$f":"IF(COUNTIF(L$2:L9,L9)=1,L9,\"\")","v":""},null,"Slashing",null,{"$f":"+IF(W9=\"\",\"\",MAX(R$1:R8)+1)","v":""},{"$f":"IF(Compliance_Options!A31=\"\",\"\",Compliance_Options!A31)","v":""},{"$f":"IF(Compliance_Options!B31=\"\",\"\",Compliance_Options!B31)","v":""},{"$f":"IF(Compliance_Options!D31=\"\",\"\",Compliance_Options!D31)","v":""},{"$f":"S9&T9&Table29[[#This Row],[Column22]]","v":""},{"$f":"IF(COUNTIF(V$2:V9,V9)=1,V9,\"\")","v":""},"","","","","","",null,"CT"]
[{"$f":"+IF(D10=\"\",\"\",MAX(A$1:A9)+1)","v":""},{"$f":"IF(Company_Information!A32=\"\",\"\",Company_Information!A32)","v":""},"",{"$f":"IF(COUNTIF(B$2:B10,B10)=1,B10,\"\")","v":""},null,{"$f":"+IF(I10=\"\",\"\",MAX(F$1:F9)+1)","v":""},{"$f":"IF(Compliance_Options!B32=\"\",\"\",Compliance_Options!B32)","v":""},"",{"$f":"IF(COUNTIF(G$2:G10,G10)=1,G10,\"\")","v":""},null,{"$f":"+IF(N10=\"\",\"\",MAX(K$1:K9)+1)","v":""},{"$f":"IF(Deviation_w_Addon_CPMS1!C32=\"\",\"\",Deviation_w_Addon_CPMS1!C32)","v":""},"",{"$f":"IF(COUNTIF(L$2:L10,L10)=1,L10,\"\")","v":""},null,"Compliant Material 63.4291(b)",null,{"$f":"+IF(W10=\"\",\"\",MAX(R$1:R9)+1)","v":""},{"$f":"IF(Compliance_Options!A32=\"\",\"\",Compliance_Options!A32)","v":""},{"$f":"IF(Compliance_Options!B32=\"\",\"\",Compliance_Options!B32)","v":""},{"$f":"IF(Compliance_Options!D32=\"\",\"\",Compliance_Options!D32)","v":""},{"$f":"S10&T10&Table29[[#This Row],[Column22]]","v":""},{"$f":"IF(COUNTIF(V$2:V10,V10)=1,V10,\"\")","v":""},"","","","","","",null,"DC"]
[{"$f":"+IF(D11=\"\",\"\",MAX(A$1:A10)+1)","v":""},{"$f":"IF(Company_Information!A33=\"\",\"\",Company_Information!A33)","v":""},"",{"$f":"IF(COUNTIF(B$2:B11,B11)=1,B11,\"\")","v":""},null,{"$f":"+IF(I11=\"\",\"\",MAX(F$1:F10)+1)","v":""},{"$f":"IF(Compliance_Options!B33=\"\",\"\",Compliance_Options!B33)","v":""},"",{"$f":"IF(COUNTIF(G$2:G11,G11)=1,G11,\"\")","v":""},null,{"$f":"+IF(N11=\"\",\"\",MAX(K$1:K10)+1)","v":""},{"$f":"IF(Deviation_w_Addon_CPMS1!C33=\"\",\"\",Deviation_w_Addon_CPMS1!C33)","v":""},"",{"$f":"IF(COUNTIF(L$2:L11,L11)=1,L11,\"\")","v":""},null,null,null,{"$f":"+IF(W11=\"\",\"\",MAX(R$1:R10)+1)","v":""},{"$f":"IF(Compliance_Options!A33=\"\",\"\",Compliance_Options!A33)","v":""},{"$f":"IF(Compliance_Options!B33=\"\",\"\",Compliance_Options!B33)","v":""},{"$f":"IF(Compliance_Options!D33=\"\",\"\",Compliance_Options!D33)","v":""},{"$f":"S11&T11&Table29[[#This Row],[Column22]]","v":""},{"$f":"IF(COUNTIF(V$2:V11,V11)=1,V11,\"\")","v":""},"","","","","","",null,"DE"]
[null,null,null,null,null,{"$f":"+IF(I12=\"\",\"\",MAX(F$1:F11)+1)","v":""},{"$f":"IF(Compliance_Options!B34=\"\",\"\",Compliance_Options!B34)","v":""},"",{"$f":"IF(COUNTIF(G$2:G12,G12)=1,G12,\"\")","v":""},null,{"$f":"+IF(N12=\"\",\"\",MAX(K$1:K11)+1)","v":""},{"$f":"IF(Deviation_w_Addon_CPMS1!C34=\"\",\"\",Deviation_w_Addon_CPMS1!C34)","v":""},"",{"$f":"IF(COUNTIF(L$2:L12,L12)=1,L12,\"\")","v":""},null,"Dyeing and Finishing",null,{"$f":"+IF(W12=\"\",\"\",MAX(R$1:R11)+1)","v":""},{"$f":"IF(Compliance_Options!A34=\"\",\"\",Compliance_Options!A34)","v":""},{"$f":"IF(Compliance_Options!B34=\"\",\"\",Compliance_Options!B34)","v":""},{"$f":"IF(Compliance_Options!D34=\"\",\"\",Compliance_Options!D34)","v":""},{"$f":"S12&T12&Table29[[#This Row],[Column22]]","v":""},{"$f":"IF(COUNTIF(V$2:V12,V12)=1,V12,\"\")","v":""},"","","","","","",null,"FL"]
[null,null,null,null,null,{"$f":"+IF(I13=\"\",\"\",MAX(F$1:F12)+1)","v":""},{"$f":"IF(Compliance_Options!B35=\"\",\"\",Compliance_Options!B35)","v":""},"",{"$f":"IF(COUNTIF(G$2:G13,G13)=1,G13,\"\")","v":""},null,{"$f":"+IF(N13=\"\",\"\",MAX(K$1:K12)+1)","v":""},{"$f":"IF(Deviation_w_Addon_CPMS1!C35=\"\",\"\",Deviation_w_Addon_CPMS1!C35)","v":""},"",{"$f":"IF(COUNTIF(L$2:L13,L13)=1,L13,\"\")","v":""},null,"Compliant Material 63.4291(c)(1)",null,{"$f":"+IF(W13=\"\",\"\",MAX(R$1:R12)+1)","v":""},{"$f":"IF(Compliance_Options!A35=\"\",\"\",Compliance_Options!A35)","v":""},{"$f":"IF(Compliance_Options!B35=\"\",\"\",Compliance_Options!B35)","v":""},{"$f":"IF(Compliance_Options!D35=\"\",\"\",Compliance_Options!D35)","v":""},{"$f":"S13&T13&Table29[[#This Row],[Column22]]","v":""},{"$f":"IF(COUNTIF(V$2:V13,V13)=1,V13,\"\")","v":""},"","","","","","",null,"GA"]
[null,null,null,null,null,{"$f":"+IF(I14=\"\",\"\",MAX(F$1:F13)+1)","v":""},{"$f":"IF(Compliance_Options!B36=\"\",\"\",Compliance_Options!B36)","v":""},"",{"$f":"IF(COUNTIF(G$2:G14,G14)=1,G14,\"\")","v":""},null,{"$f":"+IF(N14=\"\",\"\",MAX(K$1:K13)+1)","v":""},{"$f":"IF(Deviation_w_Addon_CPMS1!C36=\"\",\"\",Deviation_w_Addon_CPMS1!C36)","v":""},"",{"$f":"IF(COUNTIF(L$2:L14,L14)=1,L14,\"\")","v":""},null,"Emission Rate Without Add-on Controls 63.4291(c)(2)",null,{"$f":"+IF(W14=\"\",\"\",MAX(R$1:R13)+1)","v":""},{"$f":"IF(Compliance_Options!A36=\"\",\"\",Compliance_Options!A36)","v":""},{"$f":"IF(Compliance_Options!B36=\"\",\"\",Compliance_Options!B36)","v":""},{"$f":"IF(Compliance_Options!D36=\"\",\"\",Compliance_Options!D36)","v":""},{"$f":"S14&T14&Table29[[#This Row],[Column22]]","v":""},{"$f":"IF(COUNTIF(V$2:V14,V14)=1,V14,\"\")","v":""},"","","","","","",null,"GU"]
[null,null,null,null,null,{"$f":"+IF(I15=\"\",\"\",MAX(F$1:F14)+1)","v":""},{"$f":"IF(Compliance_Options!B37=\"\",\"\",Compliance_Options!B37)","v":""},"",{"$f":"IF(COUNTIF(G$2:G15,G15)=1,G15,\"\")","v":""},null,{"$f":"+IF(N15=\"\",\"\",MAX(K$1:K14)+1)","v":""},{"$f":"IF(Deviation_w_Addon_CPMS1!C37=\"\",\"\",Deviation_w_Addon_CPMS1!C37)","v":""},"",{"$f":"IF(COUNTIF(L$2:L15,L15)=1,L15,\"\")","v":""},null,"Emission Rate With Add-on Controls 63.4291(c)(3)",null,{"$f":"+IF(W15=\"\",\"\",MAX(R$1:R14)+1)","v":""},{"$f":"IF(Compliance_Options!A37=\"\",\"\",Compliance_Options!A37)","v":""},{"$f":"IF(Compliance_Options!B37=\"\",\"\",Compliance_Options!B37)","v":""},{"$f":"IF(Compliance_Options!D37=\"\",\"\",Compliance_Options!D37)","v":""},{"$f":"S15&T15&Table29[[#This Row],[Column22]]","v":""},{"$f":"IF(COUNTIF(V$2:V15,V15)=1,V15,\"\")","v":""},"","","","","","",null,"HI"]
[null,null,null,null,null,{"$f":"+IF(I16=\"\",\"\",MAX(F$1:F15)+1)","v":""},{"$f":"IF(Compliance_Options!B38=\"\",\"\",Compliance_Options!B38)","v":""},"",{"$f":"IF(COUNTIF(G$2:G16,G16)=1,G16,\"\")","v":""},null,{"$f":"+IF(N16=\"\",\"\",MAX(K$1:K15)+1)","v":""},{"$f":"IF(Deviation_w_Addon_CPMS1!C38=\"\",\"\",Deviation_w_Addon_CPMS1!C38)","v":""},"",{"$f":"IF(COUNTIF(L$2:L16,L16)=1,L16,\"\")","v":""},null,"Equivalent Emission Rate 63.4291(c)(4)",null,{"$f":"+IF(W16=\"\",\"\",MAX(R$1:R15)+1)","v":""},{"$f":"IF(Compliance_Options!A38=\"\",\"\",Compliance_Options!A38)","v":""},{"$f":"IF(Compliance_Options!B38=\"\",\"\",Compliance_Options!B38)","v":""},{"$f":"IF(Compliance_Options!D38=\"\",\"\",Compliance_Options!D38)","v":""},{"$f":"S16&T16&Table29[[#This Row],[Column22]]","v":""},{"$f":"IF(COUNTIF(V$2:V16,V16)=1,V16,\"\")","v":""},"","","","","","",null,"IA"]
[null,null,null,null,null,{"$f":"+IF(I17=\"\",\"\",MAX(F$1:F16)+1)","v":""},{"$f":"IF(Compliance_Options!B39=\"\",\"\",Compliance_Options!B39)","v":""},"",{"$f":"IF(COUNTIF(G$2:G17,G17)=1,G17,\"\")","v":""},null,{"$f":"+IF(N17=\"\",\"\",MAX(K$1:K16)+1)","v":""},{"$f":"IF(Deviation_w_Addon_CPMS1!C39=\"\",\"\",Deviation_w_Addon_CPMS1!C39)","v":""},"",{"$f":"IF(COUNTIF(L$2:L17,L17)=1,L17,\"\")","v":""},null,null,null,{"$f":"+IF(W17=\"\",\"\",MAX(R$1:R16)+1)","v":""},{"$f":"IF(Compliance_Options!A39=\"\",\"\",Compliance_Options!A39)","v":""},{"$f":"IF(Compliance_Options!B39=\"\",\"\",Compliance_Options!B39)","v":""},{"$f":"IF(Compliance_Options!D39=\"\",\"\",Compliance_Options!D39)","v":""},{"$f":"S17&T17&Table29[[#This Row],[Column22]]","v":""},{"$f":"IF(COUNTIF(V$2:V17,V17)=1,V17,\"\")","v":""},"","","","","","",null,"ID"]
[null,null,null,null,null,{"$f":"+IF(I18=\"\",\"\",MAX(F$1:F17)+1)","v":""},{"$f":"IF(Compliance_Options!B40=\"\",\"\",Compliance_Options!B40)","v":""},"",{"$f":"IF(COUNTIF(G$2:G18,G18)=1,G18,\"\")","v":""},null,{"$f":"+IF(N18=\"\",\"\",MAX(K$1:K17)+1)","v":""},{"$f":"IF(Deviation_w_Addon_CPMS1!C40=\"\",\"\",Deviation_w_Addon_CPMS1!C40)","v":""},"",{"$f":"IF(COUNTIF(L$2:L18,L18)=1,L18,\"\")","v":""},null,"Causes",null,{"$f":"+IF(W18=\"\",\"\",MAX(R$1:R17)+1)","v":""},{"$f":"IF(Compliance_Options!A40=\"\",\"\",Compliance_Options!A40)","v":""},{"$f":"IF(Compliance_Options!B40=\"\",\"\",Compliance_Options!B40)","v":""},{"$f":"IF(Compliance_Options!D40=\"\",\"\",Compliance_Options!D40)","v":""},{"$f":"S18&T18&Table29[[#This Row],[Column22]]","v":""},{"$f":"IF(COUNTIF(V$2:V18,V18)=1,V18,\"\")","v":""},"","","","","","",null,"IL"]
[null,null,null,null,null,{"$f":"+IF(I19=\"\",\"\",MAX(F$1:F18)+1)","v":""},{"$f":"IF(Compliance_Options!B41=\"\",\"\",Compliance_Options!B41)","v":""},"",{"$f":"IF(COUNTIF(G$2:G19,G19)=1,G19,\"\")","v":""},null,{"$f":"+IF(N19=\"\",\"\",MAX(K$1:K18)+1)","v":""},{"$f":"IF(Deviation_w_Addon_CPMS1!C41=\"\",\"\",Deviation_w_Addon_CPMS1!C41)","v":""},"",{"$f":"IF(COUNTIF(L$2:L19,L19)=1,L19,\"\")","v":""},null,"Control Equipment Problems",null,{"$f":"+IF(W19=\"\",\"\",MAX(R$1:R18)+1)","v":""},{"$f":"IF(Compliance_Options!A41=\"\",\"\",Compliance_Options!A41)","v":""},{"$f":"IF(Compliance_Options!B41=\"\",\"\",Compliance_Options!B41)","v":""},{"$f":"IF(Compliance_Options!D41=\"\",\"\",Compliance_Options!D41)","v":""},{"$f":"S19&T19&Table29[[#This Row],[Column22]]","v":""},{"$f":"IF(COUNTIF(V$2:V19,V19)=1,V19,\"\")","v":""},"","","","","","",null,"IN"]
[null,null,null,null,null,{"$f":"+IF(I20=\"\",\"\",MAX(F$1:F19)+1)","v":""},{"$f":"IF(Compliance_Options!B42=\"\",\"\",Compliance_Options!B42)","v":""},"",{"$f":"IF(COUNTIF(G$2:G20,G20)=1,G20,\"\")","v":""},null,{"$f":"+IF(N20=\"\",\"\",MAX(K$1:K19)+1)","v":""},{"$f":"IF(Deviation_w_Addon_CPMS1!C42=\"\",\"\",Deviation_w_Addon_CPMS1!C42)","v":""},"",{"$f":"IF(COUNTIF(L$2:L20,L20)=1,L20,\"\")","v":""},null,"Process Problems",null,{"$f":"+IF(W20=\"\",\"\",MAX(R$1:R19)+1)","v":""},{"$f":"IF(Compliance_Options!A42=\"\",\"\",Compliance_Options!A42)","v":""},{"$f":"IF(Compliance_Options!B42=\"\",\"\",Compliance_Options!B42)","v":""},{"$f":"IF(Compliance_Options!D42=\"\",\"\",Compliance_Options!D42)","v":""},{"$f":"S20&T20&Table29[[#This Row],[Column22]]","v":""},{"$f":"IF(COUNTIF(V$2:V20,V20)=1,V20,\"\")","v":""},"","","","","","",null,"KS"]
[null,null,null,null,null,{"$f":"+IF(I21=\"\",\"\",MAX(F$1:F20)+1)","v":""},{"$f":"IF(Compliance_Options!B43=\"\",\"\",Compliance_Options!B43)","v":""},"",{"$f":"IF(COUNTIF(G$2:G21,G21)=1,G21,\"\")","v":""},null,{"$f":"+IF(N21=\"\",\"\",MAX(K$1:K20)+1)","v":""},{"$f":"IF(Deviation_w_Addon_CPMS1!C43=\"\",\"\",Deviation_w_Addon_CPMS1!C43)","v":""},"",{"$f":"IF(COUNTIF(L$2:L21,L21)=1,L21,\"\")","v":""},null,"Other Known Causes",null,{"$f":"+IF(W21=\"\",\"\",MAX(R$1:R20)+1)","v":""},{"$f":"IF(Compliance_Options!A43=\"\",\"\",Compliance_Options!A43)","v":""},{"$f":"IF(Compliance_Options!B43=\"\",\"\",Compliance_Options!B43)","v":""},{"$f":"IF(Compliance_Options!D43=\"\",\"\",Compliance_Options!D43)","v":""},{"$f":"S21&T21&Table29[[#This Row],[Column22]]","v":""},{"$f":"IF(COUNTIF(V$2:V21,V21)=1,V21,\"\")","v":""},"","","","","","",null,"KY"]
[null,null,null,null,null,{"$f":"+IF(I22=\"\",\"\",MAX(F$1:F21)+1)","v":""},{"$f":"IF(Compliance_Options!B44=\"\",\"\",Compliance_Options!B44)","v":""},"",{"$f":"IF(COUNTIF(G$2:G22,G22)=1,G22,\"\")","v":""},null,{"$f":"+IF(N22=\"\",\"\",MAX(K$1:K21)+1)","v":""},{"$f":"IF(Deviation_w_Addon_CPMS1!C44=\"\",\"\",Deviation_w_Addon_CPMS1!C44)","v":""},"",{"$f":"IF(COUNTIF(L$2:L22,L22)=1,L22,\"\")","v":""},null,"Other Unknown Causes",null,{"$f":"+IF(W22=\"\",\"\",MAX(R$1:R21)+1)","v":""},{"$f":"IF(Compliance_Options!A44=\"\",\"\",Compliance_Options!A44)","v":""},{"$f":"IF(Compliance_Options!B44=\"\",\"\",Compliance_Options!B44)","v":""},{"$f":"IF(Compliance_Options!D44=\"\",\"\",Compliance_Options!D44)","v":""},{"$f":"S22&T22&Table29[[#This Row],[Column22]]","v":""},{"$f":"IF(COUNTIF(V$2:V22,V22)=1,V22,\"\")","v":""},"","","","","","",null,"LA"]
[null,null,null,null,null,{"$f":"+IF(I23=\"\",\"\",MAX(F$1:F22)+1)","v":""},{"$f":"IF(Compliance_Options!B45=\"\",\"\",Compliance_Options!B45)","v":""},"",{"$f":"IF(COUNTIF(G$2:G23,G23)=1,G23,\"\")","v":""},null,{"$f":"+IF(N23=\"\",\"\",MAX(K$1:K22)+1)","v":""},{"$f":"IF(Deviation_w_Addon_CPMS1!C45=\"\",\"\",Deviation_w_Addon_CPMS1!C45)","v":""},"",{"$f":"IF(COUNTIF(L$2:L23,L23)=1,L23,\"\")","v":""},null,null,null,{"$f":"+IF(W23=\"\",\"\",MAX(R$1:R22)+1)","v":""},{"$f":"IF(Compliance_Options!A45=\"\",\"\",Compliance_Options!A45)","v":""},{"$f":"IF(Compliance_Options!B45=\"\",\"\",Compliance_Options!B45)","v":""},{"$f":"IF(Compliance_Options!D45=\"\",\"\",Compliance_Options!D45)","v":""},{"$f":"S23&T23&Table29[[#This Row],[Column22]]","v":""},{"$f":"IF(COUNTIF(V$2:V23,V23)=1,V23,\"\")","v":""},"","","","","","",null,"MA"]
[null,null,null,null,null,{"$f":"+IF(I24=\"\",\"\",MAX(F$1:F23)+1)","v":""},{"$f":"IF(Compliance_Options!B46=\"\",\"\",Compliance_Options!B46)","v":""},"",{"$f":"IF(COUNTIF(G$2:G24,G24)=1,G24,\"\")","v":""},null,{"$f":"+IF(N24=\"\",\"\",MAX(K$1:K23)+1)","v":""},{"$f":"IF(Deviation_w_Addon_CPMS1!C46=\"\",\"\",Deviation_w_Addon_CPMS1!C46)","v":""},"",{"$f":"IF(COUNTIF(L$2:L24,L24)=1,L24,\"\")","v":""},null,"NOCS?",null,{"$f":"+IF(W24=\"\",\"\",MAX(R$1:R23)+1)","v":""},{"$f":"IF(Compliance_Options!A46=\"\",\"\",Compliance_Options!A46)","v":""},{"$f":"IF(Compliance_Options!B46=\"\",\"\",Compliance_Options!B46)","v":""},{"$f":"IF(Compliance_Options!D46=\"\",\"\",Compliance_Options!D46)","v":""},{"$f":"S24&T24&Table29[[#This Row],[Column22]]","v":""},{"$f":"IF(COUNTIF(V$2:V24,V24)=1,V24,\"\")","v":""},"","","","","","",null,"MD"]
[null,null,null,null,null,{"$f":"+IF(I25=\"\",\"\",MAX(F$1:F24)+1)","v":""},{"$f":"IF(Compliance_Options!B47=\"\",\"\",Compliance_Options!B47)","v":""},"",{"$f":"IF(COUNTIF(G$2:G25,G25)=1,G25,\"\")","v":""},null,{"$f":"+IF(N25=\"\",\"\",MAX(K$1:K24)+1)","v":""},{"$f":"IF(Deviation_w_Addon_CPMS1!C47=\"\",\"\",Deviation_w_Addon_CPMS1!C47)","v":""},"",{"$f":"IF(COUNTIF(L$2:L25,L25)=1,L25,\"\")","v":""},null,{"$f":"IF(COUNTIF(Company_Information!O24:O33,\"Yes\")>0,\"Yes\",\"No\")","v":"No"},null,{"$f":"+IF(W25=\"\",\"\",MAX(R$1:R24)+1)","v":""},{"$f":"IF(Compliance_Options!A47=\"\",\"\",Compliance_Options!A47)","v":""},{"$f":"IF(Compliance_Options!B47=\"\",\"\",Compliance_Options!B47)","v":""},{"$f":"IF(Compliance_Options!D47=\"\",\"\",Compliance_Options!D47)","v":""},{"$f":"S25&T25&Table29[[#This Row],[Column22]]","v":""},{"$f":"IF(COUNTIF(V$2:V25,V25)=1,V25,\"\")","v":""},"","","","","","",null,"ME"]
[null,null,null,null,null,{"$f":"+IF(I26=\"\",\"\",MAX(F$1:F25)+1)","v":""},{"$f":"IF(Compliance_Options!B48=\"\",\"\",Compliance_Options!B48)","v":""},"",{"$f":"IF(COUNTIF(G$2:G26,G26)=1,G26,\"\")","v":""},null,{"$f":"+IF(N26=\"\",\"\",MAX(K$1:K25)+1)","v":""},{"$f":"IF(Deviation_w_Addon_CPMS1!C48=\"\",\"\",Deviation_w_Addon_CPMS1!C48)","v":""},"",{"$f":"IF(COUNTIF(L$2:L26,L26)=1,L26,\"\")","v":""},null,null,null,{"$f":"+IF(W26=\"\",\"\",MAX(R$1:R25)+1)","v":""},{"$f":"IF(Compliance_Options!A48=\"\",\"\",Compliance_Options!A48)","v":""},{"$f":"IF(Compliance_Options!B48=\"\",\"\",Compliance_Options!B48)","v":""},{"$f":"IF(Compliance_Options!D48=\"\",\"\",Compliance_Options!D48)","v":""},{"$f":"S26&T26&Table29[[#This Row],[Column22]]","v":""},{"$f":"IF(COUNTIF(V$2:V26,V26)=1,V26,\"\")","v":""},"","","","","","",null,"MI"]
[null,null,null,null,null,{"$f":"+IF(I27=\"\",\"\",MAX(F$1:F26)+1)","v":""},{"$f":"IF(Compliance_Options!B49=\"\",\"\",Compliance_Options!B49)","v":""},"",{"$f":"IF(COUNTIF(G$2:G27,G27)=1,G27,\"\")","v":""},null,{"$f":"+IF(N27=\"\",\"\",MAX(K$1:K26)+1)","v":""},{"$f":"IF(Deviation_w_Addon_CPMS1!C49=\"\",\"\",Deviation_w_Addon_CPMS1!C49)","v":""},"",{"$f":"IF(COUNTIF(L$2:L27,L27)=1,L27,\"\")","v":""},null,"Operating Limits",null,{"$f":"+IF(W27=\"\",\"\",MAX(R$1:R26)+1)","v":""},{"$f":"IF(Compliance_Options!A49=\"\",\"\",Compliance_Options!A49)","v":""},{"$f":"IF(Compliance_Options!B49=\"\",\"\",Compliance_Options!B49)","v":""},{"$f":"IF(Compliance_Options!D49=\"\",\"\",Compliance_Options!D49)","v":""},{"$f":"S27&T27&Table29[[#This Row],[Column22]]","v":""},{"$f":"IF(COUNTIF(V$2:V27,V27)=1,V27,\"\")","v":""},"","","","","","",null,"MN"]
[null,null,null,null,null,{"$f":"+IF(I28=\"\",\"\",MAX(F$1:F27)+1)","v":""},{"$f":"IF(Compliance_Options!B50=\"\",\"\",Compliance_Options!B50)","v":""},"",{"$f":"IF(COUNTIF(G$2:G28,G28)=1,G28,\"\")","v":""},null,{"$f":"+IF(N28=\"\",\"\",MAX(K$1:K27)+1)","v":""},{"$f":"IF(Deviation_w_Addon_CPMS1!C50=\"\",\"\",Deviation_w_Addon_CPMS1!C50)","v":""},"",{"$f":"IF(COUNTIF(L$2:L28,L28)=1,L28,\"\")","v":""},null,"Bypass of Control Device",null,{"$f":"+IF(W28=\"\",\"\",MAX(R$1:R27)+1)","v":""},{"$f":"IF(Compliance_Options!A50=\"\",\"\",Compliance_Options!A50)","v":""},{"$f":"IF(Compliance_Options!B50=\"\",\"\",Compliance_Options!B50)","v":""},{"$f":"IF(Compliance_Options!D50=\"\",\"\",Compliance_Options!D50)","v":""},{"$f":"S28&T28&Table29[[#This Row],[Column22]]","v":""},{"$f":"IF(COUNTIF(V$2:V28,V28)=1,V28,\"\")","v":""},"","","","","","",null,"MO"]
[null,null,null,null,null,{"$f":"+IF(I29=\"\",\"\",MAX(F$1:F28)+1)","v":""},{"$f":"IF(Compliance_Options!B51=\"\",\"\",Compliance_Options!B51)","v":""},"",{"$f":"IF(COUNTIF(G$2:G29,G29)=1,G29,\"\")","v":""},null,{"$f":"+IF(N29=\"\",\"\",MAX(K$1:K28)+1)","v":""},{"$f":"IF(Deviation_w_Addon_CPMS1!C51=\"\",\"\",Deviation_w_Addon_CPMS1!C51)","v":""},"",{"$f":"IF(COUNTIF(L$2:L29,L29)=1,L29,\"\")","v":""},null,"Combustion Temperature",null,{"$f":"+IF(W29=\"\",\"\",MAX(R$1:R28)+1)","v":""},{"$f":"IF(Compliance_Options!A51=\"\",\"\",Compliance_Options!A51)","v":""},{"$f":"IF(Compliance_Options!B51=\"\",\"\",Compliance_Options!B51)","v":""},{"$f":"IF(Compliance_Options!D51=\"\",\"\",Compliance_Options!D51)","v":""},{"$f":"S29&T29&Table29[[#This Row],[Column22]]","v":""},{"$f":"IF(COUNTIF(V$2:V29,V29)=1,V29,\"\")","v":""},"","","","","","",null,"MP"]
[null,null,null,null,null,{"$f":"+IF(I30=\"\",\"\",MAX(F$1:F29)+1)","v":""},{"$f":"IF(Compliance_Options!B52=\"\",\"\",Compliance_Options!B52)","v":""},"",{"$f":"IF(COUNTIF(G$2:G30,G30)=1,G30,\"\")","v":""},null,{"$f":"+IF(N30=\"\",\"\",MAX(K$1:K29)+1)","v":""},{"$f":"IF(Deviation_w_Addon_CPMS1!C52=\"\",\"\",Deviation_w_Addon_CPMS1!C52)","v":""},"",{"$f":"IF(COUNTIF(L$2:L30,L30)=1,L30,\"\")","v":""},null,"Inlet to Catalyst Bed Temperature",null,{"$f":"+IF(W30=\"\",\"\",MAX(R$1:R29)+1)","v":""},{"$f":"IF(Compliance_Options!A52=\"\",\"\",Compliance_Options!A52)","v":""},{"$f":"IF(Compliance_Options!B52=\"\",\"\",Compliance_Options!B52)","v":""},{"$f":"IF(Compliance_Options!D52=\"\",\"\",Compliance_Options!D52)","v":""},{"$f":"S30&T30&Table29[[#This Row],[Column22]]","v":""},{"$f":"IF(COUNTIF(V$2:V30,V30)=1,V30,\"\")","v":""},"","","","","","",null,"MS"]
[null,null,null,null,null,{"$f":"+IF(I31=\"\",\"\",MAX(F$1:F30)+1)","v":""},{"$f":"IF(Compliance_Options!B53=\"\",\"\",Compliance_Options!B53)","v":""},"",{"$f":"IF(COUNTIF(G$2:G31,G31)=1,G31,\"\")","v":""},null,{"$f":"+IF(N31=\"\",\"\",MAX(K$1:K30)+1)","v":""},{"$f":"IF(Deviation_w_Addon_CPMS1!C53=\"\",\"\",Deviation_w_Addon_CPMS1!C53)","v":""},"",{"$f":"IF(COUNTIF(L$2:L31,L31)=1,L31,\"\")","v":""},null,"Temperature Difference Across Catalyst Bed",null,{"$f":"+IF(W31=\"\",\"\",MAX(R$1:R30)+1)","v":""},{"$f":"IF(Compliance_Options!A53=\"\",\"\",Compliance_Options!A53)","v":""},{"$f":"IF(Compliance_Options!B53=\"\",\"\",Compliance_Options!B53)","v":""},{"$f":"IF(Compliance_Options!D53=\"\",\"\",Compliance_Options!D53)","v":""},{"$f":"S31&T31&Table29[[#This Row],[Column22]]","v":""},{"$f":"IF(COUNTIF(V$2:V31,V31)=1,V31,\"\")","v":""},"","","","","","",null,"MT"]
[null,null,null,null,null,{"$f":"+IF(I32=\"\",\"\",MAX(F$1:F31)+1)","v":""},{"$f":"IF(Compliance_Options!B54=\"\",\"\",Compliance_Options!B54)","v":""},"",{"$f":"IF(COUNTIF(G$2:G32,G32)=1,G32,\"\")","v":""},null,{"$f":"+IF(N32=\"\",\"\",MAX(K$1:K31)+1)","v":""},{"$f":"IF(Deviation_w_Addon_CPMS1!C54=\"\",\"\",Deviation_w_Addon_CPMS1!C54)","v":""},"",{"$f":"IF(COUNTIF(L$2:L32,L32)=1,L32,\"\")","v":""},null,"Inspection and Maintenance Plan",null,{"$f":"+IF(W32=\"\",\"\",MAX(R$1:R31)+1)","v":""},{"$f":"IF(Compliance_Options!A54=\"\",\"\",Compliance_Options!A54)","v":""},{"$f":"IF(Compliance_Options!B54=\"\",\"\",Compliance_Options!B54)","v":""},{"$f":"IF(Compliance_Options!D54=\"\",\"\",Compliance_Options!D54)","v":""},{"$f":"S32&T32&Table29[[#This Row],[Column22]]","v":""},{"$f":"IF(COUNTIF(V$2:V32,V32)=1,V32,\"\")","v":""},"","","","","","",null,"NC"]
[null,null,null,null,null,{"$f":"+IF(I33=\"\",\"\",MAX(F$1:F32)+1)","v":""},{"$f":"IF(Compliance_Options!B55=\"\",\"\",Compliance_Options!B55)","v":""},"",{"$f":"IF(COUNTIF(G$2:G33,G33)=1,G33,\"\")","v":""},null,{"$f":"+IF(N33=\"\",\"\",MAX(K$1:K32)+1)","v":""},{"$f":"IF(Deviation_w_Addon_CPMS1!C55=\"\",\"\",Deviation_w_Addon_CPMS1!C55)","v":""},"",{"$f":"IF(COUNTIF(L$2:L33,L33)=1,L33,\"\")","v":""},null,"Monitoring According to Monitoring Plan",null,{"$f":"+IF(W33=\"\",\"\",MAX(R$1:R32)+1)","v":""},{"$f":"IF(Compliance_Options!A55=\"\",\"\",Compliance_Options!A55)","v":""},{"$f":"IF(Compliance_Options!B55=\"\",\"\",Compliance_Options!B55)","v":""},{"$f":"IF(Compliance_Options!D55=\"\",\"\",Compliance_Options!D55)","v":""},{"$f":"S33&T33&Table29[[#This Row],[Column22]]","v":""},{"$f":"IF(COUNTIF(V$2:V33,V33)=1,V33,\"\")","v":""},"","","","","","",null,"ND"]
[null,null,null,null,null,{"$f":"+IF(I34=\"\",\"\",MAX(F$1:F33)+1)","v":""},{"$f":"IF(Compliance_Options!B56=\"\",\"\",Compliance_Options!B56)","v":""},"",{"$f":"IF(COUNTIF(G$2:G34,G34)=1,G34,\"\")","v":""},null,{"$f":"+IF(N34=\"\",\"\",MAX(K$1:K33)+1)","v":""},{"$f":"IF(Deviation_w_Addon_CPMS1!C56=\"\",\"\",Deviation_w_Addon_CPMS1!C56)","v":""},"",{"$f":"IF(COUNTIF(L$2:L34,L34)=1,L34,\"\")","v":""},null,null,null,{"$f":"+IF(W34=\"\",\"\",MAX(R$1:R33)+1)","v":""},{"$f":"IF(Compliance_Options!A56=\"\",\"\",Compliance_Options!A56)","v":""},{"$f":"IF(Compliance_Options!B56=\"\",\"\",Compliance_Options!B56)","v":""},{"$f":"IF(Compliance_Options!D56=\"\",\"\",Compliance_Options!D56)","v":""},{"$f":"S34&T34&Table29[[#This Row],[Column22]]","v":""},{"$f":"IF(COUNTIF(V$2:V34,V34)=1,V34,\"\")","v":""},"","","","","","",null,"NE"]
[null,null,null,null,null,{"$f":"+IF(I35=\"\",\"\",MAX(F$1:F34)+1)","v":""},{"$f":"IF(Compliance_Options!B57=\"\",\"\",Compliance_Options!B57)","v":""},"",{"$f":"IF(COUNTIF(G$2:G35,G35)=1,G35,\"\")","v":""},null,{"$f":"+IF(N35=\"\",\"\",MAX(K$1:K34)+1)","v":""},{"$f":"IF(Deviation_w_Addon_CPMS1!C57=\"\",\"\",Deviation_w_Addon_CPMS1!C57)","v":""},"",{"$f":"IF(COUNTIF(L$2:L35,L35)=1,L35,\"\")","v":""},null,"Emission Limits with addon",null,{"$f":"+IF(W35=\"\",\"\",MAX(R$1:R34)+1)","v":""},{"$f":"IF(Compliance_Options!A57=\"\",\"\",Compliance_Options!A57)","v":""},{"$f":"IF(Compliance_Options!B57=\"\",\"\",Compliance_Options!B57)","v":""},{"$f":"IF(Compliance_Options!D57=\"\",\"\",Compliance_Options!D57)","v":""},{"$f":"S35&T35&Table29[[#This Row],[Column22]]","v":""},{"$f":"IF(COUNTIF(V$2:V35,V35)=1,V35,\"\")","v":""},"","","","","","",null,"NH"]
[null,null,null,null,null,{"$f":"+IF(I36=\"\",\"\",MAX(F$1:F35)+1)","v":""},{"$f":"IF(Compliance_Options!B58=\"\",\"\",Compliance_Options!B58)","v":""},"",{"$f":"IF(COUNTIF(G$2:G36,G36)=1,G36,\"\")","v":""},null,{"$f":"+IF(N36=\"\",\"\",MAX(K$1:K35)+1)","v":""},{"$f":"IF(Deviation_w_Addon_CPMS1!C58=\"\",\"\",Deviation_w_Addon_CPMS1!C58)","v":""},"",{"$f":"IF(COUNTIF(L$2:L36,L36)=1,L36,\"\")","v":""},null,"98% Organic HAP Removal Efficiency",null,{"$f":"+IF(W36=\"\",\"\",MAX(R$1:R35)+1)","v":""},{"$f":"IF(Compliance_Options!A58=\"\",\"\",Compliance_Options!A58)","v":""},{"$f":"IF(Compliance_Options!B58=\"\",\"\",Compliance_Options!B58)","v":""},{"$f":"IF(Compliance_Options!D58=\"\",\"\",Compliance_Options!D58)","v":""},{"$f":"S36&T36&Table29[[#This Row],[Column22]]","v":""},{"$f":"IF(COUNTIF(V$2:V36,V36)=1,V36,\"\")","v":""},"","","","","","",null,"NJ"]
[null,null,null,null,null,{"$f":"+IF(I37=\"\",\"\",MAX(F$1:F36)+1)","v":""},{"$f":"IF(Compliance_Options!B59=\"\",\"\",Compliance_Options!B59)","v":""},"",{"$f":"IF(COUNTIF(G$2:G37,G37)=1,G37,\"\")","v":""},null,{"$f":"+IF(N37=\"\",\"\",MAX(K$1:K36)+1)","v":""},{"$f":"IF(Deviation_w_Addon_CPMS1!C59=\"\",\"\",Deviation_w_Addon_CPMS1!C59)","v":""},"",{"$f":"IF(COUNTIF(L$2:L37,L37)=1,L37,\"\")","v":""},null,"Organic HAP Emissions No More Than 0.08 kg/kg Solids Applied",null,{"$f":"+IF(W37=\"\",\"\",MAX(R$1:R36)+1)","v":""},{"$f":"IF(Compliance_Options!A59=\"\",\"\",Compliance_Options!A59)","v":""},{"$f":"IF(Compliance_Options!B59=\"\",\"\",Compliance_Options!B59)","v":""},{"$f":"IF(Compliance_Options!D59=\"\",\"\",Compliance_Options!D59)","v":""},{"$f":"S37&T37&Table29[[#This Row],[Column22]]","v":""},{"$f":"IF(COUNTIF(V$2:V37,V37)=1,V37,\"\")","v":""},"","","","","","",null,"NM"]
[null,null,null,null,null,{"$f":"+IF(I38=\"\",\"\",MAX(F$1:F37)+1)","v":""},{"$f":"IF(Compliance_Options!B60=\"\",\"\",Compliance_Options!B60)","v":""},"",{"$f":"IF(COUNTIF(G$2:G38,G38)=1,G38,\"\")","v":""},null,{"$f":"+IF(N38=\"\",\"\",MAX(K$1:K37)+1)","v":""},{"$f":"IF(Deviation_w_Addon_CPMS1!C60=\"\",\"\",Deviation_w_Addon_CPMS1!C60)","v":""},"",{"$f":"IF(COUNTIF(L$2:L38,L38)=1,L38,\"\")","v":""},null,"Organic HAP Emissions No More Than 20 ppmvd and 100% Capture Efficiency",null,{"$f":"+IF(W38=\"\",\"\",MAX(R$1:R37)+1)","v":""},{"$f":"IF(Compliance_Options!A60=\"\",\"\",Compliance_Options!A60)","v":""},{"$f":"IF(Compliance_Options!B60=\"\",\"\",Compliance_Options!B60)","v":""},{"$f":"IF(Compliance_Options!D60=\"\",\"\",Compliance_Options!D60)","v":""},{"$f":"S38&T38&Table29[[#This Row],[Column22]]","v":""},{"$f":"IF(COUNTIF(V$2:V38,V38)=1,V38,\"\")","v":""},"","","","","","",null,"NV"]
[null,null,null,null,null,{"$f":"+IF(I39=\"\",\"\",MAX(F$1:F38)+1)","v":""},{"$f":"IF(Compliance_Options!B61=\"\",\"\",Compliance_Options!B61)","v":""},"",{"$f":"IF(COUNTIF(G$2:G39,G39)=1,G39,\"\")","v":""},null,{"$f":"+IF(N39=\"\",\"\",MAX(K$1:K38)+1)","v":""},{"$f":"IF(Deviation_w_Addon_CPMS1!C61=\"\",\"\",Deviation_w_Addon_CPMS1!C61)","v":""},"",{"$f":"IF(COUNTIF(L$2:L39,L39)=1,L39,\"\")","v":""},null,"97% Organic HAP Removal Efficiency",null,{"$f":"+IF(W39=\"\",\"\",MAX(R$1:R38)+1)","v":""},{"$f":"IF(Compliance_Options!A61=\"\",\"\",Compliance_Options!A61)","v":""},{"$f":"IF(Compliance_Options!B61=\"\",\"\",Compliance_Options!B61)","v":""},{"$f":"IF(Compliance_Options!D61=\"\",\"\",Compliance_Options!D61)","v":""},{"$f":"S39&T39&Table29[[#This Row],[Column22]]","v":""},{"$f":"IF(COUNTIF(V$2:V39,V39)=1,V39,\"\")","v":""},"","","","","","",null,"NY"]
[null,null,null,null,null,{"$f":"+IF(I40=\"\",\"\",MAX(F$1:F39)+1)","v":""},{"$f":"IF(Compliance_Options!B62=\"\",\"\",Compliance_Options!B62)","v":""},"",{"$f":"IF(COUNTIF(G$2:G40,G40)=1,G40,\"\")","v":""},null,{"$f":"+IF(N40=\"\",\"\",MAX(K$1:K39)+1)","v":""},{"$f":"IF(Deviation_w_Addon_CPMS1!C62=\"\",\"\",Deviation_w_Addon_CPMS1!C62)","v":""},"",{"$f":"IF(COUNTIF(L$2:L40,L40)=1,L40,\"\")","v":""},null,"Organic HAP Emissions No More Than 0.12 kg/kg Solids Applied",null,{"$f":"+IF(W40=\"\",\"\",MAX(R$1:R39)+1)","v":""},{"$f":"IF(Compliance_Options!A62=\"\",\"\",Compliance_Options!A62)","v":""},{"$f":"IF(Compliance_Options!B62=\"\",\"\",Compliance_Options!B62)","v":""},{"$f":"IF(Compliance_Options!D62=\"\",\"\",Compliance_Options!D62)","v":""},{"$f":"S40&T40&Table29[[#This Row],[Column22]]","v":""},{"$f":"IF(COUNTIF(V$2:V40,V40)=1,V40,\"\")","v":""},"","","","","","",null,"OH"]
[null,null,null,null,null,{"$f":"+IF(I41=\"\",\"\",MAX(F$1:F40)+1)","v":""},{"$f":"IF(Compliance_Options!B63=\"\",\"\",Compliance_Options!B63)","v":""},"",{"$f":"IF(COUNTIF(G$2:G41,G41)=1,G41,\"\")","v":""},null,{"$f":"+IF(N41=\"\",\"\",MAX(K$1:K40)+1)","v":""},{"$f":"IF(Deviation_w_Addon_CPMS1!C63=\"\",\"\",Deviation_w_Addon_CPMS1!C63)","v":""},"",{"$f":"IF(COUNTIF(L$2:L41,L41)=1,L41,\"\")","v":""},null,"Organic HAP Emissions No More Than 0.16 kg/kg Dyeing Material",null,{"$f":"+IF(W41=\"\",\"\",MAX(R$1:R40)+1)","v":""},{"$f":"IF(Compliance_Options!A63=\"\",\"\",Compliance_Options!A63)","v":""},{"$f":"IF(Compliance_Options!B63=\"\",\"\",Compliance_Options!B63)","v":""},{"$f":"IF(Compliance_Options!D63=\"\",\"\",Compliance_Options!D63)","v":""},{"$f":"S41&T41&Table29[[#This Row],[Column22]]","v":""},{"$f":"IF(COUNTIF(V$2:V41,V41)=1,V41,\"\")","v":""},"","","","","","",null,"OK"]
[null,null,null,null,null,{"$f":"+IF(I42=\"\",\"\",MAX(F$1:F41)+1)","v":""},{"$f":"IF(Compliance_Options!B64=\"\",\"\",Compliance_Options!B64)","v":""},"",{"$f":"IF(COUNTIF(G$2:G42,G42)=1,G42,\"\")","v":""},null,{"$f":"+IF(N42=\"\",\"\",MAX(K$1:K41)+1)","v":""},{"$f":"IF(Deviation_w_Addon_CPMS1!C64=\"\",\"\",Deviation_w_Addon_CPMS1!C64)","v":""},"",{"$f":"IF(COUNTIF(L$2:L42,L42)=1,L42,\"\")","v":""},null,"Organic HAP Emissions No More Than 0.0003 kg/kg Finishing Material",null,{"$f":"+IF(W42=\"\",\"\",MAX(R$1:R41)+1)","v":""},{"$f":"IF(Compliance_Options!A64=\"\",\"\",Compliance_Options!A64)","v":""},{"$f":"IF(Compliance_Options!B64=\"\",\"\",Compliance_Options!B64)","v":""},{"$f":"IF(Compliance_Options!D64=\"\",\"\",Compliance_Options!D64)","v":""},{"$f":"S42&T42&Table29[[#This Row],[Column22]]","v":""},{"$f":"IF(COUNTIF(V$2:V42,V42)=1,V42,\"\")","v":""},"","","","","","",null,"OR"]
[null,null,null,null,null,{"$f":"+IF(I43=\"\",\"\",MAX(F$1:F42)+1)","v":""},{"$f":"IF(Compliance_Options!B65=\"\",\"\",Compliance_Options!B65)","v":""},"",{"$f":"IF(COUNTIF(G$2:G43,G43)=1,G43,\"\")","v":""},null,{"$f":"+IF(N43=\"\",\"\",MAX(K$1:K42)+1)","v":""},{"$f":"IF(Deviation_w_Addon_CPMS1!C65=\"\",\"\",Deviation_w_Addon_CPMS1!C65)","v":""},"",{"$f":"IF(COUNTIF(L$2:L43,L43)=1,L43,\"\")","v":""},null,"Organic HAP Emissions No More Than Zero kg/kg Slashing Material",null,{"$f":"+IF(W43=\"\",\"\",MAX(R$1:R42)+1)","v":""},{"$f":"IF(Compliance_Options!A65=\"\",\"\",Compliance_Options!A65)","v":""},{"$f":"IF(Compliance_Options!B65=\"\",\"\",Compliance_Options!B65)","v":""},{"$f":"IF(Compliance_Options!D65=\"\",\"\",Compliance_Options!D65)","v":""},{"$f":"S43&T43&Table29[[#This Row],[Column22]]","v":""},{"$f":"IF(COUNTIF(V$2:V43,V43)=1,V43,\"\")","v":""},"","","","","","",null,"PA"]
[null,null,null,null,null,{"$f":"+IF(I44=\"\",\"\",MAX(F$1:F43)+1)","v":""},{"$f":"IF(Compliance_Options!B66=\"\",\"\",Compliance_Options!B66)","v":""},"",{"$f":"IF(COUNTIF(G$2:G44,G44)=1,G44,\"\")","v":""},null,{"$f":"+IF(N44=\"\",\"\",MAX(K$1:K43)+1)","v":""},{"$f":"IF(Deviation_w_Addon_CPMS1!C66=\"\",\"\",Deviation_w_Addon_CPMS1!C66)","v":""},"",{"$f":"IF(COUNTIF(L$2:L44,L44)=1,L44,\"\")","v":""},null,null,null,{"$f":"+IF(W44=\"\",\"\",MAX(R$1:R43)+1)","v":""},{"$f":"IF(Compliance_Options!A66=\"\",\"\",Compliance_Options!A66)","v":""},{"$f":"IF(Compliance_Options!B66=\"\",\"\",Compliance_Options!B66)","v":""},{"$f":"IF(Compliance_Options!D66=\"\",\"\",Compliance_Options!D66)","v":""},{"$f":"S44&T44&Table29[[#This Row],[Column22]]","v":""},{"$f":"IF(COUNTIF(V$2:V44,V44)=1,V44,\"\")","v":""},"","","","","","",null,"PR"]
[null,null,null,null,null,{"$f":"+IF(I45=\"\",\"\",MAX(F$1:F44)+1)","v":""},{"$f":"IF(Compliance_Options!B67=\"\",\"\",Compliance_Options!B67)","v":""},"",{"$f":"IF(COUNTIF(G$2:G45,G45)=1,G45,\"\")","v":""},null,{"$f":"+IF(N45=\"\",\"\",MAX(K$1:K44)+1)","v":""},{"$f":"IF(Deviation_w_Addon_CPMS1!C67=\"\",\"\",Deviation_w_Addon_CPMS1!C67)","v":""},"",{"$f":"IF(COUNTIF(L$2:L45,L45)=1,L45,\"\")","v":""},null,"CMSCauseList",null,{"$f":"+IF(W45=\"\",\"\",MAX(R$1:R44)+1)","v":""},{"$f":"IF(Compliance_Options!A67=\"\",\"\",Compliance_Options!A67)","v":""},{"$f":"IF(Compliance_Options!B67=\"\",\"\",Compliance_Options!B67)","v":""},{"$f":"IF(Compliance_Options!D67=\"\",\"\",Compliance_Options!D67)","v":""},{"$f":"S45&T45&Table29[[#This Row],[Column22]]","v":""},{"$f":"IF(COUNTIF(V$2:V45,V45)=1,V45,\"\")","v":""},"","","","","","",null,"RI"]
[null,null,null,null,null,{"$f":"+IF(I46=\"\",\"\",MAX(F$1:F45)+1)","v":""},{"$f":"IF(Compliance_Options!B68=\"\",\"\",Compliance_Options!B68)","v":""},"",{"$f":"IF(COUNTIF(G$2:G46,G46)=1,G46,\"\")","v":""},null,{"$f":"+IF(N46=\"\",\"\",MAX(K$1:K45)+1)","v":""},{"$f":"IF(Deviation_w_Addon_CPMS1!C68=\"\",\"\",Deviation_w_Addon_CPMS1!C68)","v":""},"",{"$f":"IF(COUNTIF(L$2:L46,L46)=1,L46,\"\")","v":""},null,"Monitoring Equipment Malfunctions",null,{"$f":"+IF(W46=\"\",\"\",MAX(R$1:R45)+1)","v":""},{"$f":"IF(Compliance_Options!A68=\"\",\"\",Compliance_Options!A68)","v":""},{"$f":"IF(Compliance_Options!B68=\"\",\"\",Compliance_Options!B68)","v":""},{"$f":"IF(Compliance_Options!D68=\"\",\"\",Compliance_Options!D68)","v":""},{"$f":"S46&T46&Table29[[#This Row],[Column22]]","v":""},{"$f":"IF(COUNTIF(V$2:V46,V46)=1,V46,\"\")","v":""},"","","","","","",null,"SC"]
[null,null,null,null,null,{"$f":"+IF(I47=\"\",\"\",MAX(F$1:F46)+1)","v":""},{"$f":"IF(Compliance_Options!B69=\"\",\"\",Compliance_Options!B69)","v":""},"",{"$f":"IF(COUNTIF(G$2:G47,G47)=1,G47,\"\")","v":""},null,{"$f":"+IF(N47=\"\",\"\",MAX(K$1:K46)+1)","v":""},{"$f":"IF(Deviation_w_Addon_CPMS1!C69=\"\",\"\",Deviation_w_Addon_CPMS1!C69)","v":""},"",{"$f":"IF(COUNTIF(L$2:L47,L47)=1,L47,\"\")","v":""},null,"Nonmonitoring Equipment Malfunctions",null,{"$f":"+IF(W47=\"\",\"\",MAX(R$1:R46)+1)","v":""},{"$f":"IF(Compliance_Options!A69=\"\",\"\",Compliance_Options!A69)","v":""},{"$f":"IF(Compliance_Options!B69=\"\",\"\",Compliance_Options!B69)","v":""},{"$f":"IF(Compliance_Options!D69=\"\",\"\",Compliance_Options!D69)","v":""},{"$f":"S47&T47&Table29[[#This Row],[Column22]]","v":""},{"$f":"IF(COUNTIF(V$2:V47,V47)=1,V47,\"\")","v":""},"","","","","","",null,"SD"]
[null,null,null,null,null,{"$f":"+IF(I48=\"\",\"\",MAX(F$1:F47)+1)","v":""},{"$f":"IF(Compliance_Options!B70=\"\",\"\",Compliance_Options!B70)","v":""},"",{"$f":"IF(COUNTIF(G$2:G48,G48)=1,G48,\"\")","v":""},null,{"$f":"+IF(N48=\"\",\"\",MAX(K$1:K47)+1)","v":""},{"$f":"IF(Deviation_w_Addon_CPMS1!C70=\"\",\"\",Deviation_w_Addon_CPMS1!C70)","v":""},"",{"$f":"IF(COUNTIF(L$2:L48,L48)=1,L48,\"\")","v":""},null,"Quality Assurance/Quality Control Calibrations",null,{"$f":"+IF(W48=\"\",\"\",MAX(R$1:R47)+1)","v":""},{"$f":"IF(Compliance_Options!A70=\"\",\"\",Compliance_Options!A70)","v":""},{"$f":"IF(Compliance_Options!B70=\"\",\"\",Compliance_Options!B70)","v":""},{"$f":"IF(Compliance_Options!D70=\"\",\"\",Compliance_Options!D70)","v":""},{"$f":"S48&T48&Table29[[#This Row],[Column22]]","v":""},{"$f":"IF(COUNTIF(V$2:V48,V48)=1,V48,\"\")","v":""},"","","","","","",null,"TN"]
[null,null,null,null,null,{"$f":"+IF(I49=\"\",\"\",MAX(F$1:F48)+1)","v":""},{"$f":"IF(Compliance_Options!B71=\"\",\"\",Compliance_Options!B71)","v":""},"",{"$f":"IF(COUNTIF(G$2:G49,G49)=1,G49,\"\")","v":""},null,{"$f":"+IF(N49=\"\",\"\",MAX(K$1:K48)+1)","v":""},{"$f":"IF(Deviation_w_Addon_CPMS1!C71=\"\",\"\",Deviation_w_Addon_CPMS1!C71)","v":""},"",{"$f":"IF(COUNTIF(L$2:L49,L49)=1,L49,\"\")","v":""},null,"Other Known Causes",null,{"$f":"+IF(W49=\"\",\"\",MAX(R$1:R48)+1)","v":""},{"$f":"IF(Compliance_Options!A71=\"\",\"\",Compliance_Options!A71)","v":""},{"$f":"IF(Compliance_Options!B71=\"\",\"\",Compliance_Options!B71)","v":""},{"$f":"IF(Compliance_Options!D71=\"\",\"\",Compliance_Options!D71)","v":""},{"$f":"S49&T49&Table29[[#This Row],[Column22]]","v":""},{"$f":"IF(COUNTIF(V$2:V49,V49)=1,V49,\"\")","v":""},"","","","","","",null,"TX"]
[null,null,null,null,null,{"$f":"+IF(I50=\"\",\"\",MAX(F$1:F49)+1)","v":""},{"$f":"IF(Compliance_Options!B72=\"\",\"\",Compliance_Options!B72)","v":""},"",{"$f":"IF(COUNTIF(G$2:G50,G50)=1,G50,\"\")","v":""},null,{"$f":"+IF(N50=\"\",\"\",MAX(K$1:K49)+1)","v":""},{"$f":"IF(Deviation_w_Addon_CPMS1!C72=\"\",\"\",Deviation_w_Addon_CPMS1!C72)","v":""},"",{"$f":"IF(COUNTIF(L$2:L50,L50)=1,L50,\"\")","v":""},null,"Other Unknown Causes",null,{"$f":"+IF(W50=\"\",\"\",MAX(R$1:R49)+1)","v":""},{"$f":"IF(Compliance_Options!A72=\"\",\"\",Compliance_Options!A72)","v":""},{"$f":"IF(Compliance_Options!B72=\"\",\"\",Compliance_Options!B72)","v":""},{"$f":"IF(Compliance_Options!D72=\"\",\"\",Compliance_Options!D72)","v":""},{"$f":"S50&T50&Table29[[#This Row],[Column22]]","v":""},{"$f":"IF(COUNTIF(V$2:V50,V50)=1,V50,\"\")","v":""},"","","","","","",null,"UT"]
[null,null,null,null,null,{"$f":"+IF(I51=\"\",\"\",MAX(F$1:F50)+1)","v":""},{"$f":"IF(Compliance_Options!B73=\"\",\"\",Compliance_Options!B73)","v":""},"",{"$f":"IF(COUNTIF(G$2:G51,G51)=1,G51,\"\")","v":""},null,{"$f":"+IF(N51=\"\",\"\",MAX(K$1:K50)+1)","v":""},{"$f":"IF(Deviation_w_Addon_CPMS1!C73=\"\",\"\",Deviation_w_Addon_CPMS1!C73)","v":""},"",{"$f":"IF(COUNTIF(L$2:L51,L51)=1,L51,\"\")","v":""},null,null,null,{"$f":"+IF(W51=\"\",\"\",MAX(R$1:R50)+1)","v":""},{"$f":"IF(Compliance_Options!A73=\"\",\"\",Compliance_Options!A73)","v":""},{"$f":"IF(Compliance_Options!B73=\"\",\"\",Compliance_Options!B73)","v":""},{"$f":"IF(Compliance_Options!D73=\"\",\"\",Compliance_Options!D73)","v":""},{"$f":"S51&T51&Table29[[#This Row],[Column22]]","v":""},{"$f":"IF(COUNTIF(V$2:V51,V51)=1,V51,\"\")","v":""},"","","","","","",null,"VA"]
[null,null,null,null,null,{"$f":"+IF(I52=\"\",\"\",MAX(F$1:F51)+1)","v":""},{"$f":"IF(Compliance_Options!B74=\"\",\"\",Compliance_Options!B74)","v":""},"",{"$f":"IF(COUNTIF(G$2:G52,G52)=1,G52,\"\")","v":""},null,{"$f":"+IF(N52=\"\",\"\",MAX(K$1:K51)+1)","v":""},{"$f":"IF(Deviation_w_Addon_CPMS1!C74=\"\",\"\",Deviation_w_Addon_CPMS1!C74)","v":""},"",{"$f":"IF(COUNTIF(L$2:L52,L52)=1,L52,\"\")","v":""},null,null,null,{"$f":"+IF(W52=\"\",\"\",MAX(R$1:R51)+1)","v":""},{"$f":"IF(Compliance_Options!A74=\"\",\"\",Compliance_Options!A74)","v":""},{"$f":"IF(Compliance_Options!B74=\"\",\"\",Compliance_Options!B74)","v":""},{"$f":"IF(Compliance_Options!D74=\"\",\"\",Compliance_Options!D74)","v":""},{"$f":"S52&T52&Table29[[#This Row],[Column22]]","v":""},{"$f":"IF(COUNTIF(V$2:V52,V52)=1,V52,\"\")","v":""},"","","","","","",null,"VI"]
[null,null,null,null,null,{"$f":"+IF(I53=\"\",\"\",MAX(F$1:F52)+1)","v":""},{"$f":"IF(Compliance_Options!B75=\"\",\"\",Compliance_Options!B75)","v":""},"",{"$f":"IF(COUNTIF(G$2:G53,G53)=1,G53,\"\")","v":""},null,{"$f":"+IF(N53=\"\",\"\",MAX(K$1:K52)+1)","v":""},{"$f":"IF(Deviation_w_Addon_CPMS1!C75=\"\",\"\",Deviation_w_Addon_CPMS1!C75)","v":""},"",{"$f":"IF(COUNTIF(L$2:L53,L53)=1,L53,\"\")","v":""},null,null,null,{"$f":"+IF(W53=\"\",\"\",MAX(R$1:R52)+1)","v":""},{"$f":"IF(Compliance_Options!A75=\"\",\"\",Compliance_Options!A75)","v":""},{"$f":"IF(Compliance_Options!B75=\"\",\"\",Compliance_Options!B75)","v":""},{"$f":"IF(Compliance_Options!D75=\"\",\"\",Compliance_Options!D75)","v":""},{"$f":"S53&T53&Table29[[#This Row],[Column22]]","v":""},{"$f":"IF(COUNTIF(V$2:V53,V53)=1,V53,\"\")","v":""},"","","","","","",null,"VT"]
[null,null,null,null,null,{"$f":"+IF(I54=\"\",\"\",MAX(F$1:F53)+1)","v":""},{"$f":"IF(Compliance_Options!B76=\"\",\"\",Compliance_Options!B76)","v":""},"",{"$f":"IF(COUNTIF(G$2:G54,G54)=1,G54,\"\")","v":""},null,{"$f":"+IF(N54=\"\",\"\",MAX(K$1:K53)+1)","v":""},{"$f":"IF(Deviation_w_Addon_CPMS1!C76=\"\",\"\",Deviation_w_Addon_CPMS1!C76)","v":""},"",{"$f":"IF(COUNTIF(L$2:L54,L54)=1,L54,\"\")","v":""},null,null,null,{"$f":"+IF(W54=\"\",\"\",MAX(R$1:R53)+1)","v":""},{"$f":"IF(Compliance_Options!A76=\"\",\"\",Compliance_Options!A76)","v":""},{"$f":"IF(Compliance_Options!B76=\"\",\"\",Compliance_Options!B76)","v":""},{"$f":"IF(Compliance_Options!D76=\"\",\"\",Compliance_Options!D76)","v":""},{"$f":"S54&T54&Table29[[#This Row],[Column22]]","v":""},{"$f":"IF(COUNTIF(V$2:V54,V54)=1,V54,\"\")","v":""},"","","","","","",null,"WA"]
[null,null,null,null,null,{"$f":"+IF(I55=\"\",\"\",MAX(F$1:F54)+1)","v":""},{"$f":"IF(Compliance_Options!B77=\"\",\"\",Compliance_Options!B77)","v":""},"",{"$f":"IF(COUNTIF(G$2:G55,G55)=1,G55,\"\")","v":""},null,{"$f":"+IF(N55=\"\",\"\",MAX(K$1:K54)+1)","v":""},{"$f":"IF(Deviation_w_Addon_CPMS1!C77=\"\",\"\",Deviation_w_Addon_CPMS1!C77)","v":""},"",{"$f":"IF(COUNTIF(L$2:L55,L55)=1,L55,\"\")","v":""},null,null,null,{"$f":"+IF(W55=\"\",\"\",MAX(R$1:R54)+1)","v":""},{"$f":"IF(Compliance_Options!A77=\"\",\"\",Compliance_Options!A77)","v":""},{"$f":"IF(Compliance_Options!B77=\"\",\"\",Compliance_Options!B77)","v":""},{"$f":"IF(Compliance_Options!D77=\"\",\"\",Compliance_Options!D77)","v":""},{"$f":"S55&T55&Table29[[#This Row],[Column22]]","v":""},{"$f":"IF(COUNTIF(V$2:V55,V55)=1,V55,\"\")","v":""},"","","","","","",null,"WI"]
[null,null,null,null,null,{"$f":"+IF(I56=\"\",\"\",MAX(F$1:F55)+1)","v":""},{"$f":"IF(Compliance_Options!B78=\"\",\"\",Compliance_Options!B78)","v":""},"",{"$f":"IF(COUNTIF(G$2:G56,G56)=1,G56,\"\")","v":""},null,{"$f":"+IF(N56=\"\",\"\",MAX(K$1:K55)+1)","v":""},{"$f":"IF(Deviation_w_Addon_CPMS1!C78=\"\",\"\",Deviation_w_Addon_CPMS1!C78)","v":""},"",{"$f":"IF(COUNTIF(L$2:L56,L56)=1,L56,\"\")","v":""},null,null,null,{"$f":"+IF(W56=\"\",\"\",MAX(R$1:R55)+1)","v":""},{"$f":"IF(Compliance_Options!A78=\"\",\"\",Compliance_Options!A78)","v":""},{"$f":"IF(Compliance_Options!B78=\"\",\"\",Compliance_Options!B78)","v":""},{"$f":"IF(Compliance_Options!D78=\"\",\"\",Compliance_Options!D78)","v":""},{"$f":"S56&T56&Table29[[#This Row],[Column22]]","v":""},{"$f":"IF(COUNTIF(V$2:V56,V56)=1,V56,\"\")","v":""},"","","","","","",null,"WV"]
[null,null,null,null,null,{"$f":"+IF(I57=\"\",\"\",MAX(F$1:F56)+1)","v":""},{"$f":"IF(Compliance_Options!B79=\"\",\"\",Compliance_Options!B79)","v":""},"",{"$f":"IF(COUNTIF(G$2:G57,G57)=1,G57,\"\")","v":""},null,{"$f":"+IF(N57=\"\",\"\",MAX(K$1:K56)+1)","v":""},{"$f":"IF(Deviation_w_Addon_CPMS1!C79=\"\",\"\",Deviation_w_Addon_CPMS1!C79)","v":""},"",{"$f":"IF(COUNTIF(L$2:L57,L57)=1,L57,\"\")","v":""},null,null,null,{"$f":"+IF(W57=\"\",\"\",MAX(R$1:R56)+1)","v":""},{"$f":"IF(Compliance_Options!A79=\"\",\"\",Compliance_Options!A79)","v":""},{"$f":"IF(Compliance_Options!B79=\"\",\"\",Compliance_Options!B79)","v":""},{"$f":"IF(Compliance_Options!D79=\"\",\"\",Compliance_Options!D79)","v":""},{"$f":"S57&T57&Table29[[#This Row],[Column22]]","v":""},{"$f":"IF(COUNTIF(V$2:V57,V57)=1,V57,\"\")","v":""},"","","","","","",null,"WY"]
[null,null,null,null,null,{"$f":"+IF(I58=\"\",\"\",MAX(F$1:F57)+1)","v":""},{"$f":"IF(Compliance_Options!B80=\"\",\"\",Compliance_Options!B80)","v":""},"",{"$f":"IF(COUNTIF(G$2:G58,G58)=1,G58,\"\")","v":""},null,{"$f":"+IF(N58=\"\",\"\",MAX(K$1:K57)+1)","v":""},{"$f":"IF(Deviation_w_Addon_CPMS1!C80=\"\",\"\",Deviation_w_Addon_CPMS1!C80)","v":""},"",{"$f":"IF(COUNTIF(L$2:L58,L58)=1,L58,\"\")","v":""},null,null,null,{"$f":"+IF(W58=\"\",\"\",MAX(R$1:R57)+1)","v":""},{"$f":"IF(Compliance_Options!A80=\"\",\"\",Compliance_Options!A80)","v":""},{"$f":"IF(Compliance_Options!B80=\"\",\"\",Compliance_Options!B80)","v":""},{"$f":"IF(Compliance_Options!D80=\"\",\"\",Compliance_Options!D80)","v":""},{"$f":"S58&T58&Table29[[#This Row],[Column22]]","v":""},{"$f":"IF(COUNTIF(V$2:V58,V58)=1,V58,\"\")","v":""},"","","","","",""]
[null,null,null,null,null,{"$f":"+IF(I59=\"\",\"\",MAX(F$1:F58)+1)","v":""},{"$f":"IF(Compliance_Options!B81=\"\",\"\",Compliance_Options!B81)","v":""},"",{"$f":"IF(COUNTIF(G$2:G59,G59)=1,G59,\"\")","v":""},null,{"$f":"+IF(N59=\"\",\"\",MAX(K$1:K58)+1)","v":""},{"$f":"IF(Deviation_w_Addon_CPMS1!C81=\"\",\"\",Deviation_w_Addon_CPMS1!C81)","v":""},"",{"$f":"IF(COUNTIF(L$2:L59,L59)=1,L59,\"\")","v":""},null,null,null,{"$f":"+IF(W59=\"\",\"\",MAX(R$1:R58)+1)","v":""},{"$f":"IF(Compliance_Options!A81=\"\",\"\",Compliance_Options!A81)","v":""},{"$f":"IF(Compliance_Options!B81=\"\",\"\",Compliance_Options!B81)","v":""},{"$f":"IF(Compliance_Options!D81=\"\",\"\",Compliance_Options!D81)","v":""},{"$f":"S59&T59&Table29[[#This Row],[Column22]]","v":""},{"$f":"IF(COUNTIF(V$2:V59,V59)=1,V59,\"\")","v":""},"","","","","",""]
[null,null,null,null,null,{"$f":"+IF(I60=\"\",\"\",MAX(F$1:F59)+1)","v":""},{"$f":"IF(Compliance_Options!B82=\"\",\"\",Compliance_Options!B82)","v":""},"",{"$f":"IF(COUNTIF(G$2:G60,G60)=1,G60,\"\")","v":""},null,{"$f":"+IF(N60=\"\",\"\",MAX(K$1:K59)+1)","v":""},{"$f":"IF(Deviation_w_Addon_CPMS1!C82=\"\",\"\",Deviation_w_Addon_CPMS1!C82)","v":""},"",{"$f":"IF(COUNTIF(L$2:L60,L60)=1,L60,\"\")","v":""},null,null,null,{"$f":"+IF(W60=\"\",\"\",MAX(R$1:R59)+1)","v":""},{"$f":"IF(Compliance_Options!A82=\"\",\"\",Compliance_Options!A82)","v":""},{"$f":"IF(Compliance_Options!B82=\"\",\"\",Compliance_Options!B82)","v":""},{"$f":"IF(Compliance_Options!D82=\"\",\"\",Compliance_Options!D82)","v":""},{"$f":"S60&T60&Table29[[#This Row],[Column22]]","v":""},{"$f":"IF(COUNTIF(V$2:V60,V60)=1,V60,\"\")","v":""},"","","","","",""]
[null,null,null,null,null,{"$f":"+IF(I61=\"\",\"\",MAX(F$1:F60)+1)","v":""},{"$f":"IF(Compliance_Options!B83=\"\",\"\",Compliance_Options!B83)","v":""},"",{"$f":"IF(COUNTIF(G$2:G61,G61)=1,G61,\"\")","v":""},null,{"$f":"+IF(N61=\"\",\"\",MAX(K$1:K60)+1)","v":""},{"$f":"IF(Deviation_w_Addon_CPMS1!C83=\"\",\"\",Deviation_w_Addon_CPMS1!C83)","v":""},"",{"$f":"IF(COUNTIF(L$2:L61,L61)=1,L61,\"\")","v":""},null,null,null,{"$f":"+IF(W61=\"\",\"\",MAX(R$1:R60)+1)","v":""},{"$f":"IF(Compliance_Options!A83=\"\",\"\",Compliance_Options!A83)","v":""},{"$f":"IF(Compliance_Options!B83=\"\",\"\",Compliance_Options!B83)","v":""},{"$f":"IF(Compliance_Options!D83=\"\",\"\",Compliance_Options!D83)","v":""},{"$f":"S61&T61&Table29[[#This Row],[Column22]]","v":""},{"$f":"IF(COUNTIF(V$2:V61,V61)=1,V61,\"\")","v":""},"","","","","",""]
[null,null,null,null,null,{"$f":"+IF(I62=\"\",\"\",MAX(F$1:F61)+1)","v":""},{"$f":"IF(Compliance_Options!B84=\"\",\"\",Compliance_Options!B84)","v":""},"",{"$f":"IF(COUNTIF(G$2:G62,G62)=1,G62,\"\")","v":""},null,{"$f":"+IF(N62=\"\",\"\",MAX(K$1:K61)+1)","v":""},{"$f":"IF(Deviation_w_Addon_CPMS1!C84=\"\",\"\",Deviation_w_Addon_CPMS1!C84)","v":""},"",{"$f":"IF(COUNTIF(L$2:L62,L62)=1,L62,\"\")","v":""},null,null,null,{"$f":"+IF(W62=\"\",\"\",MAX(R$1:R61)+1)","v":""},{"$f":"IF(Compliance_Options!A84=\"\",\"\",Compliance_Options!A84)","v":""},{"$f":"IF(Compliance_Options!B84=\"\",\"\",Compliance_Options!B84)","v":""},{"$f":"IF(Compliance_Options!D84=\"\",\"\",Compliance_Options!D84)","v":""},{"$f":"S62&T62&Table29[[#This Row],[Column22]]","v":""},{"$f":"IF(COUNTIF(V$2:V62,V62)=1,V62,\"\")","v":""},"","","","","",""]
[null,null,null,null,null,{"$f":"+IF(I63=\"\",\"\",MAX(F$1:F62)+1)","v":""},{"$f":"IF(Compliance_Options!B85=\"\",\"\",Compliance_Options!B85)","v":""},"",{"$f":"IF(COUNTIF(G$2:G63,G63)=1,G63,\"\")","v":""},null,{"$f":"+IF(N63=\"\",\"\",MAX(K$1:K62)+1)","v":""},{"$f":"IF(Deviation_w_Addon_CPMS1!C85=\"\",\"\",Deviation_w_Addon_CPMS1!C85)","v":""},"",{"$f":"IF(COUNTIF(L$2:L63,L63)=1,L63,\"\")","v":""},null,null,null,{"$f":"+IF(W63=\"\",\"\",MAX(R$1:R62)+1)","v":""},{"$f":"IF(Compliance_Options!A85=\"\",\"\",Compliance_Options!A85)","v":""},{"$f":"IF(Compliance_Options!B85=\"\",\"\",Compliance_Options!B85)","v":""},{"$f":"IF(Compliance_Options!D85=\"\",\"\",Compliance_Options!D85)","v":""},{"$f":"S63&T63&Table29[[#This Row],[Column22]]","v":""},{"$f":"IF(COUNTIF(V$2:V63,V63)=1,V63,\"\")","v":""},"","","","","",""]
[null,null,null,null,null,{"$f":"+IF(I64=\"\",\"\",MAX(F$1:F63)+1)","v":""},{"$f":"IF(Compliance_Options!B86=\"\",\"\",Compliance_Options!B86)","v":""},"",{"$f":"IF(COUNTIF(G$2:G64,G64)=1,G64,\"\")","v":""},null,{"$f":"+IF(N64=\"\",\"\",MAX(K$1:K63)+1)","v":""},{"$f":"IF(Deviation_w_Addon_CPMS1!C86=\"\",\"\",Deviation_w_Addon_CPMS1!C86)","v":""},"",{"$f":"IF(COUNTIF(L$2:L64,L64)=1,L64,\"\")","v":""},null,null,null,{"$f":"+IF(W64=\"\",\"\",MAX(R$1:R63)+1)","v":""},{"$f":"IF(Compliance_Options!A86=\"\",\"\",Compliance_Options!A86)","v":""},{"$f":"IF(Compliance_Options!B86=\"\",\"\",Compliance_Options!B86)","v":""},{"$f":"IF(Compliance_Options!D86=\"\",\"\",Compliance_Options!D86)","v":""},{"$f":"S64&T64&Table29[[#This Row],[Column22]]","v":""},{"$f":"IF(COUNTIF(V$2:V64,V64)=1,V64,\"\")","v":""},"","","","","",""]
[null,null,null,null,null,{"$f":"+IF(I65=\"\",\"\",MAX(F$1:F64)+1)","v":""},{"$f":"IF(Compliance_Options!B87=\"\",\"\",Compliance_Options!B87)","v":""},"",{"$f":"IF(COUNTIF(G$2:G65,G65)=1,G65,\"\")","v":""},null,{"$f":"+IF(N65=\"\",\"\",MAX(K$1:K64)+1)","v":""},{"$f":"IF(Deviation_w_Addon_CPMS1!C87=\"\",\"\",Deviation_w_Addon_CPMS1!C87)","v":""},"",{"$f":"IF(COUNTIF(L$2:L65,L65)=1,L65,\"\")","v":""},null,null,null,{"$f":"+IF(W65=\"\",\"\",MAX(R$1:R64)+1)","v":""},{"$f":"IF(Compliance_Options!A87=\"\",\"\",Compliance_Options!A87)","v":""},{"$f":"IF(Compliance_Options!B87=\"\",\"\",Compliance_Options!B87)","v":""},{"$f":"IF(Compliance_Options!D87=\"\",\"\",Compliance_Options!D87)","v":""},{"$f":"S65&T65&Table29[[#This Row],[Column22]]","v":""},{"$f":"IF(COUNTIF(V$2:V65,V65)=1,V65,\"\")","v":""},"","","","","",""]
[null,null,null,null,null,{"$f":"+IF(I66=\"\",\"\",MAX(F$1:F65)+1)","v":""},{"$f":"IF(Compliance_Options!B88=\"\",\"\",Compliance_Options!B88)","v":""},"",{"$f":"IF(COUNTIF(G$2:G66,G66)=1,G66,\"\")","v":""},null,{"$f":"+IF(N66=\"\",\"\",MAX(K$1:K65)+1)","v":""},{"$f":"IF(Deviation_w_Addon_CPMS1!C88=\"\",\"\",Deviation_w_Addon_CPMS1!C88)","v":""},{"$f":"+IFERROR(INDEX($L$2:$L$501,MATCH(ROW()-ROW($M$1),$K$2:$K$501,0)),\"\")","v":""},{"$f":"IF(COUNTIF(L$2:L66,L66)=1,L66,\"\")","v":""},null,null,null,{"$f":"+IF(W66=\"\",\"\",MAX(R$1:R65)+1)","v":""},{"$f":"IF(Compliance_Options!A88=\"\",\"\",Compliance_Options!A88)","v":""},{"$f":"IF(Compliance_Options!B88=\"\",\"\",Compliance_Options!B88)","v":""},{"$f":"IF(Compliance_Options!D88=\"\",\"\",Compliance_Options!D88)","v":""},{"$f":"S66&T66&Table29[[#This Row],[Column22]]","v":""},{"$f":"IF(COUNTIF(V$2:V66,V66)=1,V66,\"\")","v":""},"","","","","",{"$f":"IFERROR(INDEX($Z$2:$Z$78,MATCH(ROW()-ROW($AA$1),$R$2:$R$78,0)),\"\")","v":""}]
[null,null,null,null,null,{"$f":"+IF(I67=\"\",\"\",MAX(F$1:F66)+1)","v":""},{"$f":"IF(Compliance_Options!B89=\"\",\"\",Compliance_Options!B89)","v":""},{"$f":"+IFERROR(INDEX($G$2:$G$191,MATCH(ROW()-ROW($H$1),$F$2:$F$191,0)),\"\")","v":""},{"$f":"IF(COUNTIF(G$2:G67,G67)=1,G67,\"\")","v":""},null,{"$f":"+IF(N67=\"\",\"\",MAX(K$1:K66)+1)","v":""},{"$f":"IF(Deviation_w_Addon_CPMS1!C89=\"\",\"\",Deviation_w_Addon_CPMS1!C89)","v":""},"",{"$f":"IF(COUNTIF(L$2:L67,L67)=1,L67,\"\")","v":""},null,null,null,{"$f":"+IF(W67=\"\",\"\",MAX(R$1:R66)+1)","v":""},{"$f":"IF(Compliance_Options!A89=\"\",\"\",Compliance_Options!A89)","v":""},{"$f":"IF(Compliance_Options!B89=\"\",\"\",Compliance_Options!B89)","v":""},{"$f":"IF(Compliance_Options!D89=\"\",\"\",Compliance_Options!D89)","v":""},{"$f":"S67&T67&Table29[[#This Row],[Column22]]","v":""},{"$f":"IF(COUNTIF(V$2:V67,V67)=1,V67,\"\")","v":""},{"$f":"IF(R67=\"\",\"\",S67)","v":""},{"$f":"IF(R67=\"\",\"\",T67)","v":""},{"$f":"IF(S67=\"\",\"\",U67)","v":""},{"$f":"IFERROR(INDEX($X$2:$X$78,MATCH(ROW()-ROW($AA$1),$R$2:$R$78,0)),\"\")","v":""},{"$f":"IFERROR(INDEX($Y$2:$Y$78,MATCH(ROW()-ROW($AA$1),$R$2:$R$78,0)),\"\")","v":""},""]
[null,null,null,null,null,{"$f":"+IF(I68=\"\",\"\",MAX(F$1:F67)+1)","v":""},{"$f":"IF(Compliance_Options!B90=\"\",\"\",Compliance_Options!B90)","v":""},"",{"$f":"IF(COUNTIF(G$2:G68,G68)=1,G68,\"\")","v":""},null,{"$f":"+IF(N68=\"\",\"\",MAX(K$1:K67)+1)","v":""},{"$f":"IF(Deviation_w_Addon_CPMS1!C90=\"\",\"\",Deviation_w_Addon_CPMS1!C90)","v":""},"",{"$f":"IF(COUNTIF(L$2:L68,L68)=1,L68,\"\")","v":""},null,null,null,{"$f":"+IF(W68=\"\",\"\",MAX(R$1:R67)+1)","v":""},{"$f":"IF(Compliance_Options!A90=\"\",\"\",Compliance_Options!A90)","v":""},{"$f":"IF(Compliance_Options!B90=\"\",\"\",Compliance_Options!B90)","v":""},{"$f":"IF(Compliance_Options!D90=\"\",\"\",Compliance_Options!D90)","v":""},{"$f":"S68&T68&Table29[[#This Row],[Column22]]","v":""},{"$f":"IF(COUNTIF(V$2:V68,V68)=1,V68,\"\")","v":""},"","","","","",""]
[null,null,null,null,null,{"$f":"+IF(I69=\"\",\"\",MAX(F$1:F68)+1)","v":""},{"$f":"IF(Compliance_Options!B91=\"\",\"\",Compliance_Options!B91)","v":""},"",{"$f":"IF(COUNTIF(G$2:G69,G69)=1,G69,\"\")","v":""},null,{"$f":"+IF(N69=\"\",\"\",MAX(K$1:K68)+1)","v":""},{"$f":"IF(Deviation_w_Addon_CPMS1!C91=\"\",\"\",Deviation_w_Addon_CPMS1!C91)","v":""},"",{"$f":"IF(COUNTIF(L$2:L69,L69)=1,L69,\"\")","v":""},null,null,null,{"$f":"+IF(W69=\"\",\"\",MAX(R$1:R68)+1)","v":""},{"$f":"IF(Compliance_Options!A91=\"\",\"\",Compliance_Options!A91)","v":""},{"$f":"IF(Compliance_Options!B91=\"\",\"\",Compliance_Options!B91)","v":""},{"$f":"IF(Compliance_Options!D91=\"\",\"\",Compliance_Options!D91)","v":""},{"$f":"S69&T69&Table29[[#This Row],[Column22]]","v":""},{"$f":"IF(COUNTIF(V$2:V69,V69)=1,V69,\"\")","v":""},"","","","","",""]
[null,null,null,null,null,{"$f":"+IF(I70=\"\",\"\",MAX(F$1:F69)+1)","v":""},{"$f":"IF(Compliance_Options!B92=\"\",\"\",Compliance_Options!B92)","v":""},"",{"$f":"IF(COUNTIF(G$2:G70,G70)=1,G70,\"\")","v":""},null,{"$f":"+IF(N70=\"\",\"\",MAX(K$1:K69)+1)","v":""},{"$f":"IF(Deviation_w_Addon_CPMS1!C92=\"\",\"\",Deviation_w_Addon_CPMS1!C92)","v":""},"",{"$f":"IF(COUNTIF(L$2:L70,L70)=1,L70,\"\")","v":""},null,null,null,{"$f":"+IF(W70=\"\",\"\",MAX(R$1:R69)+1)","v":""},{"$f":"IF(Compliance_Options!A92=\"\",\"\",Compliance_Options!A92)","v":""},{"$f":"IF(Compliance_Options!B92=\"\",\"\",Compliance_Options!B92)","v":""},{"$f":"IF(Compliance_Options!D92=\"\",\"\",Compliance_Options!D92)","v":""},{"$f":"S70&T70&Table29[[#This Row],[Column22]]","v":""},{"$f":"IF(COUNTIF(V$2:V70,V70)=1,V70,\"\")","v":""},"","","","","",""]
[null,null,null,null,null,{"$f":"+IF(I71=\"\",\"\",MAX(F$1:F70)+1)","v":""},{"$f":"IF(Compliance_Options!B93=\"\",\"\",Compliance_Options!B93)","v":""},"",{"$f":"IF(COUNTIF(G$2:G71,G71)=1,G71,\"\")","v":""},null,{"$f":"+IF(N71=\"\",\"\",MAX(K$1:K70)+1)","v":""},{"$f":"IF(Deviation_w_Addon_CPMS1!C93=\"\",\"\",Deviation_w_Addon_CPMS1!C93)","v":""},"",{"$f":"IF(COUNTIF(L$2:L71,L71)=1,L71,\"\")","v":""},null,null,null,{"$f":"+IF(W71=\"\",\"\",MAX(R$1:R70)+1)","v":""},{"$f":"IF(Compliance_Options!A93=\"\",\"\",Compliance_Options!A93)","v":""},{"$f":"IF(Compliance_Options!B93=\"\",\"\",Compliance_Options!B93)","v":""},{"$f":"IF(Compliance_Options!D93=\"\",\"\",Compliance_Options!D93)","v":""},{"$f":"S71&T71&Table29[[#This Row],[Column22]]","v":""},{"$f":"IF(COUNTIF(V$2:V71,V71)=1,V71,\"\")","v":""},"","","","","",""]
[null,null,null,null,null,{"$f":"+IF(I72=\"\",\"\",MAX(F$1:F71)+1)","v":""},{"$f":"IF(Compliance_Options!B94=\"\",\"\",Compliance_Options!B94)","v":""},"",{"$f":"IF(COUNTIF(G$2:G72,G72)=1,G72,\"\")","v":""},null,{"$f":"+IF(N72=\"\",\"\",MAX(K$1:K71)+1)","v":""},{"$f":"IF(Deviation_w_Addon_CPMS1!C94=\"\",\"\",Deviation_w_Addon_CPMS1!C94)","v":""},"",{"$f":"IF(COUNTIF(L$2:L72,L72)=1,L72,\"\")","v":""},null,null,null,{"$f":"+IF(W72=\"\",\"\",MAX(R$1:R71)+1)","v":""},{"$f":"IF(Compliance_Options!A94=\"\",\"\",Compliance_Options!A94)","v":""},{"$f":"IF(Compliance_Options!B94=\"\",\"\",Compliance_Options!B94)","v":""},{"$f":"IF(Compliance_Options!D94=\"\",\"\",Compliance_Options!D94)","v":""},{"$f":"S72&T72&Table29[[#This Row],[Column22]]","v":""},{"$f":"IF(COUNTIF(V$2:V72,V72)=1,V72,\"\")","v":""},"","","","","",""]
[null,null,null,null,null,{"$f":"+IF(I73=\"\",\"\",MAX(F$1:F72)+1)","v":""},{"$f":"IF(Compliance_Options!B95=\"\",\"\",Compliance_Options!B95)","v":""},"",{"$f":"IF(COUNTIF(G$2:G73,G73)=1,G73,\"\")","v":""},null,{"$f":"+IF(N73=\"\",\"\",MAX(K$1:K72)+1)","v":""},{"$f":"IF(Deviation_w_Addon_CPMS1!C95=\"\",\"\",Deviation_w_Addon_CPMS1!C95)","v":""},"",{"$f":"IF(COUNTIF(L$2:L73,L73)=1,L73,\"\")","v":""},null,null,null,{"$f":"+IF(W73=\"\",\"\",MAX(R$1:R72)+1)","v":""},{"$f":"IF(Compliance_Options!A95=\"\",\"\",Compliance_Options!A95)","v":""},{"$f":"IF(Compliance_Options!B95=\"\",\"\",Compliance_Options!B95)","v":""},{"$f":"IF(Compliance_Options!D95=\"\",\"\",Compliance_Options!D95)","v":""},{"$f":"S73&T73&Table29[[#This Row],[Column22]]","v":""},{"$f":"IF(COUNTIF(V$2:V73,V73)=1,V73,\"\")","v":""},"","","","","",""]
[null,null,null,null,null,{"$f":"+IF(I74=\"\",\"\",MAX(F$1:F73)+1)","v":""},{"$f":"IF(Compliance_Options!B96=\"\",\"\",Compliance_Options!B96)","v":""},"",{"$f":"IF(COUNTIF(G$2:G74,G74)=1,G74,\"\")","v":""},null,{"$f":"+IF(N74=\"\",\"\",MAX(K$1:K73)+1)","v":""},{"$f":"IF(Deviation_w_Addon_CPMS1!C96=\"\",\"\",Deviation_w_Addon_CPMS1!C96)","v":""},"",{"$f":"IF(COUNTIF(L$2:L74,L74)=1,L74,\"\")","v":""},null,null,null,{"$f":"+IF(W74=\"\",\"\",MAX(R$1:R73)+1)","v":""},{"$f":"IF(Compliance_Options!A96=\"\",\"\",Compliance_Options!A96)","v":""},{"$f":"IF(Compliance_Options!B96=\"\",\"\",Compliance_Options!B96)","v":""},{"$f":"IF(Compliance_Options!D96=\"\",\"\",Compliance_Options!D96)","v":""},{"$f":"S74&T74&Table29[[#This Row],[Column22]]","v":""},{"$f":"IF(COUNTIF(V$2:V74,V74)=1,V74,\"\")","v":""},"","","","","",""]
[null,null,null,null,null,{"$f":"+IF(I75=\"\",\"\",MAX(F$1:F74)+1)","v":""},{"$f":"IF(Compliance_Options!B97=\"\",\"\",Compliance_Options!B97)","v":""},"",{"$f":"IF(COUNTIF(G$2:G75,G75)=1,G75,\"\")","v":""},null,{"$f":"+IF(N75=\"\",\"\",MAX(K$1:K74)+1)","v":""},{"$f":"IF(Deviation_w_Addon_CPMS1!C97=\"\",\"\",Deviation_w_Addon_CPMS1!C97)","v":""},"",{"$f":"IF(COUNTIF(L$2:L75,L75)=1,L75,\"\")","v":""},null,null,null,{"$f":"+IF(W75=\"\",\"\",MAX(R$1:R74)+1)","v":""},{"$f":"IF(Compliance_Options!A97=\"\",\"\",Compliance_Options!A97)","v":""},{"$f":"IF(Compliance_Options!B97=\"\",\"\",Compliance_Options!B97)","v":""},{"$f":"IF(Compliance_Options!D97=\"\",\"\",Compliance_Options!D97)","v":""},{"$f":"S75&T75&Table29[[#This Row],[Column22]]","v":""},{"$f":"IF(COUNTIF(V$2:V75,V75)=1,V75,\"\")","v":""},"","","","","",""]
[null,null,null,null,null,{"$f":"+IF(I76=\"\",\"\",MAX(F$1:F75)+1)","v":""},{"$f":"IF(Compliance_Options!B98=\"\",\"\",Compliance_Options!B98)","v":""},"",{"$f":"IF(COUNTIF(G$2:G76,G76)=1,G76,\"\")","v":""},null,{"$f":"+IF(N76=\"\",\"\",MAX(K$1:K75)+1)","v":""},{"$f":"IF(Deviation_w_Addon_CPMS1!C98=\"\",\"\",Deviation_w_Addon_CPMS1!C98)","v":""},"",{"$f":"IF(COUNTIF(L$2:L76,L76)=1,L76,\"\")","v":""},null,null,null,{"$f":"+IF(W76=\"\",\"\",MAX(R$1:R75)+1)","v":""},{"$f":"IF(Compliance_Options!A98=\"\",\"\",Compliance_Options!A98)","v":""},{"$f":"IF(Compliance_Options!B98=\"\",\"\",Compliance_Options!B98)","v":""},{"$f":"IF(Compliance_Options!D98=\"\",\"\",Compliance_Options!D98)","v":""},{"$f":"S76&T76&Table29[[#This Row],[Column22]]","v":""},{"$f":"IF(COUNTIF(V$2:V76,V76)=1,V76,\"\")","v":""},{"$f":"IF(R76=\"\",\"\",S76)","v":""},{"$f":"IF(R76=\"\",\"\",T76)","v":""},"","","",""]
[null,null,null,null,null,{"$f":"+IF(I77=\"\",\"\",MAX(F$1:F76)+1)","v":""},{"$f":"IF(Compliance_Options!B99=\"\",\"\",Compliance_Options!B99)","v":""},"",{"$f":"IF(COUNTIF(G$2:G77,G77)=1,G77,\"\")","v":""},null,{"$f":"+IF(N77=\"\",\"\",MAX(K$1:K76)+1)","v":""},{"$f":"IF(Deviation_w_Addon_CPMS1!C99=\"\",\"\",Deviation_w_Addon_CPMS1!C99)","v":""},"",{"$f":"IF(COUNTIF(L$2:L77,L77)=1,L77,\"\")","v":""},null,null,null,{"$f":"+IF(W77=\"\",\"\",MAX(R$1:R76)+1)","v":""},{"$f":"IF(Compliance_Options!A99=\"\",\"\",Compliance_Options!A99)","v":""},{"$f":"IF(Compliance_Options!B99=\"\",\"\",Compliance_Options!B99)","v":""},{"$f":"IF(Compliance_Options!D99=\"\",\"\",Compliance_Options!D99)","v":""},{"$f":"S77&T77&Table29[[#This Row],[Column22]]","v":""},{"$f":"IF(COUNTIF(V$2:V77,V77)=1,V77,\"\")","v":""},"","","","","",""]
[null,null,null,null,null,{"$f":"+IF(I78=\"\",\"\",MAX(F$1:F77)+1)","v":""},{"$f":"IF(Compliance_Options!B100=\"\",\"\",Compliance_Options!B100)","v":""},"",{"$f":"IF(COUNTIF(G$2:G78,G78)=1,G78,\"\")","v":""},null,{"$f":"+IF(N78=\"\",\"\",MAX(K$1:K77)+1)","v":""},{"$f":"IF(Deviation_w_Addon_CPMS1!C100=\"\",\"\",Deviation_w_Addon_CPMS1!C100)","v":""},"",{"$f":"IF(COUNTIF(L$2:L78,L78)=1,L78,\"\")","v":""},null,null,null,{"$f":"+IF(W78=\"\",\"\",MAX(R$1:R77)+1)","v":""},{"$f":"IF(Compliance_Options!A100=\"\",\"\",Compliance_Options!A100)","v":""},{"$f":"IF(Compliance_Options!B100=\"\",\"\",Compliance_Options!B100)","v":""},{"$f":"IF(Compliance_Options!D100=\"\",\"\",Compliance_Options!D100)","v":""},{"$f":"S78&T78&Table29[[#This Row],[Column22]]","v":""},{"$f":"IF(COUNTIF(V$2:V78,V78)=1,V78,\"\")","v":""},"","","","","",""]
[null,null,null,null,null,{"$f":"+IF(I79=\"\",\"\",MAX(F$1:F78)+1)","v":""},{"$f":"IF(Compliance_Options!B101=\"\",\"\",Compliance_Options!B101)","v":""},"",{"$f":"IF(COUNTIF(G$2:G79,G79)=1,G79,\"\")","v":""},null,{"$f":"+IF(N79=\"\",\"\",MAX(K$1:K78)+1)","v":""},{"$f":"IF(Deviation_w_Addon_CPMS1!C101=\"\",\"\",Deviation_w_Addon_CPMS1!C101)","v":""},"",{"$f":"IF(COUNTIF(L$2:L79,L79)=1,L79,\"\")","v":""}]
[null,null,null,null,null,{"$f":"+IF(I80=\"\",\"\",MAX(F$1:F79)+1)","v":""},{"$f":"IF(Compliance_Options!B102=\"\",\"\",Compliance_Options!B102)","v":""},"",{"$f":"IF(COUNTIF(G$2:G80,G80)=1,G80,\"\")","v":""},null,{"$f":"+IF(N80=\"\",\"\",MAX(K$1:K79)+1)","v":""},{"$f":"IF(Deviation_w_Addon_CPMS1!C102=\"\",\"\",Deviation_w_Addon_CPMS1!C102)","v":""},"",{"$f":"IF(COUNTIF(L$2:L80,L80)=1,L80,\"\")","v":""}]
[null,null,null,null,null,{"$f":"+IF(I81=\"\",\"\",MAX(F$1:F80)+1)","v":""},{"$f":"IF(Compliance_Options!B103=\"\",\"\",Compliance_Options!B103)","v":""},"",{"$f":"IF(COUNTIF(G$2:G81,G81)=1,G81,\"\")","v":""},null,{"$f":"+IF(N81=\"\",\"\",MAX(K$1:K80)+1)","v":""},{"$f":"IF(Deviation_w_Addon_CPMS1!C103=\"\",\"\",Deviation_w_Addon_CPMS1!C103)","v":""},"",{"$f":"IF(COUNTIF(L$2:L81,L81)=1,L81,\"\")","v":""}]
[null,null,null,null,null,{"$f":"+IF(I82=\"\",\"\",MAX(F$1:F81)+1)","v":""},{"$f":"IF(Compliance_Options!B104=\"\",\"\",Compliance_Options!B104)","v":""},"",{"$f":"IF(COUNTIF(G$2:G82,G82)=1,G82,\"\")","v":""},null,{"$f":"+IF(N82=\"\",\"\",MAX(K$1:K81)+1)","v":""},{"$f":"IF(Deviation_w_Addon_CPMS1!C104=\"\",\"\",Deviation_w_Addon_CPMS1!C104)","v":""},"",{"$f":"IF(COUNTIF(L$2:L82,L82)=1,L82,\"\")","v":""}]
[null,null,null,null,null,{"$f":"+IF(I83=\"\",\"\",MAX(F$1:F82)+1)","v":""},{"$f":"IF(Compliance_Options!B105=\"\",\"\",Compliance_Options!B105)","v":""},"",{"$f":"IF(COUNTIF(G$2:G83,G83)=1,G83,\"\")","v":""},null,{"$f":"+IF(N83=\"\",\"\",MAX(K$1:K82)+1)","v":""},{"$f":"IF(Deviation_w_Addon_CPMS1!C105=\"\",\"\",Deviation_w_Addon_CPMS1!C105)","v":""},"",{"$f":"IF(COUNTIF(L$2:L83,L83)=1,L83,\"\")","v":""}]
[null,null,null,null,null,{"$f":"+IF(I84=\"\",\"\",MAX(F$1:F83)+1)","v":""},{"$f":"IF(Compliance_Options!B106=\"\",\"\",Compliance_Options!B106)","v":""},"",{"$f":"IF(COUNTIF(G$2:G84,G84)=1,G84,\"\")","v":""},null,{"$f":"+IF(N84=\"\",\"\",MAX(K$1:K83)+1)","v":""},{"$f":"IF(Deviation_w_Addon_CPMS1!C106=\"\",\"\",Deviation_w_Addon_CPMS1!C106)","v":""},"",{"$f":"IF(COUNTIF(L$2:L84,L84)=1,L84,\"\")","v":""}]
[null,null,null,null,null,{"$f":"+IF(I85=\"\",\"\",MAX(F$1:F84)+1)","v":""},{"$f":"IF(Compliance_Options!B107=\"\",\"\",Compliance_Options!B107)","v":""},"",{"$f":"IF(COUNTIF(G$2:G85,G85)=1,G85,\"\")","v":""},null,{"$f":"+IF(N85=\"\",\"\",MAX(K$1:K84)+1)","v":""},{"$f":"IF(Deviation_w_Addon_CPMS1!C107=\"\",\"\",Deviation_w_Addon_CPMS1!C107)","v":""},"",{"$f":"IF(COUNTIF(L$2:L85,L85)=1,L85,\"\")","v":""}]
[null,null,null,null,null,{"$f":"+IF(I86=\"\",\"\",MAX(F$1:F85)+1)","v":""},{"$f":"IF(Compliance_Options!B108=\"\",\"\",Compliance_Options!B108)","v":""},"",{"$f":"IF(COUNTIF(G$2:G86,G86)=1,G86,\"\")","v":""},null,{"$f":"+IF(N86=\"\",\"\",MAX(K$1:K85)+1)","v":""},{"$f":"IF(Deviation_w_Addon_CPMS1!C108=\"\",\"\",Deviation_w_Addon_CPMS1!C108)","v":""},"",{"$f":"IF(COUNTIF(L$2:L86,L86)=1,L86,\"\")","v":""}]
[null,null,null,null,null,{"$f":"+IF(I87=\"\",\"\",MAX(F$1:F86)+1)","v":""},{"$f":"IF(Compliance_Options!B109=\"\",\"\",Compliance_Options!B109)","v":""},"",{"$f":"IF(COUNTIF(G$2:G87,G87)=1,G87,\"\")","v":""},null,{"$f":"+IF(N87=\"\",\"\",MAX(K$1:K86)+1)","v":""},{"$f":"IF(Deviation_w_Addon_CPMS1!C109=\"\",\"\",Deviation_w_Addon_CPMS1!C109)","v":""},"",{"$f":"IF(COUNTIF(L$2:L87,L87)=1,L87,\"\")","v":""}]
[null,null,null,null,null,{"$f":"+IF(I88=\"\",\"\",MAX(F$1:F87)+1)","v":""},{"$f":"IF(Compliance_Options!B110=\"\",\"\",Compliance_Options!B110)","v":""},"",{"$f":"IF(COUNTIF(G$2:G88,G88)=1,G88,\"\")","v":""},null,{"$f":"+IF(N88=\"\",\"\",MAX(K$1:K87)+1)","v":""},{"$f":"IF(Deviation_w_Addon_CPMS1!C110=\"\",\"\",Deviation_w_Addon_CPMS1!C110)","v":""},"",{"$f":"IF(COUNTIF(L$2:L88,L88)=1,L88,\"\")","v":""}]
[null,null,null,null,null,{"$f":"+IF(I89=\"\",\"\",MAX(F$1:F88)+1)","v":""},{"$f":"IF(Compliance_Options!B111=\"\",\"\",Compliance_Options!B111)","v":""},"",{"$f":"IF(COUNTIF(G$2:G89,G89)=1,G89,\"\")","v":""},null,{"$f":"+IF(N89=\"\",\"\",MAX(K$1:K88)+1)","v":""},{"$f":"IF(Deviation_w_Addon_CPMS1!C111=\"\",\"\",Deviation_w_Addon_CPMS1!C111)","v":""},"",{"$f":"IF(COUNTIF(L$2:L89,L89)=1,L89,\"\")","v":""}]
[null,null,null,null,null,{"$f":"+IF(I90=\"\",\"\",MAX(F$1:F89)+1)","v":""},{"$f":"IF(Compliance_Options!B112=\"\",\"\",Compliance_Options!B112)","v":""},"",{"$f":"IF(COUNTIF(G$2:G90,G90)=1,G90,\"\")","v":""},null,{"$f":"+IF(N90=\"\",\"\",MAX(K$1:K89)+1)","v":""},{"$f":"IF(Deviation_w_Addon_CPMS1!C112=\"\",\"\",Deviation_w_Addon_CPMS1!C112)","v":""},"",{"$f":"IF(COUNTIF(L$2:L90,L90)=1,L90,\"\")","v":""}]
[null,null,null,null,null,{"$f":"+IF(I91=\"\",\"\",MAX(F$1:F90)+1)","v":""},{"$f":"IF(Compliance_Options!B113=\"\",\"\",Compliance_Options!B113)","v":""},"",{"$f":"IF(COUNTIF(G$2:G91,G91)=1,G91,\"\")","v":""},null,{"$f":"+IF(N91=\"\",\"\",MAX(K$1:K90)+1)","v":""},{"$f":"IF(Deviation_w_Addon_CPMS1!C113=\"\",\"\",Deviation_w_Addon_CPMS1!C113)","v":""},"",{"$f":"IF(COUNTIF(L$2:L91,L91)=1,L91,\"\")","v":""}]
[null,null,null,null,null,{"$f":"+IF(I92=\"\",\"\",MAX(F$1:F91)+1)","v":""},{"$f":"IF(Compliance_Options!B114=\"\",\"\",Compliance_Options!B114)","v":""},"",{"$f":"IF(COUNTIF(G$2:G92,G92)=1,G92,\"\")","v":""},null,{"$f":"+IF(N92=\"\",\"\",MAX(K$1:K91)+1)","v":""},{"$f":"IF(Deviation_w_Addon_CPMS1!C114=\"\",\"\",Deviation_w_Addon_CPMS1!C114)","v":""},"",{"$f":"IF(COUNTIF(L$2:L92,L92)=1,L92,\"\")","v":""}]
[null,null,null,null,null,{"$f":"+IF(I93=\"\",\"\",MAX(F$1:F92)+1)","v":""},{"$f":"IF(Compliance_Options!B115=\"\",\"\",Compliance_Options!B115)","v":""},"",{"$f":"IF(COUNTIF(G$2:G93,G93)=1,G93,\"\")","v":""},null,{"$f":"+IF(N93=\"\",\"\",MAX(K$1:K92)+1)","v":""},{"$f":"IF(Deviation_w_Addon_CPMS1!C115=\"\",\"\",Deviation_w_Addon_CPMS1!C115)","v":""},"",{"$f":"IF(COUNTIF(L$2:L93,L93)=1,L93,\"\")","v":""}]
[null,null,null,null,null,{"$f":"+IF(I94=\"\",\"\",MAX(F$1:F93)+1)","v":""},{"$f":"IF(Compliance_Options!B116=\"\",\"\",Compliance_Options!B116)","v":""},"",{"$f":"IF(COUNTIF(G$2:G94,G94)=1,G94,\"\")","v":""},null,{"$f":"+IF(N94=\"\",\"\",MAX(K$1:K93)+1)","v":""},{"$f":"IF(Deviation_w_Addon_CPMS1!C116=\"\",\"\",Deviation_w_Addon_CPMS1!C116)","v":""},"",{"$f":"IF(COUNTIF(L$2:L94,L94)=1,L94,\"\")","v":""}]
[null,null,null,null,null,{"$f":"+IF(I95=\"\",\"\",MAX(F$1:F94)+1)","v":""},{"$f":"IF(Compliance_Options!B117=\"\",\"\",Compliance_Options!B117)","v":""},"",{"$f":"IF(COUNTIF(G$2:G95,G95)=1,G95,\"\")","v":""},null,{"$f":"+IF(N95=\"\",\"\",MAX(K$1:K94)+1)","v":""},{"$f":"IF(Deviation_w_Addon_CPMS1!C117=\"\",\"\",Deviation_w_Addon_CPMS1!C117)","v":""},"",{"$f":"IF(COUNTIF(L$2:L95,L95)=1,L95,\"\")","v":""}]
[null,null,null,null,null,{"$f":"+IF(I96=\"\",\"\",MAX(F$1:F95)+1)","v":""},{"$f":"IF(Compliance_Options!B118=\"\",\"\",Compliance_Options!B118)","v":""},"",{"$f":"IF(COUNTIF(G$2:G96,G96)=1,G96,\"\")","v":""},null,{"$f":"+IF(N96=\"\",\"\",MAX(K$1:K95)+1)","v":""},{"$f":"IF(Deviation_w_Addon_CPMS1!C118=\"\",\"\",Deviation_w_Addon_CPMS1!C118)","v":""},"",{"$f":"IF(COUNTIF(L$2:L96,L96)=1,L96,\"\")","v":""}]
[null,null,null,null,null,{"$f":"+IF(I97=\"\",\"\",MAX(F$1:F96)+1)","v":""},{"$f":"IF(Compliance_Options!B119=\"\",\"\",Compliance_Options!B119)","v":""},"",{"$f":"IF(COUNTIF(G$2:G97,G97)=1,G97,\"\")","v":""},null,{"$f":"+IF(N97=\"\",\"\",MAX(K$1:K96)+1)","v":""},{"$f":"IF(Deviation_w_Addon_CPMS1!C119=\"\",\"\",Deviation_w_Addon_CPMS1!C119)","v":""},"",{"$f":"IF(COUNTIF(L$2:L97,L97)=1,L97,\"\")","v":""}]
[null,null,null,null,null,{"$f":"+IF(I98=\"\",\"\",MAX(F$1:F97)+1)","v":""},{"$f":"IF(Compliance_Options!B120=\"\",\"\",Compliance_Options!B120)","v":""},"",{"$f":"IF(COUNTIF(G$2:G98,G98)=1,G98,\"\")","v":""},null,{"$f":"+IF(N98=\"\",\"\",MAX(K$1:K97)+1)","v":""},{"$f":"IF(Deviation_w_Addon_CPMS1!C120=\"\",\"\",Deviation_w_Addon_CPMS1!C120)","v":""},"",{"$f":"IF(COUNTIF(L$2:L98,L98)=1,L98,\"\")","v":""}]
[null,null,null,null,null,{"$f":"+IF(I99=\"\",\"\",MAX(F$1:F98)+1)","v":""},{"$f":"IF(Compliance_Options!B121=\"\",\"\",Compliance_Options!B121)","v":""},"",{"$f":"IF(COUNTIF(G$2:G99,G99)=1,G99,\"\")","v":""},null,{"$f":"+IF(N99=\"\",\"\",MAX(K$1:K98)+1)","v":""},{"$f":"IF(Deviation_w_Addon_CPMS1!C121=\"\",\"\",Deviation_w_Addon_CPMS1!C121)","v":""},"",{"$f":"IF(COUNTIF(L$2:L99,L99)=1,L99,\"\")","v":""}]
[null,null,null,null,null,{"$f":"+IF(I100=\"\",\"\",MAX(F$1:F99)+1)","v":""},{"$f":"IF(Compliance_Options!B122=\"\",\"\",Compliance_Options!B122)","v":""},"",{"$f":"IF(COUNTIF(G$2:G100,G100)=1,G100,\"\")","v":""},null,{"$f":"+IF(N100=\"\",\"\",MAX(K$1:K99)+1)","v":""},{"$f":"IF(Deviation_w_Addon_CPMS1!C122=\"\",\"\",Deviation_w_Addon_CPMS1!C122)","v":""},"",{"$f":"IF(COUNTIF(L$2:L100,L100)=1,L100,\"\")","v":""}]
[null,null,null,null,null,{"$f":"+IF(I101=\"\",\"\",MAX(F$1:F100)+1)","v":""},{"$f":"IF(Compliance_Options!B123=\"\",\"\",Compliance_Options!B123)","v":""},"",{"$f":"IF(COUNTIF(G$2:G101,G101)=1,G101,\"\")","v":""},null,{"$f":"+IF(N101=\"\",\"\",MAX(K$1:K100)+1)","v":""},{"$f":"IF(Deviation_w_Addon_CPMS1!C123=\"\",\"\",Deviation_w_Addon_CPMS1!C123)","v":""},"",{"$f":"IF(COUNTIF(L$2:L101,L101)=1,L101,\"\")","v":""}]
[null,null,null,null,null,null,null,null,null,null,{"$f":"+IF(N102=\"\",\"\",MAX(K$1:K101)+1)","v":""},{"$f":"IF(Deviation_w_Addon_CPMS1!C124=\"\",\"\",Deviation_w_Addon_CPMS1!C124)","v":""},"",{"$f":"IF(COUNTIF(L$2:L102,L102)=1,L102,\"\")","v":""}]
[null,null,null,null,null,null,null,null,null,null,{"$f":"+IF(N103=\"\",\"\",MAX(K$1:K102)+1)","v":""},{"$f":"IF(Deviation_w_Addon_CPMS1!C125=\"\",\"\",Deviation_w_Addon_CPMS1!C125)","v":""},"",{"$f":"IF(COUNTIF(L$2:L103,L103)=1,L103,\"\")","v":""}]
[null,null,null,null,null,null,null,null,null,null,{"$f":"+IF(N104=\"\",\"\",MAX(K$1:K103)+1)","v":""},{"$f":"IF(Deviation_w_Addon_CPMS1!C126=\"\",\"\",Deviation_w_Addon_CPMS1!C126)","v":""},"",{"$f":"IF(COUNTIF(L$2:L104,L104)=1,L104,\"\")","v":""}]
[null,null,null,null,null,null,null,null,null,null,{"$f":"+IF(N105=\"\",\"\",MAX(K$1:K104)+1)","v":""},{"$f":"IF(Deviation_w_Addon_CPMS1!C127=\"\",\"\",Deviation_w_Addon_CPMS1!C127)","v":""},"",{"$f":"IF(COUNTIF(L$2:L105,L105)=1,L105,\"\")","v":""}]
[null,null,null,null,null,null,null,null,null,null,{"$f":"+IF(N106=\"\",\"\",MAX(K$1:K105)+1)","v":""},{"$f":"IF(Deviation_w_Addon_CPMS1!C128=\"\",\"\",Deviation_w_Addon_CPMS1!C128)","v":""},"",{"$f":"IF(COUNTIF(L$2:L106,L106)=1,L106,\"\")","v":""}]
[null,null,null,null,null,null,null,null,null,null,{"$f":"+IF(N107=\"\",\"\",MAX(K$1:K106)+1)","v":""},{"$f":"IF(Deviation_w_Addon_CPMS1!C129=\"\",\"\",Deviation_w_Addon_CPMS1!C129)","v":""},"",{"$f":"IF(COUNTIF(L$2:L107,L107)=1,L107,\"\")","v":""}]
[null,null,null,null,null,null,null,null,null,null,{"$f":"+IF(N108=\"\",\"\",MAX(K$1:K107)+1)","v":""},{"$f":"IF(Deviation_w_Addon_CPMS1!C130=\"\",\"\",Deviation_w_Addon_CPMS1!C130)","v":""},"",{"$f":"IF(COUNTIF(L$2:L108,L108)=1,L108,\"\")","v":""}]
[null,null,null,null,null,null,null,null,null,null,{"$f":"+IF(N109=\"\",\"\",MAX(K$1:K108)+1)","v":""},{"$f":"IF(Deviation_w_Addon_CPMS1!C131=\"\",\"\",Deviation_w_Addon_CPMS1!C131)","v":""},"",{"$f":"IF(COUNTIF(L$2:L109,L109)=1,L109,\"\")","v":""}]
[null,null,null,null,null,null,null,null,null,null,{"$f":"+IF(N110=\"\",\"\",MAX(K$1:K109)+1)","v":""},{"$f":"IF(Deviation_w_Addon_CPMS1!C132=\"\",\"\",Deviation_w_Addon_CPMS1!C132)","v":""},"",{"$f":"IF(COUNTIF(L$2:L110,L110)=1,L110,\"\")","v":""}]
[null,null,null,null,null,null,null,null,null,null,{"$f":"+IF(N111=\"\",\"\",MAX(K$1:K110)+1)","v":""},{"$f":"IF(Deviation_w_Addon_CPMS1!C133=\"\",\"\",Deviation_w_Addon_CPMS1!C133)","v":""},"",{"$f":"IF(COUNTIF(L$2:L111,L111)=1,L111,\"\")","v":""}]
[null,null,null,null,null,null,null,null,null,null,{"$f":"+IF(N112=\"\",\"\",MAX(K$1:K111)+1)","v":""},{"$f":"IF(Deviation_w_Addon_CPMS1!C134=\"\",\"\",Deviation_w_Addon_CPMS1!C134)","v":""},"",{"$f":"IF(COUNTIF(L$2:L112,L112)=1,L112,\"\")","v":""}]
[null,null,null,null,null,null,null,null,null,null,{"$f":"+IF(N113=\"\",\"\",MAX(K$1:K112)+1)","v":""},{"$f":"IF(Deviation_w_Addon_CPMS1!C135=\"\",\"\",Deviation_w_Addon_CPMS1!C135)","v":""},"",{"$f":"IF(COUNTIF(L$2:L113,L113)=1,L113,\"\")","v":""}]
[null,null,null,null,null,null,null,null,null,null,{"$f":"+IF(N114=\"\",\"\",MAX(K$1:K113)+1)","v":""},{"$f":"IF(Deviation_w_Addon_CPMS1!C136=\"\",\"\",Deviation_w_Addon_CPMS1!C136)","v":""},"",{"$f":"IF(COUNTIF(L$2:L114,L114)=1,L114,\"\")","v":""}]
[null,null,null,null,null,null,null,null,null,null,{"$f":"+IF(N115=\"\",\"\",MAX(K$1:K114)+1)","v":""},{"$f":"IF(Deviation_w_Addon_CPMS1!C137=\"\",\"\",Deviation_w_Addon_CPMS1!C137)","v":""},"",{"$f":"IF(COUNTIF(L$2:L115,L115)=1,L115,\"\")","v":""}]
[null,null,null,null,null,null,null,null,null,null,{"$f":"+IF(N116=\"\",\"\",MAX(K$1:K115)+1)","v":""},{"$f":"IF(Deviation_w_Addon_CPMS1!C138=\"\",\"\",Deviation_w_Addon_CPMS1!C138)","v":""},"",{"$f":"IF(COUNTIF(L$2:L116,L116)=1,L116,\"\")","v":""}]
[null,null,null,null,null,null,null,null,null,null,{"$f":"+IF(N117=\"\",\"\",MAX(K$1:K116)+1)","v":""},{"$f":"IF(Deviation_w_Addon_CPMS1!C139=\"\",\"\",Deviation_w_Addon_CPMS1!C139)","v":""},"",{"$f":"IF(COUNTIF(L$2:L117,L117)=1,L117,\"\")","v":""}]
[null,null,null,null,null,null,null,null,null,null,{"$f":"+IF(N118=\"\",\"\",MAX(K$1:K117)+1)","v":""},{"$f":"IF(Deviation_w_Addon_CPMS1!C140=\"\",\"\",Deviation_w_Addon_CPMS1!C140)","v":""},"",{"$f":"IF(COUNTIF(L$2:L118,L118)=1,L118,\"\")","v":""}]
[null,null,null,null,null,null,null,null,null,null,{"$f":"+IF(N119=\"\",\"\",MAX(K$1:K118)+1)","v":""},{"$f":"IF(Deviation_w_Addon_CPMS1!C141=\"\",\"\",Deviation_w_Addon_CPMS1!C141)","v":""},"",{"$f":"IF(COUNTIF(L$2:L119,L119)=1,L119,\"\")","v":""}]
[null,null,null,null,null,null,null,null,null,null,{"$f":"+IF(N120=\"\",\"\",MAX(K$1:K119)+1)","v":""},{"$f":"IF(Deviation_w_Addon_CPMS1!C142=\"\",\"\",Deviation_w_Addon_CPMS1!C142)","v":""},"",{"$f":"IF(COUNTIF(L$2:L120,L120)=1,L120,\"\")","v":""}]
[null,null,null,null,null,null,null,null,null,null,{"$f":"+IF(N121=\"\",\"\",MAX(K$1:K120)+1)","v":""},{"$f":"IF(Deviation_w_Addon_CPMS1!C143=\"\",\"\",Deviation_w_Addon_CPMS1!C143)","v":""},"",{"$f":"IF(COUNTIF(L$2:L121,L121)=1,L121,\"\")","v":""}]
[null,null,null,null,null,null,null,null,null,null,{"$f":"+IF(N122=\"\",\"\",MAX(K$1:K121)+1)","v":""},{"$f":"IF(Deviation_w_Addon_CPMS1!C144=\"\",\"\",Deviation_w_Addon_CPMS1!C144)","v":""},"",{"$f":"IF(COUNTIF(L$2:L122,L122)=1,L122,\"\")","v":""}]
[null,null,null,null,null,null,null,null,null,null,{"$f":"+IF(N123=\"\",\"\",MAX(K$1:K122)+1)","v":""},{"$f":"IF(Deviation_w_Addon_CPMS1!C145=\"\",\"\",Deviation_w_Addon_CPMS1!C145)","v":""},"",{"$f":"IF(COUNTIF(L$2:L123,L123)=1,L123,\"\")","v":""}]
[null,null,null,null,null,null,null,null,null,null,{"$f":"+IF(N124=\"\",\"\",MAX(K$1:K123)+1)","v":""},{"$f":"IF(Deviation_w_Addon_CPMS1!C146=\"\",\"\",Deviation_w_Addon_CPMS1!C146)","v":""},"",{"$f":"IF(COUNTIF(L$2:L124,L124)=1,L124,\"\")","v":""}]
[null,null,null,null,null,null,null,null,null,null,{"$f":"+IF(N125=\"\",\"\",MAX(K$1:K124)+1)","v":""},{"$f":"IF(Deviation_w_Addon_CPMS1!C147=\"\",\"\",Deviation_w_Addon_CPMS1!C147)","v":""},"",{"$f":"IF(COUNTIF(L$2:L125,L125)=1,L125,\"\")","v":""}]
[null,null,null,null,null,null,null,null,null,null,{"$f":"+IF(N126=\"\",\"\",MAX(K$1:K125)+1)","v":""},{"$f":"IF(Deviation_w_Addon_CPMS1!C148=\"\",\"\",Deviation_w_Addon_CPMS1!C148)","v":""},"",{"$f":"IF(COUNTIF(L$2:L126,L126)=1,L126,\"\")","v":""}]
[null,null,null,null,null,null,null,null,null,null,{"$f":"+IF(N127=\"\",\"\",MAX(K$1:K126)+1)","v":""},{"$f":"IF(Deviation_w_Addon_CPMS1!C149=\"\",\"\",Deviation_w_Addon_CPMS1!C149)","v":""},"",{"$f":"IF(COUNTIF(L$2:L127,L127)=1,L127,\"\")","v":""}]
[null,null,null,null,null,null,null,null,null,null,{"$f":"+IF(N128=\"\",\"\",MAX(K$1:K127)+1)","v":""},{"$f":"IF(Deviation_w_Addon_CPMS1!C150=\"\",\"\",Deviation_w_Addon_CPMS1!C150)","v":""},"",{"$f":"IF(COUNTIF(L$2:L128,L128)=1,L128,\"\")","v":""}]
[null,null,null,null,null,null,null,null,null,null,{"$f":"+IF(N129=\"\",\"\",MAX(K$1:K128)+1)","v":""},{"$f":"IF(Deviation_w_Addon_CPMS1!C151=\"\",\"\",Deviation_w_Addon_CPMS1!C151)","v":""},"",{"$f":"IF(COUNTIF(L$2:L129,L129)=1,L129,\"\")","v":""}]
[null,null,null,null,null,null,null,null,null,null,{"$f":"+IF(N130=\"\",\"\",MAX(K$1:K129)+1)","v":""},{"$f":"IF(Deviation_w_Addon_CPMS1!C152=\"\",\"\",Deviation_w_Addon_CPMS1!C152)","v":""},{"$f":"+IFERROR(INDEX($L$2:$L$501,MATCH(ROW()-ROW($M$1),$K$2:$K$501,0)),\"\")","v":""},{"$f":"IF(COUNTIF(L$2:L130,L130)=1,L130,\"\")","v":""}]
[null,null,null,null,null,null,null,null,null,null,{"$f":"+IF(N131=\"\",\"\",MAX(K$1:K130)+1)","v":""},{"$f":"IF(Deviation_w_Addon_CPMS1!C153=\"\",\"\",Deviation_w_Addon_CPMS1!C153)","v":""},"",{"$f":"IF(COUNTIF(L$2:L131,L131)=1,L131,\"\")","v":""}]
[null,null,null,null,null,null,null,null,null,null,{"$f":"+IF(N132=\"\",\"\",MAX(K$1:K131)+1)","v":""},{"$f":"IF(Deviation_w_Addon_CPMS1!C154=\"\",\"\",Deviation_w_Addon_CPMS1!C154)","v":""},"",{"$f":"IF(COUNTIF(L$2:L132,L132)=1,L132,\"\")","v":""}]
[null,null,null,null,null,null,null,null,null,null,{"$f":"+IF(N133=\"\",\"\",MAX(K$1:K132)+1)","v":""},{"$f":"IF(Deviation_w_Addon_CPMS1!C155=\"\",\"\",Deviation_w_Addon_CPMS1!C155)","v":""},"",{"$f":"IF(COUNTIF(L$2:L133,L133)=1,L133,\"\")","v":""}]
[null,null,null,null,null,null,null,null,null,null,{"$f":"+IF(N134=\"\",\"\",MAX(K$1:K133)+1)","v":""},{"$f":"IF(Deviation_w_Addon_CPMS1!C156=\"\",\"\",Deviation_w_Addon_CPMS1!C156)","v":""},"",{"$f":"IF(COUNTIF(L$2:L134,L134)=1,L134,\"\")","v":""}]
[null,null,null,null,null,null,null,null,null,null,{"$f":"+IF(N135=\"\",\"\",MAX(K$1:K134)+1)","v":""},{"$f":"IF(Deviation_w_Addon_CPMS1!C157=\"\",\"\",Deviation_w_Addon_CPMS1!C157)","v":""},"",{"$f":"IF(COUNTIF(L$2:L135,L135)=1,L135,\"\")","v":""}]
[null,null,null,null,null,null,null,null,null,null,{"$f":"+IF(N136=\"\",\"\",MAX(K$1:K135)+1)","v":""},{"$f":"IF(Deviation_w_Addon_CPMS1!C158=\"\",\"\",Deviation_w_Addon_CPMS1!C158)","v":""},"",{"$f":"IF(COUNTIF(L$2:L136,L136)=1,L136,\"\")","v":""}]
[null,null,null,null,null,null,null,null,null,null,{"$f":"+IF(N137=\"\",\"\",MAX(K$1:K136)+1)","v":""},{"$f":"IF(Deviation_w_Addon_CPMS1!C159=\"\",\"\",Deviation_w_Addon_CPMS1!C159)","v":""},"",{"$f":"IF(COUNTIF(L$2:L137,L137)=1,L137,\"\")","v":""}]
[null,null,null,null,null,null,null,null,null,null,{"$f":"+IF(N138=\"\",\"\",MAX(K$1:K137)+1)","v":""},{"$f":"IF(Deviation_w_Addon_CPMS1!C160=\"\",\"\",Deviation_w_Addon_CPMS1!C160)","v":""},"",{"$f":"IF(COUNTIF(L$2:L138,L138)=1,L138,\"\")","v":""}]
[null,null,null,null,null,null,null,null,null,null,{"$f":"+IF(N139=\"\",\"\",MAX(K$1:K138)+1)","v":""},{"$f":"IF(Deviation_w_Addon_CPMS1!C161=\"\",\"\",Deviation_w_Addon_CPMS1!C161)","v":""},"",{"$f":"IF(COUNTIF(L$2:L139,L139)=1,L139,\"\")","v":""}]
[null,null,null,null,null,null,null,null,null,null,{"$f":"+IF(N140=\"\",\"\",MAX(K$1:K139)+1)","v":""},{"$f":"IF(Deviation_w_Addon_CPMS1!C162=\"\",\"\",Deviation_w_Addon_CPMS1!C162)","v":""},"",{"$f":"IF(COUNTIF(L$2:L140,L140)=1,L140,\"\")","v":""}]
[null,null,null,null,null,null,null,null,null,null,{"$f":"+IF(N141=\"\",\"\",MAX(K$1:K140)+1)","v":""},{"$f":"IF(Deviation_w_Addon_CPMS1!C163=\"\",\"\",Deviation_w_Addon_CPMS1!C163)","v":""},"",{"$f":"IF(COUNTIF(L$2:L141,L141)=1,L141,\"\")","v":""}]
[null,null,null,null,null,null,null,null,null,null,{"$f":"+IF(N142=\"\",\"\",MAX(K$1:K141)+1)","v":""},{"$f":"IF(Deviation_w_Addon_CPMS1!C164=\"\",\"\",Deviation_w_Addon_CPMS1!C164)","v":""},"",{"$f":"IF(COUNTIF(L$2:L142,L142)=1,L142,\"\")","v":""}]
[null,null,null,null,null,null,null,null,null,null,{"$f":"+IF(N143=\"\",\"\",MAX(K$1:K142)+1)","v":""},{"$f":"IF(Deviation_w_Addon_CPMS1!C165=\"\",\"\",Deviation_w_Addon_CPMS1!C165)","v":""},"",{"$f":"IF(COUNTIF(L$2:L143,L143)=1,L143,\"\")","v":""}]
[null,null,null,null,null,null,null,null,null,null,{"$f":"+IF(N144=\"\",\"\",MAX(K$1:K143)+1)","v":""},{"$f":"IF(Deviation_w_Addon_CPMS1!C166=\"\",\"\",Deviation_w_Addon_CPMS1!C166)","v":""},"",{"$f":"IF(COUNTIF(L$2:L144,L144)=1,L144,\"\")","v":""}]
[null,null,null,null,null,null,null,null,null,null,{"$f":"+IF(N145=\"\",\"\",MAX(K$1:K144)+1)","v":""},{"$f":"IF(Deviation_w_Addon_CPMS1!C167=\"\",\"\",Deviation_w_Addon_CPMS1!C167)","v":""},"",{"$f":"IF(COUNTIF(L$2:L145,L145)=1,L145,\"\")","v":""}]
[null,null,null,null,null,null,null,null,null,null,{"$f":"+IF(N146=\"\",\"\",MAX(K$1:K145)+1)","v":""},{"$f":"IF(Deviation_w_Addon_CPMS1!C168=\"\",\"\",Deviation_w_Addon_CPMS1!C168)","v":""},"",{"$f":"IF(COUNTIF(L$2:L146,L146)=1,L146,\"\")","v":""}]
[null,null,null,null,null,null,null,null,null,null,{"$f":"+IF(N147=\"\",\"\",MAX(K$1:K146)+1)","v":""},{"$f":"IF(Deviation_w_Addon_CPMS1!C169=\"\",\"\",Deviation_w_Addon_CPMS1!C169)","v":""},"",{"$f":"IF(COUNTIF(L$2:L147,L147)=1,L147,\"\")","v":""}]
[null,null,null,null,null,null,null,null,null,null,{"$f":"+IF(N148=\"\",\"\",MAX(K$1:K147)+1)","v":""},{"$f":"IF(Deviation_w_Addon_CPMS1!C170=\"\",\"\",Deviation_w_Addon_CPMS1!C170)","v":""},"",{"$f":"IF(COUNTIF(L$2:L148,L148)=1,L148,\"\")","v":""}]
[null,null,null,null,null,null,null,null,null,null,{"$f":"+IF(N149=\"\",\"\",MAX(K$1:K148)+1)","v":""},{"$f":"IF(Deviation_w_Addon_CPMS1!C171=\"\",\"\",Deviation_w_Addon_CPMS1!C171)","v":""},"",{"$f":"IF(COUNTIF(L$2:L149,L149)=1,L149,\"\")","v":""}]
[null,null,null,null,null,null,null,null,null,null,{"$f":"+IF(N150=\"\",\"\",MAX(K$1:K149)+1)","v":""},{"$f":"IF(Deviation_w_Addon_CPMS1!C172=\"\",\"\",Deviation_w_Addon_CPMS1!C172)","v":""},"",{"$f":"IF(COUNTIF(L$2:L150,L150)=1,L150,\"\")","v":""}]
[null,null,null,null,null,null,null,null,null,null,{"$f":"+IF(N151=\"\",\"\",MAX(K$1:K150)+1)","v":""},{"$f":"IF(Deviation_w_Addon_CPMS1!C173=\"\",\"\",Deviation_w_Addon_CPMS1!C173)","v":""},"",{"$f":"IF(COUNTIF(L$2:L151,L151)=1,L151,\"\")","v":""}]
[null,null,null,null,null,null,null,null,null,null,{"$f":"+IF(N152=\"\",\"\",MAX(K$1:K151)+1)","v":""},{"$f":"IF(Deviation_w_Addon_CPMS1!C174=\"\",\"\",Deviation_w_Addon_CPMS1!C174)","v":""},"",{"$f":"IF(COUNTIF(L$2:L152,L152)=1,L152,\"\")","v":""}]
[null,null,null,null,null,null,null,null,null,null,{"$f":"+IF(N153=\"\",\"\",MAX(K$1:K152)+1)","v":""},{"$f":"IF(Deviation_w_Addon_CPMS1!C175=\"\",\"\",Deviation_w_Addon_CPMS1!C175)","v":""},"",{"$f":"IF(COUNTIF(L$2:L153,L153)=1,L153,\"\")","v":""}]
[null,null,null,null,null,null,null,null,null,null,{"$f":"+IF(N154=\"\",\"\",MAX(K$1:K153)+1)","v":""},{"$f":"IF(Deviation_w_Addon_CPMS1!C176=\"\",\"\",Deviation_w_Addon_CPMS1!C176)","v":""},"",{"$f":"IF(COUNTIF(L$2:L154,L154)=1,L154,\"\")","v":""}]
[null,null,null,null,null,null,null,null,null,null,{"$f":"+IF(N155=\"\",\"\",MAX(K$1:K154)+1)","v":""},{"$f":"IF(Deviation_w_Addon_CPMS1!C177=\"\",\"\",Deviation_w_Addon_CPMS1!C177)","v":""},"",{"$f":"IF(COUNTIF(L$2:L155,L155)=1,L155,\"\")","v":""}]
[null,null,null,null,null,null,null,null,null,null,{"$f":"+IF(N156=\"\",\"\",MAX(K$1:K155)+1)","v":""},{"$f":"IF(Deviation_w_Addon_CPMS1!C178=\"\",\"\",Deviation_w_Addon_CPMS1!C178)","v":""},"",{"$f":"IF(COUNTIF(L$2:L156,L156)=1,L156,\"\")","v":""}]
[null,null,null,null,null,null,null,null,null,null,{"$f":"+IF(N157=\"\",\"\",MAX(K$1:K156)+1)","v":""},{"$f":"IF(Deviation_w_Addon_CPMS1!C179=\"\",\"\",Deviation_w_Addon_CPMS1!C179)","v":""},"",{"$f":"IF(COUNTIF(L$2:L157,L157)=1,L157,\"\")","v":""}]
[null,null,null,null,null,null,null,null,null,null,{"$f":"+IF(N158=\"\",\"\",MAX(K$1:K157)+1)","v":""},{"$f":"IF(Deviation_w_Addon_CPMS1!C180=\"\",\"\",Deviation_w_Addon_CPMS1!C180)","v":""},"",{"$f":"IF(COUNTIF(L$2:L158,L158)=1,L158,\"\")","v":""}]
[null,null,null,null,null,null,null,null,null,null,{"$f":"+IF(N159=\"\",\"\",MAX(K$1:K158)+1)","v":""},{"$f":"IF(Deviation_w_Addon_CPMS1!C181=\"\",\"\",Deviation_w_Addon_CPMS1!C181)","v":""},"",{"$f":"IF(COUNTIF(L$2:L159,L159)=1,L159,\"\")","v":""}]
[null,null,null,null,null,null,null,null,null,null,{"$f":"+IF(N160=\"\",\"\",MAX(K$1:K159)+1)","v":""},{"$f":"IF(Deviation_w_Addon_CPMS1!C182=\"\",\"\",Deviation_w_Addon_CPMS1!C182)","v":""},"",{"$f":"IF(COUNTIF(L$2:L160,L160)=1,L160,\"\")","v":""}]
[null,null,null,null,null,null,null,null,null,null,{"$f":"+IF(N161=\"\",\"\",MAX(K$1:K160)+1)","v":""},{"$f":"IF(Deviation_w_Addon_CPMS1!C183=\"\",\"\",Deviation_w_Addon_CPMS1!C183)","v":""},"",{"$f":"IF(COUNTIF(L$2:L161,L161)=1,L161,\"\")","v":""}]
[null,null,null,null,null,null,null,null,null,null,{"$f":"+IF(N162=\"\",\"\",MAX(K$1:K161)+1)","v":""},{"$f":"IF(Deviation_w_Addon_CPMS1!C184=\"\",\"\",Deviation_w_Addon_CPMS1!C184)","v":""},"",{"$f":"IF(COUNTIF(L$2:L162,L162)=1,L162,\"\")","v":""}]
[null,null,null,null,null,null,null,null,null,null,{"$f":"+IF(N163=\"\",\"\",MAX(K$1:K162)+1)","v":""},{"$f":"IF(Deviation_w_Addon_CPMS1!C185=\"\",\"\",Deviation_w_Addon_CPMS1!C185)","v":""},"",{"$f":"IF(COUNTIF(L$2:L163,L163)=1,L163,\"\")","v":""}]
[null,null,null,null,null,null,null,null,null,null,{"$f":"+IF(N164=\"\",\"\",MAX(K$1:K163)+1)","v":""},{"$f":"IF(Deviation_w_Addon_CPMS1!C186=\"\",\"\",Deviation_w_Addon_CPMS1!C186)","v":""},"",{"$f":"IF(COUNTIF(L$2:L164,L164)=1,L164,\"\")","v":""}]
[null,null,null,null,null,null,null,null,null,null,{"$f":"+IF(N165=\"\",\"\",MAX(K$1:K164)+1)","v":""},{"$f":"IF(Deviation_w_Addon_CPMS1!C187=\"\",\"\",Deviation_w_Addon_CPMS1!C187)","v":""},"",{"$f":"IF(COUNTIF(L$2:L165,L165)=1,L165,\"\")","v":""}]
[null,null,null,null,null,null,null,null,null,null,{"$f":"+IF(N166=\"\",\"\",MAX(K$1:K165)+1)","v":""},{"$f":"IF(Deviation_w_Addon_CPMS1!C188=\"\",\"\",Deviation_w_Addon_CPMS1!C188)","v":""},"",{"$f":"IF(COUNTIF(L$2:L166,L166)=1,L166,\"\")","v":""}]
[null,null,null,null,null,null,null,null,null,null,{"$f":"+IF(N167=\"\",\"\",MAX(K$1:K166)+1)","v":""},{"$f":"IF(Deviation_w_Addon_CPMS1!C189=\"\",\"\",Deviation_w_Addon_CPMS1!C189)","v":""},"",{"$f":"IF(COUNTIF(L$2:L167,L167)=1,L167,\"\")","v":""}]
[null,null,null,null,null,null,null,null,null,null,{"$f":"+IF(N168=\"\",\"\",MAX(K$1:K167)+1)","v":""},{"$f":"IF(Deviation_w_Addon_CPMS1!C190=\"\",\"\",Deviation_w_Addon_CPMS1!C190)","v":""},"",{"$f":"IF(COUNTIF(L$2:L168,L168)=1,L168,\"\")","v":""}]
[null,null,null,null,null,null,null,null,null,null,{"$f":"+IF(N169=\"\",\"\",MAX(K$1:K168)+1)","v":""},{"$f":"IF(Deviation_w_Addon_CPMS1!C191=\"\",\"\",Deviation_w_Addon_CPMS1!C191)","v":""},"",{"$f":"IF(COUNTIF(L$2:L169,L169)=1,L169,\"\")","v":""}]
[null,null,null,null,null,null,null,null,null,null,{"$f":"+IF(N170=\"\",\"\",MAX(K$1:K169)+1)","v":""},{"$f":"IF(Deviation_w_Addon_CPMS1!C192=\"\",\"\",Deviation_w_Addon_CPMS1!C192)","v":""},"",{"$f":"IF(COUNTIF(L$2:L170,L170)=1,L170,\"\")","v":""}]
[null,null,null,null,null,null,null,null,null,null,{"$f":"+IF(N171=\"\",\"\",MAX(K$1:K170)+1)","v":""},{"$f":"IF(Deviation_w_Addon_CPMS1!C193=\"\",\"\",Deviation_w_Addon_CPMS1!C193)","v":""},"",{"$f":"IF(COUNTIF(L$2:L171,L171)=1,L171,\"\")","v":""}]
[null,null,null,null,null,null,null,null,null,null,{"$f":"+IF(N172=\"\",\"\",MAX(K$1:K171)+1)","v":""},{"$f":"IF(Deviation_w_Addon_CPMS1!C194=\"\",\"\",Deviation_w_Addon_CPMS1!C194)","v":""},"",{"$f":"IF(COUNTIF(L$2:L172,L172)=1,L172,\"\")","v":""}]
[null,null,null,null,null,null,null,null,null,null,{"$f":"+IF(N173=\"\",\"\",MAX(K$1:K172)+1)","v":""},{"$f":"IF(Deviation_w_Addon_CPMS1!C195=\"\",\"\",Deviation_w_Addon_CPMS1!C195)","v":""},"",{"$f":"IF(COUNTIF(L$2:L173,L173)=1,L173,\"\")","v":""}]
[null,null,null,null,null,null,null,null,null,null,{"$f":"+IF(N174=\"\",\"\",MAX(K$1:K173)+1)","v":""},{"$f":"IF(Deviation_w_Addon_CPMS1!C196=\"\",\"\",Deviation_w_Addon_CPMS1!C196)","v":""},"",{"$f":"IF(COUNTIF(L$2:L174,L174)=1,L174,\"\")","v":""}]
[null,null,null,null,null,null,null,null,null,null,{"$f":"+IF(N175=\"\",\"\",MAX(K$1:K174)+1)","v":""},{"$f":"IF(Deviation_w_Addon_CPMS1!C197=\"\",\"\",Deviation_w_Addon_CPMS1!C197)","v":""},"",{"$f":"IF(COUNTIF(L$2:L175,L175)=1,L175,\"\")","v":""}]
[null,null,null,null,null,null,null,null,null,null,{"$f":"+IF(N176=\"\",\"\",MAX(K$1:K175)+1)","v":""},{"$f":"IF(Deviation_w_Addon_CPMS1!C198=\"\",\"\",Deviation_w_Addon_CPMS1!C198)","v":""},"",{"$f":"IF(COUNTIF(L$2:L176,L176)=1,L176,\"\")","v":""}]
[null,null,null,null,null,null,null,null,null,null,{"$f":"+IF(N177=\"\",\"\",MAX(K$1:K176)+1)","v":""},{"$f":"IF(Deviation_w_Addon_CPMS1!C199=\"\",\"\",Deviation_w_Addon_CPMS1!C199)","v":""},"",{"$f":"IF(COUNTIF(L$2:L177,L177)=1,L177,\"\")","v":""}]
[null,null,null,null,null,null,null,null,null,null,{"$f":"+IF(N178=\"\",\"\",MAX(K$1:K177)+1)","v":""},{"$f":"IF(Deviation_w_Addon_CPMS1!C200=\"\",\"\",Deviation_w_Addon_CPMS1!C200)","v":""},"",{"$f":"IF(COUNTIF(L$2:L178,L178)=1,L178,\"\")","v":""}]
[null,null,null,null,null,null,null,null,null,null,{"$f":"+IF(N179=\"\",\"\",MAX(K$1:K178)+1)","v":""},{"$f":"IF(Deviation_w_Addon_CPMS1!C201=\"\",\"\",Deviation_w_Addon_CPMS1!C201)","v":""},"",{"$f":"IF(COUNTIF(L$2:L179,L179)=1,L179,\"\")","v":""}]
[null,null,null,null,null,null,null,null,null,null,{"$f":"+IF(N180=\"\",\"\",MAX(K$1:K179)+1)","v":""},{"$f":"IF(Deviation_w_Addon_CPMS1!C202=\"\",\"\",Deviation_w_Addon_CPMS1!C202)","v":""},"",{"$f":"IF(COUNTIF(L$2:L180,L180)=1,L180,\"\")","v":""}]
[null,null,null,null,null,null,null,null,null,null,{"$f":"+IF(N181=\"\",\"\",MAX(K$1:K180)+1)","v":""},{"$f":"IF(Deviation_w_Addon_CPMS1!C203=\"\",\"\",Deviation_w_Addon_CPMS1!C203)","v":""},"",{"$f":"IF(COUNTIF(L$2:L181,L181)=1,L181,\"\")","v":""}]
[null,null,null,null,null,null,null,null,null,null,{"$f":"+IF(N182=\"\",\"\",MAX(K$1:K181)+1)","v":""},{"$f":"IF(Deviation_w_Addon_CPMS1!C204=\"\",\"\",Deviation_w_Addon_CPMS1!C204)","v":""},"",{"$f":"IF(COUNTIF(L$2:L182,L182)=1,L182,\"\")","v":""}]
[null,null,null,null,null,null,null,null,null,null,{"$f":"+IF(N183=\"\",\"\",MAX(K$1:K182)+1)","v":""},{"$f":"IF(Deviation_w_Addon_CPMS1!C205=\"\",\"\",Deviation_w_Addon_CPMS1!C205)","v":""},"",{"$f":"IF(COUNTIF(L$2:L183,L183)=1,L183,\"\")","v":""}]
[null,null,null,null,null,null,null,null,null,null,{"$f":"+IF(N184=\"\",\"\",MAX(K$1:K183)+1)","v":""},{"$f":"IF(Deviation_w_Addon_CPMS1!C206=\"\",\"\",Deviation_w_Addon_CPMS1!C206)","v":""},"",{"$f":"IF(COUNTIF(L$2:L184,L184)=1,L184,\"\")","v":""}]
[null,null,null,null,null,null,null,null,null,null,{"$f":"+IF(N185=\"\",\"\",MAX(K$1:K184)+1)","v":""},{"$f":"IF(Deviation_w_Addon_CPMS1!C207=\"\",\"\",Deviation_w_Addon_CPMS1!C207)","v":""},"",{"$f":"IF(COUNTIF(L$2:L185,L185)=1,L185,\"\")","v":""}]
[null,null,null,null,null,null,null,null,null,null,{"$f":"+IF(N186=\"\",\"\",MAX(K$1:K185)+1)","v":""},{"$f":"IF(Deviation_w_Addon_CPMS1!C208=\"\",\"\",Deviation_w_Addon_CPMS1!C208)","v":""},"",{"$f":"IF(COUNTIF(L$2:L186,L186)=1,L186,\"\")","v":""}]
[null,null,null,null,null,null,null,null,null,null,{"$f":"+IF(N187=\"\",\"\",MAX(K$1:K186)+1)","v":""},{"$f":"IF(Deviation_w_Addon_CPMS1!C209=\"\",\"\",Deviation_w_Addon_CPMS1!C209)","v":""},"",{"$f":"IF(COUNTIF(L$2:L187,L187)=1,L187,\"\")","v":""}]
[null,null,null,null,null,null,null,null,null,null,{"$f":"+IF(N188=\"\",\"\",MAX(K$1:K187)+1)","v":""},{"$f":"IF(Deviation_w_Addon_CPMS1!C210=\"\",\"\",Deviation_w_Addon_CPMS1!C210)","v":""},"",{"$f":"IF(COUNTIF(L$2:L188,L188)=1,L188,\"\")","v":""}]
[null,null,null,null,null,null,null,null,null,null,{"$f":"+IF(N189=\"\",\"\",MAX(K$1:K188)+1)","v":""},{"$f":"IF(Deviation_w_Addon_CPMS1!C211=\"\",\"\",Deviation_w_Addon_CPMS1!C211)","v":""},"",{"$f":"IF(COUNTIF(L$2:L189,L189)=1,L189,\"\")","v":""}]
[null,null,null,null,null,null,null,null,null,null,{"$f":"+IF(N190=\"\",\"\",MAX(K$1:K189)+1)","v":""},{"$f":"IF(Deviation_w_Addon_CPMS1!C212=\"\",\"\",Deviation_w_Addon_CPMS1!C212)","v":""},"",{"$f":"IF(COUNTIF(L$2:L190,L190)=1,L190,\"\")","v":""}]
[null,null,null,null,null,null,null,null,null,null,{"$f":"+IF(N191=\"\",\"\",MAX(K$1:K190)+1)","v":""},{"$f":"IF(Deviation_w_Addon_CPMS1!C213=\"\",\"\",Deviation_w_Addon_CPMS1!C213)","v":""},"",{"$f":"IF(COUNTIF(L$2:L191,L191)=1,L191,\"\")","v":""}]
[null,null,null,null,null,null,null,null,null,null,{"$f":"+IF(N192=\"\",\"\",MAX(K$1:K191)+1)","v":""},{"$f":"IF(Deviation_w_Addon_CPMS1!C214=\"\",\"\",Deviation_w_Addon_CPMS1!C214)","v":""},"",{"$f":"IF(COUNTIF(L$2:L192,L192)=1,L192,\"\")","v":""}]
[null,null,null,null,null,null,null,null,null,null,{"$f":"+IF(N193=\"\",\"\",MAX(K$1:K192)+1)","v":""},{"$f":"IF(Deviation_w_Addon_CPMS1!C215=\"\",\"\",Deviation_w_Addon_CPMS1!C215)","v":""},"",{"$f":"IF(COUNTIF(L$2:L193,L193)=1,L193,\"\")","v":""}]
[null,null,null,null,null,null,null,null,null,null,{"$f":"+IF(N194=\"\",\"\",MAX(K$1:K193)+1)","v":""},{"$f":"IF(Deviation_w_Addon_CPMS1!C216=\"\",\"\",Deviation_w_Addon_CPMS1!C216)","v":""},{"$f":"+IFERROR(INDEX($L$2:$L$501,MATCH(ROW()-ROW($M$1),$K$2:$K$501,0)),\"\")","v":""},{"$f":"IF(COUNTIF(L$2:L194,L194)=1,L194,\"\")","v":""}]
[null,null,null,null,null,null,null,null,null,null,{"$f":"+IF(N195=\"\",\"\",MAX(K$1:K194)+1)","v":""},{"$f":"IF(Deviation_w_Addon_CPMS1!C217=\"\",\"\",Deviation_w_Addon_CPMS1!C217)","v":""},"",{"$f":"IF(COUNTIF(L$2:L195,L195)=1,L195,\"\")","v":""}]
[null,null,null,null,null,null,null,null,null,null,{"$f":"+IF(N196=\"\",\"\",MAX(K$1:K195)+1)","v":""},{"$f":"IF(Deviation_w_Addon_CPMS1!C218=\"\",\"\",Deviation_w_Addon_CPMS1!C218)","v":""},"",{"$f":"IF(COUNTIF(L$2:L196,L196)=1,L196,\"\")","v":""}]
[null,null,null,null,null,null,null,null,null,null,{"$f":"+IF(N197=\"\",\"\",MAX(K$1:K196)+1)","v":""},{"$f":"IF(Deviation_w_Addon_CPMS1!C219=\"\",\"\",Deviation_w_Addon_CPMS1!C219)","v":""},"",{"$f":"IF(COUNTIF(L$2:L197,L197)=1,L197,\"\")","v":""}]
[null,null,null,null,null,null,null,null,null,null,{"$f":"+IF(N198=\"\",\"\",MAX(K$1:K197)+1)","v":""},{"$f":"IF(Deviation_w_Addon_CPMS1!C220=\"\",\"\",Deviation_w_Addon_CPMS1!C220)","v":""},"",{"$f":"IF(COUNTIF(L$2:L198,L198)=1,L198,\"\")","v":""}]
[null,null,null,null,null,null,null,null,null,null,{"$f":"+IF(N199=\"\",\"\",MAX(K$1:K198)+1)","v":""},{"$f":"IF(Deviation_w_Addon_CPMS1!C221=\"\",\"\",Deviation_w_Addon_CPMS1!C221)","v":""},"",{"$f":"IF(COUNTIF(L$2:L199,L199)=1,L199,\"\")","v":""}]
[null,null,null,null,null,null,null,null,null,null,{"$f":"+IF(N200=\"\",\"\",MAX(K$1:K199)+1)","v":""},{"$f":"IF(Deviation_w_Addon_CPMS1!C222=\"\",\"\",Deviation_w_Addon_CPMS1!C222)","v":""},"",{"$f":"IF(COUNTIF(L$2:L200,L200)=1,L200,\"\")","v":""}]
[null,null,null,null,null,null,null,null,null,null,{"$f":"+IF(N201=\"\",\"\",MAX(K$1:K200)+1)","v":""},{"$f":"IF(Deviation_w_Addon_CPMS1!C223=\"\",\"\",Deviation_w_Addon_CPMS1!C223)","v":""},"",{"$f":"IF(COUNTIF(L$2:L201,L201)=1,L201,\"\")","v":""}]
[null,null,null,null,null,null,null,null,null,null,{"$f":"+IF(N202=\"\",\"\",MAX(K$1:K201)+1)","v":""},{"$f":"IF(Deviation_w_Addon_CPMS1!C224=\"\",\"\",Deviation_w_Addon_CPMS1!C224)","v":""},"",{"$f":"IF(COUNTIF(L$2:L202,L202)=1,L202,\"\")","v":""}]
[null,null,null,null,null,null,null,null,null,null,{"$f":"+IF(N203=\"\",\"\",MAX(K$1:K202)+1)","v":""},{"$f":"IF(Deviation_w_Addon_CPMS1!C225=\"\",\"\",Deviation_w_Addon_CPMS1!C225)","v":""},"",{"$f":"IF(COUNTIF(L$2:L203,L203)=1,L203,\"\")","v":""}]
[null,null,null,null,null,null,null,null,null,null,{"$f":"+IF(N204=\"\",\"\",MAX(K$1:K203)+1)","v":""},{"$f":"IF(Deviation_w_Addon_CPMS1!C226=\"\",\"\",Deviation_w_Addon_CPMS1!C226)","v":""},"",{"$f":"IF(COUNTIF(L$2:L204,L204)=1,L204,\"\")","v":""}]
[null,null,null,null,null,null,null,null,null,null,{"$f":"+IF(N205=\"\",\"\",MAX(K$1:K204)+1)","v":""},{"$f":"IF(Deviation_w_Addon_CPMS1!C227=\"\",\"\",Deviation_w_Addon_CPMS1!C227)","v":""},"",{"$f":"IF(COUNTIF(L$2:L205,L205)=1,L205,\"\")","v":""}]
[null,null,null,null,null,null,null,null,null,null,{"$f":"+IF(N206=\"\",\"\",MAX(K$1:K205)+1)","v":""},{"$f":"IF(Deviation_w_Addon_CPMS1!C228=\"\",\"\",Deviation_w_Addon_CPMS1!C228)","v":""},"",{"$f":"IF(COUNTIF(L$2:L206,L206)=1,L206,\"\")","v":""}]
[null,null,null,null,null,null,null,null,null,null,{"$f":"+IF(N207=\"\",\"\",MAX(K$1:K206)+1)","v":""},{"$f":"IF(Deviation_w_Addon_CPMS1!C229=\"\",\"\",Deviation_w_Addon_CPMS1!C229)","v":""},"",{"$f":"IF(COUNTIF(L$2:L207,L207)=1,L207,\"\")","v":""}]
[null,null,null,null,null,null,null,null,null,null,{"$f":"+IF(N208=\"\",\"\",MAX(K$1:K207)+1)","v":""},{"$f":"IF(Deviation_w_Addon_CPMS1!C230=\"\",\"\",Deviation_w_Addon_CPMS1!C230)","v":""},"",{"$f":"IF(COUNTIF(L$2:L208,L208)=1,L208,\"\")","v":""}]
[null,null,null,null,null,null,null,null,null,null,{"$f":"+IF(N209=\"\",\"\",MAX(K$1:K208)+1)","v":""},{"$f":"IF(Deviation_w_Addon_CPMS1!C231=\"\",\"\",Deviation_w_Addon_CPMS1!C231)","v":""},"",{"$f":"IF(COUNTIF(L$2:L209,L209)=1,L209,\"\")","v":""}]
[null,null,null,null,null,null,null,null,null,null,{"$f":"+IF(N210=\"\",\"\",MAX(K$1:K209)+1)","v":""},{"$f":"IF(Deviation_w_Addon_CPMS1!C232=\"\",\"\",Deviation_w_Addon_CPMS1!C232)","v":""},"",{"$f":"IF(COUNTIF(L$2:L210,L210)=1,L210,\"\")","v":""}]
[null,null,null,null,null,null,null,null,null,null,{"$f":"+IF(N211=\"\",\"\",MAX(K$1:K210)+1)","v":""},{"$f":"IF(Deviation_w_Addon_CPMS1!C233=\"\",\"\",Deviation_w_Addon_CPMS1!C233)","v":""},"",{"$f":"IF(COUNTIF(L$2:L211,L211)=1,L211,\"\")","v":""}]
[null,null,null,null,null,null,null,null,null,null,{"$f":"+IF(N212=\"\",\"\",MAX(K$1:K211)+1)","v":""},{"$f":"IF(Deviation_w_Addon_CPMS1!C234=\"\",\"\",Deviation_w_Addon_CPMS1!C234)","v":""},"",{"$f":"IF(COUNTIF(L$2:L212,L212)=1,L212,\"\")","v":""}]
[null,null,null,null,null,null,null,null,null,null,{"$f":"+IF(N213=\"\",\"\",MAX(K$1:K212)+1)","v":""},{"$f":"IF(Deviation_w_Addon_CPMS1!C235=\"\",\"\",Deviation_w_Addon_CPMS1!C235)","v":""},"",{"$f":"IF(COUNTIF(L$2:L213,L213)=1,L213,\"\")","v":""}]
[null,null,null,null,null,null,null,null,null,null,{"$f":"+IF(N214=\"\",\"\",MAX(K$1:K213)+1)","v":""},{"$f":"IF(Deviation_w_Addon_CPMS1!C236=\"\",\"\",Deviation_w_Addon_CPMS1!C236)","v":""},"",{"$f":"IF(COUNTIF(L$2:L214,L214)=1,L214,\"\")","v":""}]
[null,null,null,null,null,null,null,null,null,null,{"$f":"+IF(N215=\"\",\"\",MAX(K$1:K214)+1)","v":""},{"$f":"IF(Deviation_w_Addon_CPMS1!C237=\"\",\"\",Deviation_w_Addon_CPMS1!C237)","v":""},"",{"$f":"IF(COUNTIF(L$2:L215,L215)=1,L215,\"\")","v":""}]
[null,null,null,null,null,null,null,null,null,null,{"$f":"+IF(N216=\"\",\"\",MAX(K$1:K215)+1)","v":""},{"$f":"IF(Deviation_w_Addon_CPMS1!C238=\"\",\"\",Deviation_w_Addon_CPMS1!C238)","v":""},"",{"$f":"IF(COUNTIF(L$2:L216,L216)=1,L216,\"\")","v":""}]
[null,null,null,null,null,null,null,null,null,null,{"$f":"+IF(N217=\"\",\"\",MAX(K$1:K216)+1)","v":""},{"$f":"IF(Deviation_w_Addon_CPMS1!C239=\"\",\"\",Deviation_w_Addon_CPMS1!C239)","v":""},"",{"$f":"IF(COUNTIF(L$2:L217,L217)=1,L217,\"\")","v":""}]
[null,null,null,null,null,null,null,null,null,null,{"$f":"+IF(N218=\"\",\"\",MAX(K$1:K217)+1)","v":""},{"$f":"IF(Deviation_w_Addon_CPMS1!C240=\"\",\"\",Deviation_w_Addon_CPMS1!C240)","v":""},"",{"$f":"IF(COUNTIF(L$2:L218,L218)=1,L218,\"\")","v":""}]
[null,null,null,null,null,null,null,null,null,null,{"$f":"+IF(N219=\"\",\"\",MAX(K$1:K218)+1)","v":""},{"$f":"IF(Deviation_w_Addon_CPMS1!C241=\"\",\"\",Deviation_w_Addon_CPMS1!C241)","v":""},"",{"$f":"IF(COUNTIF(L$2:L219,L219)=1,L219,\"\")","v":""}]
[null,null,null,null,null,null,null,null,null,null,{"$f":"+IF(N220=\"\",\"\",MAX(K$1:K219)+1)","v":""},{"$f":"IF(Deviation_w_Addon_CPMS1!C242=\"\",\"\",Deviation_w_Addon_CPMS1!C242)","v":""},"",{"$f":"IF(COUNTIF(L$2:L220,L220)=1,L220,\"\")","v":""}]
[null,null,null,null,null,null,null,null,null,null,{"$f":"+IF(N221=\"\",\"\",MAX(K$1:K220)+1)","v":""},{"$f":"IF(Deviation_w_Addon_CPMS1!C243=\"\",\"\",Deviation_w_Addon_CPMS1!C243)","v":""},"",{"$f":"IF(COUNTIF(L$2:L221,L221)=1,L221,\"\")","v":""}]
[null,null,null,null,null,null,null,null,null,null,{"$f":"+IF(N222=\"\",\"\",MAX(K$1:K221)+1)","v":""},{"$f":"IF(Deviation_w_Addon_CPMS1!C244=\"\",\"\",Deviation_w_Addon_CPMS1!C244)","v":""},"",{"$f":"IF(COUNTIF(L$2:L222,L222)=1,L222,\"\")","v":""}]
[null,null,null,null,null,null,null,null,null,null,{"$f":"+IF(N223=\"\",\"\",MAX(K$1:K222)+1)","v":""},{"$f":"IF(Deviation_w_Addon_CPMS1!C245=\"\",\"\",Deviation_w_Addon_CPMS1!C245)","v":""},"",{"$f":"IF(COUNTIF(L$2:L223,L223)=1,L223,\"\")","v":""}]
[null,null,null,null,null,null,null,null,null,null,{"$f":"+IF(N224=\"\",\"\",MAX(K$1:K223)+1)","v":""},{"$f":"IF(Deviation_w_Addon_CPMS1!C246=\"\",\"\",Deviation_w_Addon_CPMS1!C246)","v":""},"",{"$f":"IF(COUNTIF(L$2:L224,L224)=1,L224,\"\")","v":""}]
[null,null,null,null,null,null,null,null,null,null,{"$f":"+IF(N225=\"\",\"\",MAX(K$1:K224)+1)","v":""},{"$f":"IF(Deviation_w_Addon_CPMS1!C247=\"\",\"\",Deviation_w_Addon_CPMS1!C247)","v":""},"",{"$f":"IF(COUNTIF(L$2:L225,L225)=1,L225,\"\")","v":""}]
[null,null,null,null,null,null,null,null,null,null,{"$f":"+IF(N226=\"\",\"\",MAX(K$1:K225)+1)","v":""},{"$f":"IF(Deviation_w_Addon_CPMS1!C248=\"\",\"\",Deviation_w_Addon_CPMS1!C248)","v":""},"",{"$f":"IF(COUNTIF(L$2:L226,L226)=1,L226,\"\")","v":""}]
[null,null,null,null,null,null,null,null,null,null,{"$f":"+IF(N227=\"\",\"\",MAX(K$1:K226)+1)","v":""},{"$f":"IF(Deviation_w_Addon_CPMS1!C249=\"\",\"\",Deviation_w_Addon_CPMS1!C249)","v":""},"",{"$f":"IF(COUNTIF(L$2:L227,L227)=1,L227,\"\")","v":""}]
[null,null,null,null,null,null,null,null,null,null,{"$f":"+IF(N228=\"\",\"\",MAX(K$1:K227)+1)","v":""},{"$f":"IF(Deviation_w_Addon_CPMS1!C250=\"\",\"\",Deviation_w_Addon_CPMS1!C250)","v":""},"",{"$f":"IF(COUNTIF(L$2:L228,L228)=1,L228,\"\")","v":""}]
[null,null,null,null,null,null,null,null,null,null,{"$f":"+IF(N229=\"\",\"\",MAX(K$1:K228)+1)","v":""},{"$f":"IF(Deviation_w_Addon_CPMS1!C251=\"\",\"\",Deviation_w_Addon_CPMS1!C251)","v":""},"",{"$f":"IF(COUNTIF(L$2:L229,L229)=1,L229,\"\")","v":""}]
[null,null,null,null,null,null,null,null,null,null,{"$f":"+IF(N230=\"\",\"\",MAX(K$1:K229)+1)","v":""},{"$f":"IF(Deviation_w_Addon_CPMS1!C252=\"\",\"\",Deviation_w_Addon_CPMS1!C252)","v":""},"",{"$f":"IF(COUNTIF(L$2:L230,L230)=1,L230,\"\")","v":""}]
[null,null,null,null,null,null,null,null,null,null,{"$f":"+IF(N231=\"\",\"\",MAX(K$1:K230)+1)","v":""},{"$f":"IF(Deviation_w_Addon_CPMS1!C253=\"\",\"\",Deviation_w_Addon_CPMS1!C253)","v":""},"",{"$f":"IF(COUNTIF(L$2:L231,L231)=1,L231,\"\")","v":""}]
[null,null,null,null,null,null,null,null,null,null,{"$f":"+IF(N232=\"\",\"\",MAX(K$1:K231)+1)","v":""},{"$f":"IF(Deviation_w_Addon_CPMS1!C254=\"\",\"\",Deviation_w_Addon_CPMS1!C254)","v":""},"",{"$f":"IF(COUNTIF(L$2:L232,L232)=1,L232,\"\")","v":""}]
[null,null,null,null,null,null,null,null,null,null,{"$f":"+IF(N233=\"\",\"\",MAX(K$1:K232)+1)","v":""},{"$f":"IF(Deviation_w_Addon_CPMS1!C255=\"\",\"\",Deviation_w_Addon_CPMS1!C255)","v":""},"",{"$f":"IF(COUNTIF(L$2:L233,L233)=1,L233,\"\")","v":""}]
[null,null,null,null,null,null,null,null,null,null,{"$f":"+IF(N234=\"\",\"\",MAX(K$1:K233)+1)","v":""},{"$f":"IF(Deviation_w_Addon_CPMS1!C256=\"\",\"\",Deviation_w_Addon_CPMS1!C256)","v":""},"",{"$f":"IF(COUNTIF(L$2:L234,L234)=1,L234,\"\")","v":""}]
[null,null,null,null,null,null,null,null,null,null,{"$f":"+IF(N235=\"\",\"\",MAX(K$1:K234)+1)","v":""},{"$f":"IF(Deviation_w_Addon_CPMS1!C257=\"\",\"\",Deviation_w_Addon_CPMS1!C257)","v":""},"",{"$f":"IF(COUNTIF(L$2:L235,L235)=1,L235,\"\")","v":""}]
[null,null,null,null,null,null,null,null,null,null,{"$f":"+IF(N236=\"\",\"\",MAX(K$1:K235)+1)","v":""},{"$f":"IF(Deviation_w_Addon_CPMS1!C258=\"\",\"\",Deviation_w_Addon_CPMS1!C258)","v":""},"",{"$f":"IF(COUNTIF(L$2:L236,L236)=1,L236,\"\")","v":""}]
[null,null,null,null,null,null,null,null,null,null,{"$f":"+IF(N237=\"\",\"\",MAX(K$1:K236)+1)","v":""},{"$f":"IF(Deviation_w_Addon_CPMS1!C259=\"\",\"\",Deviation_w_Addon_CPMS1!C259)","v":""},"",{"$f":"IF(COUNTIF(L$2:L237,L237)=1,L237,\"\")","v":""}]
[null,null,null,null,null,null,null,null,null,null,{"$f":"+IF(N238=\"\",\"\",MAX(K$1:K237)+1)","v":""},{"$f":"IF(Deviation_w_Addon_CPMS1!C260=\"\",\"\",Deviation_w_Addon_CPMS1!C260)","v":""},"",{"$f":"IF(COUNTIF(L$2:L238,L238)=1,L238,\"\")","v":""}]
[null,null,null,null,null,null,null,null,null,null,{"$f":"+IF(N239=\"\",\"\",MAX(K$1:K238)+1)","v":""},{"$f":"IF(Deviation_w_Addon_CPMS1!C261=\"\",\"\",Deviation_w_Addon_CPMS1!C261)","v":""},"",{"$f":"IF(COUNTIF(L$2:L239,L239)=1,L239,\"\")","v":""}]
[null,null,null,null,null,null,null,null,null,null,{"$f":"+IF(N240=\"\",\"\",MAX(K$1:K239)+1)","v":""},{"$f":"IF(Deviation_w_Addon_CPMS1!C262=\"\",\"\",Deviation_w_Addon_CPMS1!C262)","v":""},"",{"$f":"IF(COUNTIF(L$2:L240,L240)=1,L240,\"\")","v":""}]
[null,null,null,null,null,null,null,null,null,null,{"$f":"+IF(N241=\"\",\"\",MAX(K$1:K240)+1)","v":""},{"$f":"IF(Deviation_w_Addon_CPMS1!C263=\"\",\"\",Deviation_w_Addon_CPMS1!C263)","v":""},"",{"$f":"IF(COUNTIF(L$2:L241,L241)=1,L241,\"\")","v":""}]
[null,null,null,null,null,null,null,null,null,null,{"$f":"+IF(N242=\"\",\"\",MAX(K$1:K241)+1)","v":""},{"$f":"IF(Deviation_w_Addon_CPMS1!C264=\"\",\"\",Deviation_w_Addon_CPMS1!C264)","v":""},"",{"$f":"IF(COUNTIF(L$2:L242,L242)=1,L242,\"\")","v":""}]
[null,null,null,null,null,null,null,null,null,null,{"$f":"+IF(N243=\"\",\"\",MAX(K$1:K242)+1)","v":""},{"$f":"IF(Deviation_w_Addon_CPMS1!C265=\"\",\"\",Deviation_w_Addon_CPMS1!C265)","v":""},"",{"$f":"IF(COUNTIF(L$2:L243,L243)=1,L243,\"\")","v":""}]
[null,null,null,null,null,null,null,null,null,null,{"$f":"+IF(N244=\"\",\"\",MAX(K$1:K243)+1)","v":""},{"$f":"IF(Deviation_w_Addon_CPMS1!C266=\"\",\"\",Deviation_w_Addon_CPMS1!C266)","v":""},"",{"$f":"IF(COUNTIF(L$2:L244,L244)=1,L244,\"\")","v":""}]
[null,null,null,null,null,null,null,null,null,null,{"$f":"+IF(N245=\"\",\"\",MAX(K$1:K244)+1)","v":""},{"$f":"IF(Deviation_w_Addon_CPMS1!C267=\"\",\"\",Deviation_w_Addon_CPMS1!C267)","v":""},"",{"$f":"IF(COUNTIF(L$2:L245,L245)=1,L245,\"\")","v":""}]
[null,null,null,null,null,null,null,null,null,null,{"$f":"+IF(N246=\"\",\"\",MAX(K$1:K245)+1)","v":""},{"$f":"IF(Deviation_w_Addon_CPMS1!C268=\"\",\"\",Deviation_w_Addon_CPMS1!C268)","v":""},"",{"$f":"IF(COUNTIF(L$2:L246,L246)=1,L246,\"\")","v":""}]
[null,null,null,null,null,null,null,null,null,null,{"$f":"+IF(N247=\"\",\"\",MAX(K$1:K246)+1)","v":""},{"$f":"IF(Deviation_w_Addon_CPMS1!C269=\"\",\"\",Deviation_w_Addon_CPMS1!C269)","v":""},"",{"$f":"IF(COUNTIF(L$2:L247,L247)=1,L247,\"\")","v":""}]
[null,null,null,null,null,null,null,null,null,null,{"$f":"+IF(N248=\"\",\"\",MAX(K$1:K247)+1)","v":""},{"$f":"IF(Deviation_w_Addon_CPMS1!C270=\"\",\"\",Deviation_w_Addon_CPMS1!C270)","v":""},"",{"$f":"IF(COUNTIF(L$2:L248,L248)=1,L248,\"\")","v":""}]
[null,null,null,null,null,null,null,null,null,null,{"$f":"+IF(N249=\"\",\"\",MAX(K$1:K248)+1)","v":""},{"$f":"IF(Deviation_w_Addon_CPMS1!C271=\"\",\"\",Deviation_w_Addon_CPMS1!C271)","v":""},"",{"$f":"IF(COUNTIF(L$2:L249,L249)=1,L249,\"\")","v":""}]
[null,null,null,null,null,null,null,null,null,null,{"$f":"+IF(N250=\"\",\"\",MAX(K$1:K249)+1)","v":""},{"$f":"IF(Deviation_w_Addon_CPMS1!C272=\"\",\"\",Deviation_w_Addon_CPMS1!C272)","v":""},"",{"$f":"IF(COUNTIF(L$2:L250,L250)=1,L250,\"\")","v":""}]
[null,null,null,null,null,null,null,null,null,null,{"$f":"+IF(N251=\"\",\"\",MAX(K$1:K250)+1)","v":""},{"$f":"IF(Deviation_w_Addon_CPMS1!C273=\"\",\"\",Deviation_w_Addon_CPMS1!C273)","v":""},"",{"$f":"IF(COUNTIF(L$2:L251,L251)=1,L251,\"\")","v":""}]
[null,null,null,null,null,null,null,null,null,null,{"$f":"+IF(N252=\"\",\"\",MAX(K$1:K251)+1)","v":""},{"$f":"IF(Deviation_w_Addon_CPMS1!C274=\"\",\"\",Deviation_w_Addon_CPMS1!C274)","v":""},"",{"$f":"IF(COUNTIF(L$2:L252,L252)=1,L252,\"\")","v":""}]
[null,null,null,null,null,null,null,null,null,null,{"$f":"+IF(N253=\"\",\"\",MAX(K$1:K252)+1)","v":""},{"$f":"IF(Deviation_w_Addon_CPMS1!C275=\"\",\"\",Deviation_w_Addon_CPMS1!C275)","v":""},"",{"$f":"IF(COUNTIF(L$2:L253,L253)=1,L253,\"\")","v":""}]
[null,null,null,null,null,null,null,null,null,null,{"$f":"+IF(N254=\"\",\"\",MAX(K$1:K253)+1)","v":""},{"$f":"IF(Deviation_w_Addon_CPMS1!C276=\"\",\"\",Deviation_w_Addon_CPMS1!C276)","v":""},"",{"$f":"IF(COUNTIF(L$2:L254,L254)=1,L254,\"\")","v":""}]
[null,null,null,null,null,null,null,null,null,null,{"$f":"+IF(N255=\"\",\"\",MAX(K$1:K254)+1)","v":""},{"$f":"IF(Deviation_w_Addon_CPMS1!C277=\"\",\"\",Deviation_w_Addon_CPMS1!C277)","v":""},"",{"$f":"IF(COUNTIF(L$2:L255,L255)=1,L255,\"\")","v":""}]
[null,null,null,null,null,null,null,null,null,null,{"$f":"+IF(N256=\"\",\"\",MAX(K$1:K255)+1)","v":""},{"$f":"IF(Deviation_w_Addon_CPMS1!C278=\"\",\"\",Deviation_w_Addon_CPMS1!C278)","v":""},"",{"$f":"IF(COUNTIF(L$2:L256,L256)=1,L256,\"\")","v":""}]
[null,null,null,null,null,null,null,null,null,null,{"$f":"+IF(N257=\"\",\"\",MAX(K$1:K256)+1)","v":""},{"$f":"IF(Deviation_w_Addon_CPMS1!C279=\"\",\"\",Deviation_w_Addon_CPMS1!C279)","v":""},"",{"$f":"IF(COUNTIF(L$2:L257,L257)=1,L257,\"\")","v":""}]
[null,null,null,null,null,null,null,null,null,null,{"$f":"+IF(N258=\"\",\"\",MAX(K$1:K257)+1)","v":""},{"$f":"IF(Deviation_w_Addon_CPMS1!C280=\"\",\"\",Deviation_w_Addon_CPMS1!C280)","v":""},{"$f":"+IFERROR(INDEX($L$2:$L$501,MATCH(ROW()-ROW($M$1),$K$2:$K$501,0)),\"\")","v":""},{"$f":"IF(COUNTIF(L$2:L258,L258)=1,L258,\"\")","v":""}]
[null,null,null,null,null,null,null,null,null,null,{"$f":"+IF(N259=\"\",\"\",MAX(K$1:K258)+1)","v":""},{"$f":"IF(Deviation_w_Addon_CPMS1!C281=\"\",\"\",Deviation_w_Addon_CPMS1!C281)","v":""},"",{"$f":"IF(COUNTIF(L$2:L259,L259)=1,L259,\"\")","v":""}]
[null,null,null,null,null,null,null,null,null,null,{"$f":"+IF(N260=\"\",\"\",MAX(K$1:K259)+1)","v":""},{"$f":"IF(Deviation_w_Addon_CPMS1!C282=\"\",\"\",Deviation_w_Addon_CPMS1!C282)","v":""},"",{"$f":"IF(COUNTIF(L$2:L260,L260)=1,L260,\"\")","v":""}]
[null,null,null,null,null,null,null,null,null,null,{"$f":"+IF(N261=\"\",\"\",MAX(K$1:K260)+1)","v":""},{"$f":"IF(Deviation_w_Addon_CPMS1!C283=\"\",\"\",Deviation_w_Addon_CPMS1!C283)","v":""},"",{"$f":"IF(COUNTIF(L$2:L261,L261)=1,L261,\"\")","v":""}]
[null,null,null,null,null,null,null,null,null,null,{"$f":"+IF(N262=\"\",\"\",MAX(K$1:K261)+1)","v":""},{"$f":"IF(Deviation_w_Addon_CPMS1!C284=\"\",\"\",Deviation_w_Addon_CPMS1!C284)","v":""},"",{"$f":"IF(COUNTIF(L$2:L262,L262)=1,L262,\"\")","v":""}]
[null,null,null,null,null,null,null,null,null,null,{"$f":"+IF(N263=\"\",\"\",MAX(K$1:K262)+1)","v":""},{"$f":"IF(Deviation_w_Addon_CPMS1!C285=\"\",\"\",Deviation_w_Addon_CPMS1!C285)","v":""},"",{"$f":"IF(COUNTIF(L$2:L263,L263)=1,L263,\"\")","v":""}]
[null,null,null,null,null,null,null,null,null,null,{"$f":"+IF(N264=\"\",\"\",MAX(K$1:K263)+1)","v":""},{"$f":"IF(Deviation_w_Addon_CPMS1!C286=\"\",\"\",Deviation_w_Addon_CPMS1!C286)","v":""},"",{"$f":"IF(COUNTIF(L$2:L264,L264)=1,L264,\"\")","v":""}]
[null,null,null,null,null,null,null,null,null,null,{"$f":"+IF(N265=\"\",\"\",MAX(K$1:K264)+1)","v":""},{"$f":"IF(Deviation_w_Addon_CPMS1!C287=\"\",\"\",Deviation_w_Addon_CPMS1!C287)","v":""},"",{"$f":"IF(COUNTIF(L$2:L265,L265)=1,L265,\"\")","v":""}]
[null,null,null,null,null,null,null,null,null,null,{"$f":"+IF(N266=\"\",\"\",MAX(K$1:K265)+1)","v":""},{"$f":"IF(Deviation_w_Addon_CPMS1!C288=\"\",\"\",Deviation_w_Addon_CPMS1!C288)","v":""},"",{"$f":"IF(COUNTIF(L$2:L266,L266)=1,L266,\"\")","v":""}]
[null,null,null,null,null,null,null,null,null,null,{"$f":"+IF(N267=\"\",\"\",MAX(K$1:K266)+1)","v":""},{"$f":"IF(Deviation_w_Addon_CPMS1!C289=\"\",\"\",Deviation_w_Addon_CPMS1!C289)","v":""},"",{"$f":"IF(COUNTIF(L$2:L267,L267)=1,L267,\"\")","v":""}]
[null,null,null,null,null,null,null,null,null,null,{"$f":"+IF(N268=\"\",\"\",MAX(K$1:K267)+1)","v":""},{"$f":"IF(Deviation_w_Addon_CPMS1!C290=\"\",\"\",Deviation_w_Addon_CPMS1!C290)","v":""},"",{"$f":"IF(COUNTIF(L$2:L268,L268)=1,L268,\"\")","v":""}]
[null,null,null,null,null,null,null,null,null,null,{"$f":"+IF(N269=\"\",\"\",MAX(K$1:K268)+1)","v":""},{"$f":"IF(Deviation_w_Addon_CPMS1!C291=\"\",\"\",Deviation_w_Addon_CPMS1!C291)","v":""},"",{"$f":"IF(COUNTIF(L$2:L269,L269)=1,L269,\"\")","v":""}]
[null,null,null,null,null,null,null,null,null,null,{"$f":"+IF(N270=\"\",\"\",MAX(K$1:K269)+1)","v":""},{"$f":"IF(Deviation_w_Addon_CPMS1!C292=\"\",\"\",Deviation_w_Addon_CPMS1!C292)","v":""},"",{"$f":"IF(COUNTIF(L$2:L270,L270)=1,L270,\"\")","v":""}]
[null,null,null,null,null,null,null,null,null,null,{"$f":"+IF(N271=\"\",\"\",MAX(K$1:K270)+1)","v":""},{"$f":"IF(Deviation_w_Addon_CPMS1!C293=\"\",\"\",Deviation_w_Addon_CPMS1!C293)","v":""},"",{"$f":"IF(COUNTIF(L$2:L271,L271)=1,L271,\"\")","v":""}]
[null,null,null,null,null,null,null,null,null,null,{"$f":"+IF(N272=\"\",\"\",MAX(K$1:K271)+1)","v":""},{"$f":"IF(Deviation_w_Addon_CPMS1!C294=\"\",\"\",Deviation_w_Addon_CPMS1!C294)","v":""},"",{"$f":"IF(COUNTIF(L$2:L272,L272)=1,L272,\"\")","v":""}]
[null,null,null,null,null,null,null,null,null,null,{"$f":"+IF(N273=\"\",\"\",MAX(K$1:K272)+1)","v":""},{"$f":"IF(Deviation_w_Addon_CPMS1!C295=\"\",\"\",Deviation_w_Addon_CPMS1!C295)","v":""},"",{"$f":"IF(COUNTIF(L$2:L273,L273)=1,L273,\"\")","v":""}]
[null,null,null,null,null,null,null,null,null,null,{"$f":"+IF(N274=\"\",\"\",MAX(K$1:K273)+1)","v":""},{"$f":"IF(Deviation_w_Addon_CPMS1!C296=\"\",\"\",Deviation_w_Addon_CPMS1!C296)","v":""},"",{"$f":"IF(COUNTIF(L$2:L274,L274)=1,L274,\"\")","v":""}]
[null,null,null,null,null,null,null,null,null,null,{"$f":"+IF(N275=\"\",\"\",MAX(K$1:K274)+1)","v":""},{"$f":"IF(Deviation_w_Addon_CPMS1!C297=\"\",\"\",Deviation_w_Addon_CPMS1!C297)","v":""},"",{"$f":"IF(COUNTIF(L$2:L275,L275)=1,L275,\"\")","v":""}]
[null,null,null,null,null,null,null,null,null,null,{"$f":"+IF(N276=\"\",\"\",MAX(K$1:K275)+1)","v":""},{"$f":"IF(Deviation_w_Addon_CPMS1!C298=\"\",\"\",Deviation_w_Addon_CPMS1!C298)","v":""},"",{"$f":"IF(COUNTIF(L$2:L276,L276)=1,L276,\"\")","v":""}]
[null,null,null,null,null,null,null,null,null,null,{"$f":"+IF(N277=\"\",\"\",MAX(K$1:K276)+1)","v":""},{"$f":"IF(Deviation_w_Addon_CPMS1!C299=\"\",\"\",Deviation_w_Addon_CPMS1!C299)","v":""},"",{"$f":"IF(COUNTIF(L$2:L277,L277)=1,L277,\"\")","v":""}]
[null,null,null,null,null,null,null,null,null,null,{"$f":"+IF(N278=\"\",\"\",MAX(K$1:K277)+1)","v":""},{"$f":"IF(Deviation_w_Addon_CPMS1!C300=\"\",\"\",Deviation_w_Addon_CPMS1!C300)","v":""},"",{"$f":"IF(COUNTIF(L$2:L278,L278)=1,L278,\"\")","v":""}]
[null,null,null,null,null,null,null,null,null,null,{"$f":"+IF(N279=\"\",\"\",MAX(K$1:K278)+1)","v":""},{"$f":"IF(Deviation_w_Addon_CPMS1!C301=\"\",\"\",Deviation_w_Addon_CPMS1!C301)","v":""},"",{"$f":"IF(COUNTIF(L$2:L279,L279)=1,L279,\"\")","v":""}]
[null,null,null,null,null,null,null,null,null,null,{"$f":"+IF(N280=\"\",\"\",MAX(K$1:K279)+1)","v":""},{"$f":"IF(Deviation_w_Addon_CPMS1!C302=\"\",\"\",Deviation_w_Addon_CPMS1!C302)","v":""},"",{"$f":"IF(COUNTIF(L$2:L280,L280)=1,L280,\"\")","v":""}]
[null,null,null,null,null,null,null,null,null,null,{"$f":"+IF(N281=\"\",\"\",MAX(K$1:K280)+1)","v":""},{"$f":"IF(Deviation_w_Addon_CPMS1!C303=\"\",\"\",Deviation_w_Addon_CPMS1!C303)","v":""},"",{"$f":"IF(COUNTIF(L$2:L281,L281)=1,L281,\"\")","v":""}]
[null,null,null,null,null,null,null,null,null,null,{"$f":"+IF(N282=\"\",\"\",MAX(K$1:K281)+1)","v":""},{"$f":"IF(Deviation_w_Addon_CPMS1!C304=\"\",\"\",Deviation_w_Addon_CPMS1!C304)","v":""},"",{"$f":"IF(COUNTIF(L$2:L282,L282)=1,L282,\"\")","v":""}]
[null,null,null,null,null,null,null,null,null,null,{"$f":"+IF(N283=\"\",\"\",MAX(K$1:K282)+1)","v":""},{"$f":"IF(Deviation_w_Addon_CPMS1!C305=\"\",\"\",Deviation_w_Addon_CPMS1!C305)","v":""},"",{"$f":"IF(COUNTIF(L$2:L283,L283)=1,L283,\"\")","v":""}]
[null,null,null,null,null,null,null,null,null,null,{"$f":"+IF(N284=\"\",\"\",MAX(K$1:K283)+1)","v":""},{"$f":"IF(Deviation_w_Addon_CPMS1!C306=\"\",\"\",Deviation_w_Addon_CPMS1!C306)","v":""},"",{"$f":"IF(COUNTIF(L$2:L284,L284)=1,L284,\"\")","v":""}]
[null,null,null,null,null,null,null,null,null,null,{"$f":"+IF(N285=\"\",\"\",MAX(K$1:K284)+1)","v":""},{"$f":"IF(Deviation_w_Addon_CPMS1!C307=\"\",\"\",Deviation_w_Addon_CPMS1!C307)","v":""},"",{"$f":"IF(COUNTIF(L$2:L285,L285)=1,L285,\"\")","v":""}]
[null,null,null,null,null,null,null,null,null,null,{"$f":"+IF(N286=\"\",\"\",MAX(K$1:K285)+1)","v":""},{"$f":"IF(Deviation_w_Addon_CPMS1!C308=\"\",\"\",Deviation_w_Addon_CPMS1!C308)","v":""},"",{"$f":"IF(COUNTIF(L$2:L286,L286)=1,L286,\"\")","v":""}]
[null,null,null,null,null,null,null,null,null,null,{"$f":"+IF(N287=\"\",\"\",MAX(K$1:K286)+1)","v":""},{"$f":"IF(Deviation_w_Addon_CPMS1!C309=\"\",\"\",Deviation_w_Addon_CPMS1!C309)","v":""},"",{"$f":"IF(COUNTIF(L$2:L287,L287)=1,L287,\"\")","v":""}]
[null,null,null,null,null,null,null,null,null,null,{"$f":"+IF(N288=\"\",\"\",MAX(K$1:K287)+1)","v":""},{"$f":"IF(Deviation_w_Addon_CPMS1!C310=\"\",\"\",Deviation_w_Addon_CPMS1!C310)","v":""},"",{"$f":"IF(COUNTIF(L$2:L288,L288)=1,L288,\"\")","v":""}]
[null,null,null,null,null,null,null,null,null,null,{"$f":"+IF(N289=\"\",\"\",MAX(K$1:K288)+1)","v":""},{"$f":"IF(Deviation_w_Addon_CPMS1!C311=\"\",\"\",Deviation_w_Addon_CPMS1!C311)","v":""},"",{"$f":"IF(COUNTIF(L$2:L289,L289)=1,L289,\"\")","v":""}]
[null,null,null,null,null,null,null,null,null,null,{"$f":"+IF(N290=\"\",\"\",MAX(K$1:K289)+1)","v":""},{"$f":"IF(Deviation_w_Addon_CPMS1!C312=\"\",\"\",Deviation_w_Addon_CPMS1!C312)","v":""},"",{"$f":"IF(COUNTIF(L$2:L290,L290)=1,L290,\"\")","v":""}]
[null,null,null,null,null,null,null,null,null,null,{"$f":"+IF(N291=\"\",\"\",MAX(K$1:K290)+1)","v":""},{"$f":"IF(Deviation_w_Addon_CPMS1!C313=\"\",\"\",Deviation_w_Addon_CPMS1!C313)","v":""},"",{"$f":"IF(COUNTIF(L$2:L291,L291)=1,L291,\"\")","v":""}]
[null,null,null,null,null,null,null,null,null,null,{"$f":"+IF(N292=\"\",\"\",MAX(K$1:K291)+1)","v":""},{"$f":"IF(Deviation_w_Addon_CPMS1!C314=\"\",\"\",Deviation_w_Addon_CPMS1!C314)","v":""},"",{"$f":"IF(COUNTIF(L$2:L292,L292)=1,L292,\"\")","v":""}]
[null,null,null,null,null,null,null,null,null,null,{"$f":"+IF(N293=\"\",\"\",MAX(K$1:K292)+1)","v":""},{"$f":"IF(Deviation_w_Addon_CPMS1!C315=\"\",\"\",Deviation_w_Addon_CPMS1!C315)","v":""},"",{"$f":"IF(COUNTIF(L$2:L293,L293)=1,L293,\"\")","v":""}]
[null,null,null,null,null,null,null,null,null,null,{"$f":"+IF(N294=\"\",\"\",MAX(K$1:K293)+1)","v":""},{"$f":"IF(Deviation_w_Addon_CPMS1!C316=\"\",\"\",Deviation_w_Addon_CPMS1!C316)","v":""},"",{"$f":"IF(COUNTIF(L$2:L294,L294)=1,L294,\"\")","v":""}]
[null,null,null,null,null,null,null,null,null,null,{"$f":"+IF(N295=\"\",\"\",MAX(K$1:K294)+1)","v":""},{"$f":"IF(Deviation_w_Addon_CPMS1!C317=\"\",\"\",Deviation_w_Addon_CPMS1!C317)","v":""},"",{"$f":"IF(COUNTIF(L$2:L295,L295)=1,L295,\"\")","v":""}]
[null,null,null,null,null,null,null,null,null,null,{"$f":"+IF(N296=\"\",\"\",MAX(K$1:K295)+1)","v":""},{"$f":"IF(Deviation_w_Addon_CPMS1!C318=\"\",\"\",Deviation_w_Addon_CPMS1!C318)","v":""},"",{"$f":"IF(COUNTIF(L$2:L296,L296)=1,L296,\"\")","v":""}]
[null,null,null,null,null,null,null,null,null,null,{"$f":"+IF(N297=\"\",\"\",MAX(K$1:K296)+1)","v":""},{"$f":"IF(Deviation_w_Addon_CPMS1!C319=\"\",\"\",Deviation_w_Addon_CPMS1!C319)","v":""},"",{"$f":"IF(COUNTIF(L$2:L297,L297)=1,L297,\"\")","v":""}]
[null,null,null,null,null,null,null,null,null,null,{"$f":"+IF(N298=\"\",\"\",MAX(K$1:K297)+1)","v":""},{"$f":"IF(Deviation_w_Addon_CPMS1!C320=\"\",\"\",Deviation_w_Addon_CPMS1!C320)","v":""},"",{"$f":"IF(COUNTIF(L$2:L298,L298)=1,L298,\"\")","v":""}]
[null,null,null,null,null,null,null,null,null,null,{"$f":"+IF(N299=\"\",\"\",MAX(K$1:K298)+1)","v":""},{"$f":"IF(Deviation_w_Addon_CPMS1!C321=\"\",\"\",Deviation_w_Addon_CPMS1!C321)","v":""},"",{"$f":"IF(COUNTIF(L$2:L299,L299)=1,L299,\"\")","v":""}]
[null,null,null,null,null,null,null,null,null,null,{"$f":"+IF(N300=\"\",\"\",MAX(K$1:K299)+1)","v":""},{"$f":"IF(Deviation_w_Addon_CPMS1!C322=\"\",\"\",Deviation_w_Addon_CPMS1!C322)","v":""},"",{"$f":"IF(COUNTIF(L$2:L300,L300)=1,L300,\"\")","v":""}]
[null,null,null,null,null,null,null,null,null,null,{"$f":"+IF(N301=\"\",\"\",MAX(K$1:K300)+1)","v":""},{"$f":"IF(Deviation_w_Addon_CPMS1!C323=\"\",\"\",Deviation_w_Addon_CPMS1!C323)","v":""},"",{"$f":"IF(COUNTIF(L$2:L301,L301)=1,L301,\"\")","v":""}]
[null,null,null,null,null,null,null,null,null,null,{"$f":"+IF(N302=\"\",\"\",MAX(K$1:K301)+1)","v":""},{"$f":"IF(Deviation_w_Addon_CPMS1!C324=\"\",\"\",Deviation_w_Addon_CPMS1!C324)","v":""},"",{"$f":"IF(COUNTIF(L$2:L302,L302)=1,L302,\"\")","v":""}]
[null,null,null,null,null,null,null,null,null,null,{"$f":"+IF(N303=\"\",\"\",MAX(K$1:K302)+1)","v":""},{"$f":"IF(Deviation_w_Addon_CPMS1!C325=\"\",\"\",Deviation_w_Addon_CPMS1!C325)","v":""},"",{"$f":"IF(COUNTIF(L$2:L303,L303)=1,L303,\"\")","v":""}]
[null,null,null,null,null,null,null,null,null,null,{"$f":"+IF(N304=\"\",\"\",MAX(K$1:K303)+1)","v":""},{"$f":"IF(Deviation_w_Addon_CPMS1!C326=\"\",\"\",Deviation_w_Addon_CPMS1!C326)","v":""},"",{"$f":"IF(COUNTIF(L$2:L304,L304)=1,L304,\"\")","v":""}]
[null,null,null,null,null,null,null,null,null,null,{"$f":"+IF(N305=\"\",\"\",MAX(K$1:K304)+1)","v":""},{"$f":"IF(Deviation_w_Addon_CPMS1!C327=\"\",\"\",Deviation_w_Addon_CPMS1!C327)","v":""},"",{"$f":"IF(COUNTIF(L$2:L305,L305)=1,L305,\"\")","v":""}]
[null,null,null,null,null,null,null,null,null,null,{"$f":"+IF(N306=\"\",\"\",MAX(K$1:K305)+1)","v":""},{"$f":"IF(Deviation_w_Addon_CPMS1!C328=\"\",\"\",Deviation_w_Addon_CPMS1!C328)","v":""},"",{"$f":"IF(COUNTIF(L$2:L306,L306)=1,L306,\"\")","v":""}]
[null,null,null,null,null,null,null,null,null,null,{"$f":"+IF(N307=\"\",\"\",MAX(K$1:K306)+1)","v":""},{"$f":"IF(Deviation_w_Addon_CPMS1!C329=\"\",\"\",Deviation_w_Addon_CPMS1!C329)","v":""},"",{"$f":"IF(COUNTIF(L$2:L307,L307)=1,L307,\"\")","v":""}]
[null,null,null,null,null,null,null,null,null,null,{"$f":"+IF(N308=\"\",\"\",MAX(K$1:K307)+1)","v":""},{"$f":"IF(Deviation_w_Addon_CPMS1!C330=\"\",\"\",Deviation_w_Addon_CPMS1!C330)","v":""},"",{"$f":"IF(COUNTIF(L$2:L308,L308)=1,L308,\"\")","v":""}]
[null,null,null,null,null,null,null,null,null,null,{"$f":"+IF(N309=\"\",\"\",MAX(K$1:K308)+1)","v":""},{"$f":"IF(Deviation_w_Addon_CPMS1!C331=\"\",\"\",Deviation_w_Addon_CPMS1!C331)","v":""},"",{"$f":"IF(COUNTIF(L$2:L309,L309)=1,L309,\"\")","v":""}]
[null,null,null,null,null,null,null,null,null,null,{"$f":"+IF(N310=\"\",\"\",MAX(K$1:K309)+1)","v":""},{"$f":"IF(Deviation_w_Addon_CPMS1!C332=\"\",\"\",Deviation_w_Addon_CPMS1!C332)","v":""},"",{"$f":"IF(COUNTIF(L$2:L310,L310)=1,L310,\"\")","v":""}]
[null,null,null,null,null,null,null,null,null,null,{"$f":"+IF(N311=\"\",\"\",MAX(K$1:K310)+1)","v":""},{"$f":"IF(Deviation_w_Addon_CPMS1!C333=\"\",\"\",Deviation_w_Addon_CPMS1!C333)","v":""},"",{"$f":"IF(COUNTIF(L$2:L311,L311)=1,L311,\"\")","v":""}]
[null,null,null,null,null,null,null,null,null,null,{"$f":"+IF(N312=\"\",\"\",MAX(K$1:K311)+1)","v":""},{"$f":"IF(Deviation_w_Addon_CPMS1!C334=\"\",\"\",Deviation_w_Addon_CPMS1!C334)","v":""},"",{"$f":"IF(COUNTIF(L$2:L312,L312)=1,L312,\"\")","v":""}]
[null,null,null,null,null,null,null,null,null,null,{"$f":"+IF(N313=\"\",\"\",MAX(K$1:K312)+1)","v":""},{"$f":"IF(Deviation_w_Addon_CPMS1!C335=\"\",\"\",Deviation_w_Addon_CPMS1!C335)","v":""},"",{"$f":"IF(COUNTIF(L$2:L313,L313)=1,L313,\"\")","v":""}]
[null,null,null,null,null,null,null,null,null,null,{"$f":"+IF(N314=\"\",\"\",MAX(K$1:K313)+1)","v":""},{"$f":"IF(Deviation_w_Addon_CPMS1!C336=\"\",\"\",Deviation_w_Addon_CPMS1!C336)","v":""},"",{"$f":"IF(COUNTIF(L$2:L314,L314)=1,L314,\"\")","v":""}]
[null,null,null,null,null,null,null,null,null,null,{"$f":"+IF(N315=\"\",\"\",MAX(K$1:K314)+1)","v":""},{"$f":"IF(Deviation_w_Addon_CPMS1!C337=\"\",\"\",Deviation_w_Addon_CPMS1!C337)","v":""},"",{"$f":"IF(COUNTIF(L$2:L315,L315)=1,L315,\"\")","v":""}]
[null,null,null,null,null,null,null,null,null,null,{"$f":"+IF(N316=\"\",\"\",MAX(K$1:K315)+1)","v":""},{"$f":"IF(Deviation_w_Addon_CPMS1!C338=\"\",\"\",Deviation_w_Addon_CPMS1!C338)","v":""},"",{"$f":"IF(COUNTIF(L$2:L316,L316)=1,L316,\"\")","v":""}]
[null,null,null,null,null,null,null,null,null,null,{"$f":"+IF(N317=\"\",\"\",MAX(K$1:K316)+1)","v":""},{"$f":"IF(Deviation_w_Addon_CPMS1!C339=\"\",\"\",Deviation_w_Addon_CPMS1!C339)","v":""},"",{"$f":"IF(COUNTIF(L$2:L317,L317)=1,L317,\"\")","v":""}]
[null,null,null,null,null,null,null,null,null,null,{"$f":"+IF(N318=\"\",\"\",MAX(K$1:K317)+1)","v":""},{"$f":"IF(Deviation_w_Addon_CPMS1!C340=\"\",\"\",Deviation_w_Addon_CPMS1!C340)","v":""},"",{"$f":"IF(COUNTIF(L$2:L318,L318)=1,L318,\"\")","v":""}]
[null,null,null,null,null,null,null,null,null,null,{"$f":"+IF(N319=\"\",\"\",MAX(K$1:K318)+1)","v":""},{"$f":"IF(Deviation_w_Addon_CPMS1!C341=\"\",\"\",Deviation_w_Addon_CPMS1!C341)","v":""},"",{"$f":"IF(COUNTIF(L$2:L319,L319)=1,L319,\"\")","v":""}]
[null,null,null,null,null,null,null,null,null,null,{"$f":"+IF(N320=\"\",\"\",MAX(K$1:K319)+1)","v":""},{"$f":"IF(Deviation_w_Addon_CPMS1!C342=\"\",\"\",Deviation_w_Addon_CPMS1!C342)","v":""},"",{"$f":"IF(COUNTIF(L$2:L320,L320)=1,L320,\"\")","v":""}]
[null,null,null,null,null,null,null,null,null,null,{"$f":"+IF(N321=\"\",\"\",MAX(K$1:K320)+1)","v":""},{"$f":"IF(Deviation_w_Addon_CPMS1!C343=\"\",\"\",Deviation_w_Addon_CPMS1!C343)","v":""},"",{"$f":"IF(COUNTIF(L$2:L321,L321)=1,L321,\"\")","v":""}]
[null,null,null,null,null,null,null,null,null,null,{"$f":"+IF(N322=\"\",\"\",MAX(K$1:K321)+1)","v":""},{"$f":"IF(Deviation_w_Addon_CPMS1!C344=\"\",\"\",Deviation_w_Addon_CPMS1!C344)","v":""},{"$f":"+IFERROR(INDEX($L$2:$L$501,MATCH(ROW()-ROW($M$1),$K$2:$K$501,0)),\"\")","v":""},{"$f":"IF(COUNTIF(L$2:L322,L322)=1,L322,\"\")","v":""}]
[null,null,null,null,null,null,null,null,null,null,{"$f":"+IF(N323=\"\",\"\",MAX(K$1:K322)+1)","v":""},{"$f":"IF(Deviation_w_Addon_CPMS1!C345=\"\",\"\",Deviation_w_Addon_CPMS1!C345)","v":""},"",{"$f":"IF(COUNTIF(L$2:L323,L323)=1,L323,\"\")","v":""}]
[null,null,null,null,null,null,null,null,null,null,{"$f":"+IF(N324=\"\",\"\",MAX(K$1:K323)+1)","v":""},{"$f":"IF(Deviation_w_Addon_CPMS1!C346=\"\",\"\",Deviation_w_Addon_CPMS1!C346)","v":""},"",{"$f":"IF(COUNTIF(L$2:L324,L324)=1,L324,\"\")","v":""}]
[null,null,null,null,null,null,null,null,null,null,{"$f":"+IF(N325=\"\",\"\",MAX(K$1:K324)+1)","v":""},{"$f":"IF(Deviation_w_Addon_CPMS1!C347=\"\",\"\",Deviation_w_Addon_CPMS1!C347)","v":""},"",{"$f":"IF(COUNTIF(L$2:L325,L325)=1,L325,\"\")","v":""}]
[null,null,null,null,null,null,null,null,null,null,{"$f":"+IF(N326=\"\",\"\",MAX(K$1:K325)+1)","v":""},{"$f":"IF(Deviation_w_Addon_CPMS1!C348=\"\",\"\",Deviation_w_Addon_CPMS1!C348)","v":""},"",{"$f":"IF(COUNTIF(L$2:L326,L326)=1,L326,\"\")","v":""}]
[null,null,null,null,null,null,null,null,null,null,{"$f":"+IF(N327=\"\",\"\",MAX(K$1:K326)+1)","v":""},{"$f":"IF(Deviation_w_Addon_CPMS1!C349=\"\",\"\",Deviation_w_Addon_CPMS1!C349)","v":""},"",{"$f":"IF(COUNTIF(L$2:L327,L327)=1,L327,\"\")","v":""}]
[null,null,null,null,null,null,null,null,null,null,{"$f":"+IF(N328=\"\",\"\",MAX(K$1:K327)+1)","v":""},{"$f":"IF(Deviation_w_Addon_CPMS1!C350=\"\",\"\",Deviation_w_Addon_CPMS1!C350)","v":""},"",{"$f":"IF(COUNTIF(L$2:L328,L328)=1,L328,\"\")","v":""}]
[null,null,null,null,null,null,null,null,null,null,{"$f":"+IF(N329=\"\",\"\",MAX(K$1:K328)+1)","v":""},{"$f":"IF(Deviation_w_Addon_CPMS1!C351=\"\",\"\",Deviation_w_Addon_CPMS1!C351)","v":""},"",{"$f":"IF(COUNTIF(L$2:L329,L329)=1,L329,\"\")","v":""}]
[null,null,null,null,null,null,null,null,null,null,{"$f":"+IF(N330=\"\",\"\",MAX(K$1:K329)+1)","v":""},{"$f":"IF(Deviation_w_Addon_CPMS1!C352=\"\",\"\",Deviation_w_Addon_CPMS1!C352)","v":""},"",{"$f":"IF(COUNTIF(L$2:L330,L330)=1,L330,\"\")","v":""}]
[null,null,null,null,null,null,null,null,null,null,{"$f":"+IF(N331=\"\",\"\",MAX(K$1:K330)+1)","v":""},{"$f":"IF(Deviation_w_Addon_CPMS1!C353=\"\",\"\",Deviation_w_Addon_CPMS1!C353)","v":""},"",{"$f":"IF(COUNTIF(L$2:L331,L331)=1,L331,\"\")","v":""}]
[null,null,null,null,null,null,null,null,null,null,{"$f":"+IF(N332=\"\",\"\",MAX(K$1:K331)+1)","v":""},{"$f":"IF(Deviation_w_Addon_CPMS1!C354=\"\",\"\",Deviation_w_Addon_CPMS1!C354)","v":""},"",{"$f":"IF(COUNTIF(L$2:L332,L332)=1,L332,\"\")","v":""}]
[null,null,null,null,null,null,null,null,null,null,{"$f":"+IF(N333=\"\",\"\",MAX(K$1:K332)+1)","v":""},{"$f":"IF(Deviation_w_Addon_CPMS1!C355=\"\",\"\",Deviation_w_Addon_CPMS1!C355)","v":""},"",{"$f":"IF(COUNTIF(L$2:L333,L333)=1,L333,\"\")","v":""}]
[null,null,null,null,null,null,null,null,null,null,{"$f":"+IF(N334=\"\",\"\",MAX(K$1:K333)+1)","v":""},{"$f":"IF(Deviation_w_Addon_CPMS1!C356=\"\",\"\",Deviation_w_Addon_CPMS1!C356)","v":""},"",{"$f":"IF(COUNTIF(L$2:L334,L334)=1,L334,\"\")","v":""}]
[null,null,null,null,null,null,null,null,null,null,{"$f":"+IF(N335=\"\",\"\",MAX(K$1:K334)+1)","v":""},{"$f":"IF(Deviation_w_Addon_CPMS1!C357=\"\",\"\",Deviation_w_Addon_CPMS1!C357)","v":""},"",{"$f":"IF(COUNTIF(L$2:L335,L335)=1,L335,\"\")","v":""}]
[null,null,null,null,null,null,null,null,null,null,{"$f":"+IF(N336=\"\",\"\",MAX(K$1:K335)+1)","v":""},{"$f":"IF(Deviation_w_Addon_CPMS1!C358=\"\",\"\",Deviation_w_Addon_CPMS1!C358)","v":""},"",{"$f":"IF(COUNTIF(L$2:L336,L336)=1,L336,\"\")","v":""}]
[null,null,null,null,null,null,null,null,null,null,{"$f":"+IF(N337=\"\",\"\",MAX(K$1:K336)+1)","v":""},{"$f":"IF(Deviation_w_Addon_CPMS1!C359=\"\",\"\",Deviation_w_Addon_CPMS1!C359)","v":""},"",{"$f":"IF(COUNTIF(L$2:L337,L337)=1,L337,\"\")","v":""}]
[null,null,null,null,null,null,null,null,null,null,{"$f":"+IF(N338=\"\",\"\",MAX(K$1:K337)+1)","v":""},{"$f":"IF(Deviation_w_Addon_CPMS1!C360=\"\",\"\",Deviation_w_Addon_CPMS1!C360)","v":""},"",{"$f":"IF(COUNTIF(L$2:L338,L338)=1,L338,\"\")","v":""}]
[null,null,null,null,null,null,null,null,null,null,{"$f":"+IF(N339=\"\",\"\",MAX(K$1:K338)+1)","v":""},{"$f":"IF(Deviation_w_Addon_CPMS1!C361=\"\",\"\",Deviation_w_Addon_CPMS1!C361)","v":""},"",{"$f":"IF(COUNTIF(L$2:L339,L339)=1,L339,\"\")","v":""}]
[null,null,null,null,null,null,null,null,null,null,{"$f":"+IF(N340=\"\",\"\",MAX(K$1:K339)+1)","v":""},{"$f":"IF(Deviation_w_Addon_CPMS1!C362=\"\",\"\",Deviation_w_Addon_CPMS1!C362)","v":""},"",{"$f":"IF(COUNTIF(L$2:L340,L340)=1,L340,\"\")","v":""}]
[null,null,null,null,null,null,null,null,null,null,{"$f":"+IF(N341=\"\",\"\",MAX(K$1:K340)+1)","v":""},{"$f":"IF(Deviation_w_Addon_CPMS1!C363=\"\",\"\",Deviation_w_Addon_CPMS1!C363)","v":""},"",{"$f":"IF(COUNTIF(L$2:L341,L341)=1,L341,\"\")","v":""}]
[null,null,null,null,null,null,null,null,null,null,{"$f":"+IF(N342=\"\",\"\",MAX(K$1:K341)+1)","v":""},{"$f":"IF(Deviation_w_Addon_CPMS1!C364=\"\",\"\",Deviation_w_Addon_CPMS1!C364)","v":""},"",{"$f":"IF(COUNTIF(L$2:L342,L342)=1,L342,\"\")","v":""}]
[null,null,null,null,null,null,null,null,null,null,{"$f":"+IF(N343=\"\",\"\",MAX(K$1:K342)+1)","v":""},{"$f":"IF(Deviation_w_Addon_CPMS1!C365=\"\",\"\",Deviation_w_Addon_CPMS1!C365)","v":""},"",{"$f":"IF(COUNTIF(L$2:L343,L343)=1,L343,\"\")","v":""}]
[null,null,null,null,null,null,null,null,null,null,{"$f":"+IF(N344=\"\",\"\",MAX(K$1:K343)+1)","v":""},{"$f":"IF(Deviation_w_Addon_CPMS1!C366=\"\",\"\",Deviation_w_Addon_CPMS1!C366)","v":""},"",{"$f":"IF(COUNTIF(L$2:L344,L344)=1,L344,\"\")","v":""}]
[null,null,null,null,null,null,null,null,null,null,{"$f":"+IF(N345=\"\",\"\",MAX(K$1:K344)+1)","v":""},{"$f":"IF(Deviation_w_Addon_CPMS1!C367=\"\",\"\",Deviation_w_Addon_CPMS1!C367)","v":""},"",{"$f":"IF(COUNTIF(L$2:L345,L345)=1,L345,\"\")","v":""}]
[null,null,null,null,null,null,null,null,null,null,{"$f":"+IF(N346=\"\",\"\",MAX(K$1:K345)+1)","v":""},{"$f":"IF(Deviation_w_Addon_CPMS1!C368=\"\",\"\",Deviation_w_Addon_CPMS1!C368)","v":""},"",{"$f":"IF(COUNTIF(L$2:L346,L346)=1,L346,\"\")","v":""}]
[null,null,null,null,null,null,null,null,null,null,{"$f":"+IF(N347=\"\",\"\",MAX(K$1:K346)+1)","v":""},{"$f":"IF(Deviation_w_Addon_CPMS1!C369=\"\",\"\",Deviation_w_Addon_CPMS1!C369)","v":""},"",{"$f":"IF(COUNTIF(L$2:L347,L347)=1,L347,\"\")","v":""}]
[null,null,null,null,null,null,null,null,null,null,{"$f":"+IF(N348=\"\",\"\",MAX(K$1:K347)+1)","v":""},{"$f":"IF(Deviation_w_Addon_CPMS1!C370=\"\",\"\",Deviation_w_Addon_CPMS1!C370)","v":""},"",{"$f":"IF(COUNTIF(L$2:L348,L348)=1,L348,\"\")","v":""}]
[null,null,null,null,null,null,null,null,null,null,{"$f":"+IF(N349=\"\",\"\",MAX(K$1:K348)+1)","v":""},{"$f":"IF(Deviation_w_Addon_CPMS1!C371=\"\",\"\",Deviation_w_Addon_CPMS1!C371)","v":""},"",{"$f":"IF(COUNTIF(L$2:L349,L349)=1,L349,\"\")","v":""}]
[null,null,null,null,null,null,null,null,null,null,{"$f":"+IF(N350=\"\",\"\",MAX(K$1:K349)+1)","v":""},{"$f":"IF(Deviation_w_Addon_CPMS1!C372=\"\",\"\",Deviation_w_Addon_CPMS1!C372)","v":""},"",{"$f":"IF(COUNTIF(L$2:L350,L350)=1,L350,\"\")","v":""}]
[null,null,null,null,null,null,null,null,null,null,{"$f":"+IF(N351=\"\",\"\",MAX(K$1:K350)+1)","v":""},{"$f":"IF(Deviation_w_Addon_CPMS1!C373=\"\",\"\",Deviation_w_Addon_CPMS1!C373)","v":""},"",{"$f":"IF(COUNTIF(L$2:L351,L351)=1,L351,\"\")","v":""}]
[null,null,null,null,null,null,null,null,null,null,{"$f":"+IF(N352=\"\",\"\",MAX(K$1:K351)+1)","v":""},{"$f":"IF(Deviation_w_Addon_CPMS1!C374=\"\",\"\",Deviation_w_Addon_CPMS1!C374)","v":""},"",{"$f":"IF(COUNTIF(L$2:L352,L352)=1,L352,\"\")","v":""}]
[null,null,null,null,null,null,null,null,null,null,{"$f":"+IF(N353=\"\",\"\",MAX(K$1:K352)+1)","v":""},{"$f":"IF(Deviation_w_Addon_CPMS1!C375=\"\",\"\",Deviation_w_Addon_CPMS1!C375)","v":""},"",{"$f":"IF(COUNTIF(L$2:L353,L353)=1,L353,\"\")","v":""}]
[null,null,null,null,null,null,null,null,null,null,{"$f":"+IF(N354=\"\",\"\",MAX(K$1:K353)+1)","v":""},{"$f":"IF(Deviation_w_Addon_CPMS1!C376=\"\",\"\",Deviation_w_Addon_CPMS1!C376)","v":""},"",{"$f":"IF(COUNTIF(L$2:L354,L354)=1,L354,\"\")","v":""}]
[null,null,null,null,null,null,null,null,null,null,{"$f":"+IF(N355=\"\",\"\",MAX(K$1:K354)+1)","v":""},{"$f":"IF(Deviation_w_Addon_CPMS1!C377=\"\",\"\",Deviation_w_Addon_CPMS1!C377)","v":""},"",{"$f":"IF(COUNTIF(L$2:L355,L355)=1,L355,\"\")","v":""}]
[null,null,null,null,null,null,null,null,null,null,{"$f":"+IF(N356=\"\",\"\",MAX(K$1:K355)+1)","v":""},{"$f":"IF(Deviation_w_Addon_CPMS1!C378=\"\",\"\",Deviation_w_Addon_CPMS1!C378)","v":""},"",{"$f":"IF(COUNTIF(L$2:L356,L356)=1,L356,\"\")","v":""}]
[null,null,null,null,null,null,null,null,null,null,{"$f":"+IF(N357=\"\",\"\",MAX(K$1:K356)+1)","v":""},{"$f":"IF(Deviation_w_Addon_CPMS1!C379=\"\",\"\",Deviation_w_Addon_CPMS1!C379)","v":""},"",{"$f":"IF(COUNTIF(L$2:L357,L357)=1,L357,\"\")","v":""}]
[null,null,null,null,null,null,null,null,null,null,{"$f":"+IF(N358=\"\",\"\",MAX(K$1:K357)+1)","v":""},{"$f":"IF(Deviation_w_Addon_CPMS1!C380=\"\",\"\",Deviation_w_Addon_CPMS1!C380)","v":""},"",{"$f":"IF(COUNTIF(L$2:L358,L358)=1,L358,\"\")","v":""}]
[null,null,null,null,null,null,null,null,null,null,{"$f":"+IF(N359=\"\",\"\",MAX(K$1:K358)+1)","v":""},{"$f":"IF(Deviation_w_Addon_CPMS1!C381=\"\",\"\",Deviation_w_Addon_CPMS1!C381)","v":""},"",{"$f":"IF(COUNTIF(L$2:L359,L359)=1,L359,\"\")","v":""}]
[null,null,null,null,null,null,null,null,null,null,{"$f":"+IF(N360=\"\",\"\",MAX(K$1:K359)+1)","v":""},{"$f":"IF(Deviation_w_Addon_CPMS1!C382=\"\",\"\",Deviation_w_Addon_CPMS1!C382)","v":""},"",{"$f":"IF(COUNTIF(L$2:L360,L360)=1,L360,\"\")","v":""}]
[null,null,null,null,null,null,null,null,null,null,{"$f":"+IF(N361=\"\",\"\",MAX(K$1:K360)+1)","v":""},{"$f":"IF(Deviation_w_Addon_CPMS1!C383=\"\",\"\",Deviation_w_Addon_CPMS1!C383)","v":""},"",{"$f":"IF(COUNTIF(L$2:L361,L361)=1,L361,\"\")","v":""}]
[null,null,null,null,null,null,null,null,null,null,{"$f":"+IF(N362=\"\",\"\",MAX(K$1:K361)+1)","v":""},{"$f":"IF(Deviation_w_Addon_CPMS1!C384=\"\",\"\",Deviation_w_Addon_CPMS1!C384)","v":""},"",{"$f":"IF(COUNTIF(L$2:L362,L362)=1,L362,\"\")","v":""}]
[null,null,null,null,null,null,null,null,null,null,{"$f":"+IF(N363=\"\",\"\",MAX(K$1:K362)+1)","v":""},{"$f":"IF(Deviation_w_Addon_CPMS1!C385=\"\",\"\",Deviation_w_Addon_CPMS1!C385)","v":""},"",{"$f":"IF(COUNTIF(L$2:L363,L363)=1,L363,\"\")","v":""}]
[null,null,null,null,null,null,null,null,null,null,{"$f":"+IF(N364=\"\",\"\",MAX(K$1:K363)+1)","v":""},{"$f":"IF(Deviation_w_Addon_CPMS1!C386=\"\",\"\",Deviation_w_Addon_CPMS1!C386)","v":""},"",{"$f":"IF(COUNTIF(L$2:L364,L364)=1,L364,\"\")","v":""}]
[null,null,null,null,null,null,null,null,null,null,{"$f":"+IF(N365=\"\",\"\",MAX(K$1:K364)+1)","v":""},{"$f":"IF(Deviation_w_Addon_CPMS1!C387=\"\",\"\",Deviation_w_Addon_CPMS1!C387)","v":""},"",{"$f":"IF(COUNTIF(L$2:L365,L365)=1,L365,\"\")","v":""}]
[null,null,null,null,null,null,null,null,null,null,{"$f":"+IF(N366=\"\",\"\",MAX(K$1:K365)+1)","v":""},{"$f":"IF(Deviation_w_Addon_CPMS1!C388=\"\",\"\",Deviation_w_Addon_CPMS1!C388)","v":""},"",{"$f":"IF(COUNTIF(L$2:L366,L366)=1,L366,\"\")","v":""}]
[null,null,null,null,null,null,null,null,null,null,{"$f":"+IF(N367=\"\",\"\",MAX(K$1:K366)+1)","v":""},{"$f":"IF(Deviation_w_Addon_CPMS1!C389=\"\",\"\",Deviation_w_Addon_CPMS1!C389)","v":""},"",{"$f":"IF(COUNTIF(L$2:L367,L367)=1,L367,\"\")","v":""}]
[null,null,null,null,null,null,null,null,null,null,{"$f":"+IF(N368=\"\",\"\",MAX(K$1:K367)+1)","v":""},{"$f":"IF(Deviation_w_Addon_CPMS1!C390=\"\",\"\",Deviation_w_Addon_CPMS1!C390)","v":""},"",{"$f":"IF(COUNTIF(L$2:L368,L368)=1,L368,\"\")","v":""}]
[null,null,null,null,null,null,null,null,null,null,{"$f":"+IF(N369=\"\",\"\",MAX(K$1:K368)+1)","v":""},{"$f":"IF(Deviation_w_Addon_CPMS1!C391=\"\",\"\",Deviation_w_Addon_CPMS1!C391)","v":""},"",{"$f":"IF(COUNTIF(L$2:L369,L369)=1,L369,\"\")","v":""}]
[null,null,null,null,null,null,null,null,null,null,{"$f":"+IF(N370=\"\",\"\",MAX(K$1:K369)+1)","v":""},{"$f":"IF(Deviation_w_Addon_CPMS1!C392=\"\",\"\",Deviation_w_Addon_CPMS1!C392)","v":""},"",{"$f":"IF(COUNTIF(L$2:L370,L370)=1,L370,\"\")","v":""}]
[null,null,null,null,null,null,null,null,null,null,{"$f":"+IF(N371=\"\",\"\",MAX(K$1:K370)+1)","v":""},{"$f":"IF(Deviation_w_Addon_CPMS1!C393=\"\",\"\",Deviation_w_Addon_CPMS1!C393)","v":""},"",{"$f":"IF(COUNTIF(L$2:L371,L371)=1,L371,\"\")","v":""}]
[null,null,null,null,null,null,null,null,null,null,{"$f":"+IF(N372=\"\",\"\",MAX(K$1:K371)+1)","v":""},{"$f":"IF(Deviation_w_Addon_CPMS1!C394=\"\",\"\",Deviation_w_Addon_CPMS1!C394)","v":""},"",{"$f":"IF(COUNTIF(L$2:L372,L372)=1,L372,\"\")","v":""}]
[null,null,null,null,null,null,null,null,null,null,{"$f":"+IF(N373=\"\",\"\",MAX(K$1:K372)+1)","v":""},{"$f":"IF(Deviation_w_Addon_CPMS1!C395=\"\",\"\",Deviation_w_Addon_CPMS1!C395)","v":""},"",{"$f":"IF(COUNTIF(L$2:L373,L373)=1,L373,\"\")","v":""}]
[null,null,null,null,null,null,null,null,null,null,{"$f":"+IF(N374=\"\",\"\",MAX(K$1:K373)+1)","v":""},{"$f":"IF(Deviation_w_Addon_CPMS1!C396=\"\",\"\",Deviation_w_Addon_CPMS1!C396)","v":""},"",{"$f":"IF(COUNTIF(L$2:L374,L374)=1,L374,\"\")","v":""}]
[null,null,null,null,null,null,null,null,null,null,{"$f":"+IF(N375=\"\",\"\",MAX(K$1:K374)+1)","v":""},{"$f":"IF(Deviation_w_Addon_CPMS1!C397=\"\",\"\",Deviation_w_Addon_CPMS1!C397)","v":""},"",{"$f":"IF(COUNTIF(L$2:L375,L375)=1,L375,\"\")","v":""}]
[null,null,null,null,null,null,null,null,null,null,{"$f":"+IF(N376=\"\",\"\",MAX(K$1:K375)+1)","v":""},{"$f":"IF(Deviation_w_Addon_CPMS1!C398=\"\",\"\",Deviation_w_Addon_CPMS1!C398)","v":""},"",{"$f":"IF(COUNTIF(L$2:L376,L376)=1,L376,\"\")","v":""}]
[null,null,null,null,null,null,null,null,null,null,{"$f":"+IF(N377=\"\",\"\",MAX(K$1:K376)+1)","v":""},{"$f":"IF(Deviation_w_Addon_CPMS1!C399=\"\",\"\",Deviation_w_Addon_CPMS1!C399)","v":""},"",{"$f":"IF(COUNTIF(L$2:L377,L377)=1,L377,\"\")","v":""}]
[null,null,null,null,null,null,null,null,null,null,{"$f":"+IF(N378=\"\",\"\",MAX(K$1:K377)+1)","v":""},{"$f":"IF(Deviation_w_Addon_CPMS1!C400=\"\",\"\",Deviation_w_Addon_CPMS1!C400)","v":""},"",{"$f":"IF(COUNTIF(L$2:L378,L378)=1,L378,\"\")","v":""}]
[null,null,null,null,null,null,null,null,null,null,{"$f":"+IF(N379=\"\",\"\",MAX(K$1:K378)+1)","v":""},{"$f":"IF(Deviation_w_Addon_CPMS1!C401=\"\",\"\",Deviation_w_Addon_CPMS1!C401)","v":""},"",{"$f":"IF(COUNTIF(L$2:L379,L379)=1,L379,\"\")","v":""}]
[null,null,null,null,null,null,null,null,null,null,{"$f":"+IF(N380=\"\",\"\",MAX(K$1:K379)+1)","v":""},{"$f":"IF(Deviation_w_Addon_CPMS1!C402=\"\",\"\",Deviation_w_Addon_CPMS1!C402)","v":""},"",{"$f":"IF(COUNTIF(L$2:L380,L380)=1,L380,\"\")","v":""}]
[null,null,null,null,null,null,null,null,null,null,{"$f":"+IF(N381=\"\",\"\",MAX(K$1:K380)+1)","v":""},{"$f":"IF(Deviation_w_Addon_CPMS1!C403=\"\",\"\",Deviation_w_Addon_CPMS1!C403)","v":""},"",{"$f":"IF(COUNTIF(L$2:L381,L381)=1,L381,\"\")","v":""}]
[null,null,null,null,null,null,null,null,null,null,{"$f":"+IF(N382=\"\",\"\",MAX(K$1:K381)+1)","v":""},{"$f":"IF(Deviation_w_Addon_CPMS1!C404=\"\",\"\",Deviation_w_Addon_CPMS1!C404)","v":""},"",{"$f":"IF(COUNTIF(L$2:L382,L382)=1,L382,\"\")","v":""}]
[null,null,null,null,null,null,null,null,null,null,{"$f":"+IF(N383=\"\",\"\",MAX(K$1:K382)+1)","v":""},{"$f":"IF(Deviation_w_Addon_CPMS1!C405=\"\",\"\",Deviation_w_Addon_CPMS1!C405)","v":""},"",{"$f":"IF(COUNTIF(L$2:L383,L383)=1,L383,\"\")","v":""}]
[null,null,null,null,null,null,null,null,null,null,{"$f":"+IF(N384=\"\",\"\",MAX(K$1:K383)+1)","v":""},{"$f":"IF(Deviation_w_Addon_CPMS1!C406=\"\",\"\",Deviation_w_Addon_CPMS1!C406)","v":""},"",{"$f":"IF(COUNTIF(L$2:L384,L384)=1,L384,\"\")","v":""}]
[null,null,null,null,null,null,null,null,null,null,{"$f":"+IF(N385=\"\",\"\",MAX(K$1:K384)+1)","v":""},{"$f":"IF(Deviation_w_Addon_CPMS1!C407=\"\",\"\",Deviation_w_Addon_CPMS1!C407)","v":""},"",{"$f":"IF(COUNTIF(L$2:L385,L385)=1,L385,\"\")","v":""}]
[null,null,null,null,null,null,null,null,null,null,{"$f":"+IF(N386=\"\",\"\",MAX(K$1:K385)+1)","v":""},{"$f":"IF(Deviation_w_Addon_CPMS1!C408=\"\",\"\",Deviation_w_Addon_CPMS1!C408)","v":""},{"$f":"+IFERROR(INDEX($L$2:$L$501,MATCH(ROW()-ROW($M$1),$K$2:$K$501,0)),\"\")","v":""},{"$f":"IF(COUNTIF(L$2:L386,L386)=1,L386,\"\")","v":""}]
[null,null,null,null,null,null,null,null,null,null,{"$f":"+IF(N387=\"\",\"\",MAX(K$1:K386)+1)","v":""},{"$f":"IF(Deviation_w_Addon_CPMS1!C409=\"\",\"\",Deviation_w_Addon_CPMS1!C409)","v":""},"",{"$f":"IF(COUNTIF(L$2:L387,L387)=1,L387,\"\")","v":""}]
[null,null,null,null,null,null,null,null,null,null,{"$f":"+IF(N388=\"\",\"\",MAX(K$1:K387)+1)","v":""},{"$f":"IF(Deviation_w_Addon_CPMS1!C410=\"\",\"\",Deviation_w_Addon_CPMS1!C410)","v":""},"",{"$f":"IF(COUNTIF(L$2:L388,L388)=1,L388,\"\")","v":""}]
[null,null,null,null,null,null,null,null,null,null,{"$f":"+IF(N389=\"\",\"\",MAX(K$1:K388)+1)","v":""},{"$f":"IF(Deviation_w_Addon_CPMS1!C411=\"\",\"\",Deviation_w_Addon_CPMS1!C411)","v":""},"",{"$f":"IF(COUNTIF(L$2:L389,L389)=1,L389,\"\")","v":""}]
[null,null,null,null,null,null,null,null,null,null,{"$f":"+IF(N390=\"\",\"\",MAX(K$1:K389)+1)","v":""},{"$f":"IF(Deviation_w_Addon_CPMS1!C412=\"\",\"\",Deviation_w_Addon_CPMS1!C412)","v":""},"",{"$f":"IF(COUNTIF(L$2:L390,L390)=1,L390,\"\")","v":""}]
[null,null,null,null,null,null,null,null,null,null,{"$f":"+IF(N391=\"\",\"\",MAX(K$1:K390)+1)","v":""},{"$f":"IF(Deviation_w_Addon_CPMS1!C413=\"\",\"\",Deviation_w_Addon_CPMS1!C413)","v":""},"",{"$f":"IF(COUNTIF(L$2:L391,L391)=1,L391,\"\")","v":""}]
[null,null,null,null,null,null,null,null,null,null,{"$f":"+IF(N392=\"\",\"\",MAX(K$1:K391)+1)","v":""},{"$f":"IF(Deviation_w_Addon_CPMS1!C414=\"\",\"\",Deviation_w_Addon_CPMS1!C414)","v":""},"",{"$f":"IF(COUNTIF(L$2:L392,L392)=1,L392,\"\")","v":""}]
[null,null,null,null,null,null,null,null,null,null,{"$f":"+IF(N393=\"\",\"\",MAX(K$1:K392)+1)","v":""},{"$f":"IF(Deviation_w_Addon_CPMS1!C415=\"\",\"\",Deviation_w_Addon_CPMS1!C415)","v":""},"",{"$f":"IF(COUNTIF(L$2:L393,L393)=1,L393,\"\")","v":""}]
[null,null,null,null,null,null,null,null,null,null,{"$f":"+IF(N394=\"\",\"\",MAX(K$1:K393)+1)","v":""},{"$f":"IF(Deviation_w_Addon_CPMS1!C416=\"\",\"\",Deviation_w_Addon_CPMS1!C416)","v":""},"",{"$f":"IF(COUNTIF(L$2:L394,L394)=1,L394,\"\")","v":""}]
[null,null,null,null,null,null,null,null,null,null,{"$f":"+IF(N395=\"\",\"\",MAX(K$1:K394)+1)","v":""},{"$f":"IF(Deviation_w_Addon_CPMS1!C417=\"\",\"\",Deviation_w_Addon_CPMS1!C417)","v":""},"",{"$f":"IF(COUNTIF(L$2:L395,L395)=1,L395,\"\")","v":""}]
[null,null,null,null,null,null,null,null,null,null,{"$f":"+IF(N396=\"\",\"\",MAX(K$1:K395)+1)","v":""},{"$f":"IF(Deviation_w_Addon_CPMS1!C418=\"\",\"\",Deviation_w_Addon_CPMS1!C418)","v":""},"",{"$f":"IF(COUNTIF(L$2:L396,L396)=1,L396,\"\")","v":""}]
[null,null,null,null,null,null,null,null,null,null,{"$f":"+IF(N397=\"\",\"\",MAX(K$1:K396)+1)","v":""},{"$f":"IF(Deviation_w_Addon_CPMS1!C419=\"\",\"\",Deviation_w_Addon_CPMS1!C419)","v":""},"",{"$f":"IF(COUNTIF(L$2:L397,L397)=1,L397,\"\")","v":""}]
[null,null,null,null,null,null,null,null,null,null,{"$f":"+IF(N398=\"\",\"\",MAX(K$1:K397)+1)","v":""},{"$f":"IF(Deviation_w_Addon_CPMS1!C420=\"\",\"\",Deviation_w_Addon_CPMS1!C420)","v":""},"",{"$f":"IF(COUNTIF(L$2:L398,L398)=1,L398,\"\")","v":""}]
[null,null,null,null,null,null,null,null,null,null,{"$f":"+IF(N399=\"\",\"\",MAX(K$1:K398)+1)","v":""},{"$f":"IF(Deviation_w_Addon_CPMS1!C421=\"\",\"\",Deviation_w_Addon_CPMS1!C421)","v":""},"",{"$f":"IF(COUNTIF(L$2:L399,L399)=1,L399,\"\")","v":""}]
[null,null,null,null,null,null,null,null,null,null,{"$f":"+IF(N400=\"\",\"\",MAX(K$1:K399)+1)","v":""},{"$f":"IF(Deviation_w_Addon_CPMS1!C422=\"\",\"\",Deviation_w_Addon_CPMS1!C422)","v":""},"",{"$f":"IF(COUNTIF(L$2:L400,L400)=1,L400,\"\")","v":""}]
[null,null,null,null,null,null,null,null,null,null,{"$f":"+IF(N401=\"\",\"\",MAX(K$1:K400)+1)","v":""},{"$f":"IF(Deviation_w_Addon_CPMS1!C423=\"\",\"\",Deviation_w_Addon_CPMS1!C423)","v":""},"",{"$f":"IF(COUNTIF(L$2:L401,L401)=1,L401,\"\")","v":""}]
[null,null,null,null,null,null,null,null,null,null,{"$f":"+IF(N402=\"\",\"\",MAX(K$1:K401)+1)","v":""},{"$f":"IF(Deviation_w_Addon_CPMS1!C424=\"\",\"\",Deviation_w_Addon_CPMS1!C424)","v":""},"",{"$f":"IF(COUNTIF(L$2:L402,L402)=1,L402,\"\")","v":""}]
[null,null,null,null,null,null,null,null,null,null,{"$f":"+IF(N403=\"\",\"\",MAX(K$1:K402)+1)","v":""},{"$f":"IF(Deviation_w_Addon_CPMS1!C425=\"\",\"\",Deviation_w_Addon_CPMS1!C425)","v":""},"",{"$f":"IF(COUNTIF(L$2:L403,L403)=1,L403,\"\")","v":""}]
[null,null,null,null,null,null,null,null,null,null,{"$f":"+IF(N404=\"\",\"\",MAX(K$1:K403)+1)","v":""},{"$f":"IF(Deviation_w_Addon_CPMS1!C426=\"\",\"\",Deviation_w_Addon_CPMS1!C426)","v":""},"",{"$f":"IF(COUNTIF(L$2:L404,L404)=1,L404,\"\")","v":""}]
[null,null,null,null,null,null,null,null,null,null,{"$f":"+IF(N405=\"\",\"\",MAX(K$1:K404)+1)","v":""},{"$f":"IF(Deviation_w_Addon_CPMS1!C427=\"\",\"\",Deviation_w_Addon_CPMS1!C427)","v":""},"",{"$f":"IF(COUNTIF(L$2:L405,L405)=1,L405,\"\")","v":""}]
[null,null,null,null,null,null,null,null,null,null,{"$f":"+IF(N406=\"\",\"\",MAX(K$1:K405)+1)","v":""},{"$f":"IF(Deviation_w_Addon_CPMS1!C428=\"\",\"\",Deviation_w_Addon_CPMS1!C428)","v":""},"",{"$f":"IF(COUNTIF(L$2:L406,L406)=1,L406,\"\")","v":""}]
[null,null,null,null,null,null,null,null,null,null,{"$f":"+IF(N407=\"\",\"\",MAX(K$1:K406)+1)","v":""},{"$f":"IF(Deviation_w_Addon_CPMS1!C429=\"\",\"\",Deviation_w_Addon_CPMS1!C429)","v":""},"",{"$f":"IF(COUNTIF(L$2:L407,L407)=1,L407,\"\")","v":""}]
[null,null,null,null,null,null,null,null,null,null,{"$f":"+IF(N408=\"\",\"\",MAX(K$1:K407)+1)","v":""},{"$f":"IF(Deviation_w_Addon_CPMS1!C430=\"\",\"\",Deviation_w_Addon_CPMS1!C430)","v":""},"",{"$f":"IF(COUNTIF(L$2:L408,L408)=1,L408,\"\")","v":""}]
[null,null,null,null,null,null,null,null,null,null,{"$f":"+IF(N409=\"\",\"\",MAX(K$1:K408)+1)","v":""},{"$f":"IF(Deviation_w_Addon_CPMS1!C431=\"\",\"\",Deviation_w_Addon_CPMS1!C431)","v":""},"",{"$f":"IF(COUNTIF(L$2:L409,L409)=1,L409,\"\")","v":""}]
[null,null,null,null,null,null,null,null,null,null,{"$f":"+IF(N410=\"\",\"\",MAX(K$1:K409)+1)","v":""},{"$f":"IF(Deviation_w_Addon_CPMS1!C432=\"\",\"\",Deviation_w_Addon_CPMS1!C432)","v":""},"",{"$f":"IF(COUNTIF(L$2:L410,L410)=1,L410,\"\")","v":""}]
[null,null,null,null,null,null,null,null,null,null,{"$f":"+IF(N411=\"\",\"\",MAX(K$1:K410)+1)","v":""},{"$f":"IF(Deviation_w_Addon_CPMS1!C433=\"\",\"\",Deviation_w_Addon_CPMS1!C433)","v":""},"",{"$f":"IF(COUNTIF(L$2:L411,L411)=1,L411,\"\")","v":""}]
[null,null,null,null,null,null,null,null,null,null,{"$f":"+IF(N412=\"\",\"\",MAX(K$1:K411)+1)","v":""},{"$f":"IF(Deviation_w_Addon_CPMS1!C434=\"\",\"\",Deviation_w_Addon_CPMS1!C434)","v":""},"",{"$f":"IF(COUNTIF(L$2:L412,L412)=1,L412,\"\")","v":""}]
[null,null,null,null,null,null,null,null,null,null,{"$f":"+IF(N413=\"\",\"\",MAX(K$1:K412)+1)","v":""},{"$f":"IF(Deviation_w_Addon_CPMS1!C435=\"\",\"\",Deviation_w_Addon_CPMS1!C435)","v":""},"",{"$f":"IF(COUNTIF(L$2:L413,L413)=1,L413,\"\")","v":""}]
[null,null,null,null,null,null,null,null,null,null,{"$f":"+IF(N414=\"\",\"\",MAX(K$1:K413)+1)","v":""},{"$f":"IF(Deviation_w_Addon_CPMS1!C436=\"\",\"\",Deviation_w_Addon_CPMS1!C436)","v":""},"",{"$f":"IF(COUNTIF(L$2:L414,L414)=1,L414,\"\")","v":""}]
[null,null,null,null,null,null,null,null,null,null,{"$f":"+IF(N415=\"\",\"\",MAX(K$1:K414)+1)","v":""},{"$f":"IF(Deviation_w_Addon_CPMS1!C437=\"\",\"\",Deviation_w_Addon_CPMS1!C437)","v":""},"",{"$f":"IF(COUNTIF(L$2:L415,L415)=1,L415,\"\")","v":""}]
[null,null,null,null,null,null,null,null,null,null,{"$f":"+IF(N416=\"\",\"\",MAX(K$1:K415)+1)","v":""},{"$f":"IF(Deviation_w_Addon_CPMS1!C438=\"\",\"\",Deviation_w_Addon_CPMS1!C438)","v":""},"",{"$f":"IF(COUNTIF(L$2:L416,L416)=1,L416,\"\")","v":""}]
[null,null,null,null,null,null,null,null,null,null,{"$f":"+IF(N417=\"\",\"\",MAX(K$1:K416)+1)","v":""},{"$f":"IF(Deviation_w_Addon_CPMS1!C439=\"\",\"\",Deviation_w_Addon_CPMS1!C439)","v":""},"",{"$f":"IF(COUNTIF(L$2:L417,L417)=1,L417,\"\")","v":""}]
[null,null,null,null,null,null,null,null,null,null,{"$f":"+IF(N418=\"\",\"\",MAX(K$1:K417)+1)","v":""},{"$f":"IF(Deviation_w_Addon_CPMS1!C440=\"\",\"\",Deviation_w_Addon_CPMS1!C440)","v":""},"",{"$f":"IF(COUNTIF(L$2:L418,L418)=1,L418,\"\")","v":""}]
[null,null,null,null,null,null,null,null,null,null,{"$f":"+IF(N419=\"\",\"\",MAX(K$1:K418)+1)","v":""},{"$f":"IF(Deviation_w_Addon_CPMS1!C441=\"\",\"\",Deviation_w_Addon_CPMS1!C441)","v":""},"",{"$f":"IF(COUNTIF(L$2:L419,L419)=1,L419,\"\")","v":""}]
[null,null,null,null,null,null,null,null,null,null,{"$f":"+IF(N420=\"\",\"\",MAX(K$1:K419)+1)","v":""},{"$f":"IF(Deviation_w_Addon_CPMS1!C442=\"\",\"\",Deviation_w_Addon_CPMS1!C442)","v":""},"",{"$f":"IF(COUNTIF(L$2:L420,L420)=1,L420,\"\")","v":""}]
[null,null,null,null,null,null,null,null,null,null,{"$f":"+IF(N421=\"\",\"\",MAX(K$1:K420)+1)","v":""},{"$f":"IF(Deviation_w_Addon_CPMS1!C443=\"\",\"\",Deviation_w_Addon_CPMS1!C443)","v":""},"",{"$f":"IF(COUNTIF(L$2:L421,L421)=1,L421,\"\")","v":""}]
[null,null,null,null,null,null,null,null,null,null,{"$f":"+IF(N422=\"\",\"\",MAX(K$1:K421)+1)","v":""},{"$f":"IF(Deviation_w_Addon_CPMS1!C444=\"\",\"\",Deviation_w_Addon_CPMS1!C444)","v":""},"",{"$f":"IF(COUNTIF(L$2:L422,L422)=1,L422,\"\")","v":""}]
[null,null,null,null,null,null,null,null,null,null,{"$f":"+IF(N423=\"\",\"\",MAX(K$1:K422)+1)","v":""},{"$f":"IF(Deviation_w_Addon_CPMS1!C445=\"\",\"\",Deviation_w_Addon_CPMS1!C445)","v":""},"",{"$f":"IF(COUNTIF(L$2:L423,L423)=1,L423,\"\")","v":""}]
[null,null,null,null,null,null,null,null,null,null,{"$f":"+IF(N424=\"\",\"\",MAX(K$1:K423)+1)","v":""},{"$f":"IF(Deviation_w_Addon_CPMS1!C446=\"\",\"\",Deviation_w_Addon_CPMS1!C446)","v":""},"",{"$f":"IF(COUNTIF(L$2:L424,L424)=1,L424,\"\")","v":""}]
[null,null,null,null,null,null,null,null,null,null,{"$f":"+IF(N425=\"\",\"\",MAX(K$1:K424)+1)","v":""},{"$f":"IF(Deviation_w_Addon_CPMS1!C447=\"\",\"\",Deviation_w_Addon_CPMS1!C447)","v":""},"",{"$f":"IF(COUNTIF(L$2:L425,L425)=1,L425,\"\")","v":""}]
[null,null,null,null,null,null,null,null,null,null,{"$f":"+IF(N426=\"\",\"\",MAX(K$1:K425)+1)","v":""},{"$f":"IF(Deviation_w_Addon_CPMS1!C448=\"\",\"\",Deviation_w_Addon_CPMS1!C448)","v":""},"",{"$f":"IF(COUNTIF(L$2:L426,L426)=1,L426,\"\")","v":""}]
[null,null,null,null,null,null,null,null,null,null,{"$f":"+IF(N427=\"\",\"\",MAX(K$1:K426)+1)","v":""},{"$f":"IF(Deviation_w_Addon_CPMS1!C449=\"\",\"\",Deviation_w_Addon_CPMS1!C449)","v":""},"",{"$f":"IF(COUNTIF(L$2:L427,L427)=1,L427,\"\")","v":""}]
[null,null,null,null,null,null,null,null,null,null,{"$f":"+IF(N428=\"\",\"\",MAX(K$1:K427)+1)","v":""},{"$f":"IF(Deviation_w_Addon_CPMS1!C450=\"\",\"\",Deviation_w_Addon_CPMS1!C450)","v":""},"",{"$f":"IF(COUNTIF(L$2:L428,L428)=1,L428,\"\")","v":""}]
[null,null,null,null,null,null,null,null,null,null,{"$f":"+IF(N429=\"\",\"\",MAX(K$1:K428)+1)","v":""},{"$f":"IF(Deviation_w_Addon_CPMS1!C451=\"\",\"\",Deviation_w_Addon_CPMS1!C451)","v":""},"",{"$f":"IF(COUNTIF(L$2:L429,L429)=1,L429,\"\")","v":""}]
[null,null,null,null,null,null,null,null,null,null,{"$f":"+IF(N430=\"\",\"\",MAX(K$1:K429)+1)","v":""},{"$f":"IF(Deviation_w_Addon_CPMS1!C452=\"\",\"\",Deviation_w_Addon_CPMS1!C452)","v":""},"",{"$f":"IF(COUNTIF(L$2:L430,L430)=1,L430,\"\")","v":""}]
[null,null,null,null,null,null,null,null,null,null,{"$f":"+IF(N431=\"\",\"\",MAX(K$1:K430)+1)","v":""},{"$f":"IF(Deviation_w_Addon_CPMS1!C453=\"\",\"\",Deviation_w_Addon_CPMS1!C453)","v":""},"",{"$f":"IF(COUNTIF(L$2:L431,L431)=1,L431,\"\")","v":""}]
[null,null,null,null,null,null,null,null,null,null,{"$f":"+IF(N432=\"\",\"\",MAX(K$1:K431)+1)","v":""},{"$f":"IF(Deviation_w_Addon_CPMS1!C454=\"\",\"\",Deviation_w_Addon_CPMS1!C454)","v":""},"",{"$f":"IF(COUNTIF(L$2:L432,L432)=1,L432,\"\")","v":""}]
[null,null,null,null,null,null,null,null,null,null,{"$f":"+IF(N433=\"\",\"\",MAX(K$1:K432)+1)","v":""},{"$f":"IF(Deviation_w_Addon_CPMS1!C455=\"\",\"\",Deviation_w_Addon_CPMS1!C455)","v":""},"",{"$f":"IF(COUNTIF(L$2:L433,L433)=1,L433,\"\")","v":""}]
[null,null,null,null,null,null,null,null,null,null,{"$f":"+IF(N434=\"\",\"\",MAX(K$1:K433)+1)","v":""},{"$f":"IF(Deviation_w_Addon_CPMS1!C456=\"\",\"\",Deviation_w_Addon_CPMS1!C456)","v":""},"",{"$f":"IF(COUNTIF(L$2:L434,L434)=1,L434,\"\")","v":""}]
[null,null,null,null,null,null,null,null,null,null,{"$f":"+IF(N435=\"\",\"\",MAX(K$1:K434)+1)","v":""},{"$f":"IF(Deviation_w_Addon_CPMS1!C457=\"\",\"\",Deviation_w_Addon_CPMS1!C457)","v":""},"",{"$f":"IF(COUNTIF(L$2:L435,L435)=1,L435,\"\")","v":""}]
[null,null,null,null,null,null,null,null,null,null,{"$f":"+IF(N436=\"\",\"\",MAX(K$1:K435)+1)","v":""},{"$f":"IF(Deviation_w_Addon_CPMS1!C458=\"\",\"\",Deviation_w_Addon_CPMS1!C458)","v":""},"",{"$f":"IF(COUNTIF(L$2:L436,L436)=1,L436,\"\")","v":""}]
[null,null,null,null,null,null,null,null,null,null,{"$f":"+IF(N437=\"\",\"\",MAX(K$1:K436)+1)","v":""},{"$f":"IF(Deviation_w_Addon_CPMS1!C459=\"\",\"\",Deviation_w_Addon_CPMS1!C459)","v":""},"",{"$f":"IF(COUNTIF(L$2:L437,L437)=1,L437,\"\")","v":""}]
[null,null,null,null,null,null,null,null,null,null,{"$f":"+IF(N438=\"\",\"\",MAX(K$1:K437)+1)","v":""},{"$f":"IF(Deviation_w_Addon_CPMS1!C460=\"\",\"\",Deviation_w_Addon_CPMS1!C460)","v":""},"",{"$f":"IF(COUNTIF(L$2:L438,L438)=1,L438,\"\")","v":""}]
[null,null,null,null,null,null,null,null,null,null,{"$f":"+IF(N439=\"\",\"\",MAX(K$1:K438)+1)","v":""},{"$f":"IF(Deviation_w_Addon_CPMS1!C461=\"\",\"\",Deviation_w_Addon_CPMS1!C461)","v":""},"",{"$f":"IF(COUNTIF(L$2:L439,L439)=1,L439,\"\")","v":""}]
[null,null,null,null,null,null,null,null,null,null,{"$f":"+IF(N440=\"\",\"\",MAX(K$1:K439)+1)","v":""},{"$f":"IF(Deviation_w_Addon_CPMS1!C462=\"\",\"\",Deviation_w_Addon_CPMS1!C462)","v":""},"",{"$f":"IF(COUNTIF(L$2:L440,L440)=1,L440,\"\")","v":""}]
[null,null,null,null,null,null,null,null,null,null,{"$f":"+IF(N441=\"\",\"\",MAX(K$1:K440)+1)","v":""},{"$f":"IF(Deviation_w_Addon_CPMS1!C463=\"\",\"\",Deviation_w_Addon_CPMS1!C463)","v":""},"",{"$f":"IF(COUNTIF(L$2:L441,L441)=1,L441,\"\")","v":""}]
[null,null,null,null,null,null,null,null,null,null,{"$f":"+IF(N442=\"\",\"\",MAX(K$1:K441)+1)","v":""},{"$f":"IF(Deviation_w_Addon_CPMS1!C464=\"\",\"\",Deviation_w_Addon_CPMS1!C464)","v":""},"",{"$f":"IF(COUNTIF(L$2:L442,L442)=1,L442,\"\")","v":""}]
[null,null,null,null,null,null,null,null,null,null,{"$f":"+IF(N443=\"\",\"\",MAX(K$1:K442)+1)","v":""},{"$f":"IF(Deviation_w_Addon_CPMS1!C465=\"\",\"\",Deviation_w_Addon_CPMS1!C465)","v":""},"",{"$f":"IF(COUNTIF(L$2:L443,L443)=1,L443,\"\")","v":""}]
[null,null,null,null,null,null,null,null,null,null,{"$f":"+IF(N444=\"\",\"\",MAX(K$1:K443)+1)","v":""},{"$f":"IF(Deviation_w_Addon_CPMS1!C466=\"\",\"\",Deviation_w_Addon_CPMS1!C466)","v":""},"",{"$f":"IF(COUNTIF(L$2:L444,L444)=1,L444,\"\")","v":""}]
[null,null,null,null,null,null,null,null,null,null,{"$f":"+IF(N445=\"\",\"\",MAX(K$1:K444)+1)","v":""},{"$f":"IF(Deviation_w_Addon_CPMS1!C467=\"\",\"\",Deviation_w_Addon_CPMS1!C467)","v":""},"",{"$f":"IF(COUNTIF(L$2:L445,L445)=1,L445,\"\")","v":""}]
[null,null,null,null,null,null,null,null,null,null,{"$f":"+IF(N446=\"\",\"\",MAX(K$1:K445)+1)","v":""},{"$f":"IF(Deviation_w_Addon_CPMS1!C468=\"\",\"\",Deviation_w_Addon_CPMS1!C468)","v":""},"",{"$f":"IF(COUNTIF(L$2:L446,L446)=1,L446,\"\")","v":""}]
[null,null,null,null,null,null,null,null,null,null,{"$f":"+IF(N447=\"\",\"\",MAX(K$1:K446)+1)","v":""},{"$f":"IF(Deviation_w_Addon_CPMS1!C469=\"\",\"\",Deviation_w_Addon_CPMS1!C469)","v":""},"",{"$f":"IF(COUNTIF(L$2:L447,L447)=1,L447,\"\")","v":""}]
[null,null,null,null,null,null,null,null,null,null,{"$f":"+IF(N448=\"\",\"\",MAX(K$1:K447)+1)","v":""},{"$f":"IF(Deviation_w_Addon_CPMS1!C470=\"\",\"\",Deviation_w_Addon_CPMS1!C470)","v":""},"",{"$f":"IF(COUNTIF(L$2:L448,L448)=1,L448,\"\")","v":""}]
[null,null,null,null,null,null,null,null,null,null,{"$f":"+IF(N449=\"\",\"\",MAX(K$1:K448)+1)","v":""},{"$f":"IF(Deviation_w_Addon_CPMS1!C471=\"\",\"\",Deviation_w_Addon_CPMS1!C471)","v":""},"",{"$f":"IF(COUNTIF(L$2:L449,L449)=1,L449,\"\")","v":""}]
[null,null,null,null,null,null,null,null,null,null,{"$f":"+IF(N450=\"\",\"\",MAX(K$1:K449)+1)","v":""},{"$f":"IF(Deviation_w_Addon_CPMS1!C472=\"\",\"\",Deviation_w_Addon_CPMS1!C472)","v":""},{"$f":"+IFERROR(INDEX($L$2:$L$501,MATCH(ROW()-ROW($M$1),$K$2:$K$501,0)),\"\")","v":""},{"$f":"IF(COUNTIF(L$2:L450,L450)=1,L450,\"\")","v":""}]
[null,null,null,null,null,null,null,null,null,null,{"$f":"+IF(N451=\"\",\"\",MAX(K$1:K450)+1)","v":""},{"$f":"IF(Deviation_w_Addon_CPMS1!C473=\"\",\"\",Deviation_w_Addon_CPMS1!C473)","v":""},"",{"$f":"IF(COUNTIF(L$2:L451,L451)=1,L451,\"\")","v":""}]
[null,null,null,null,null,null,null,null,null,null,{"$f":"+IF(N452=\"\",\"\",MAX(K$1:K451)+1)","v":""},{"$f":"IF(Deviation_w_Addon_CPMS1!C474=\"\",\"\",Deviation_w_Addon_CPMS1!C474)","v":""},"",{"$f":"IF(COUNTIF(L$2:L452,L452)=1,L452,\"\")","v":""}]
[null,null,null,null,null,null,null,null,null,null,{"$f":"+IF(N453=\"\",\"\",MAX(K$1:K452)+1)","v":""},{"$f":"IF(Deviation_w_Addon_CPMS1!C475=\"\",\"\",Deviation_w_Addon_CPMS1!C475)","v":""},"",{"$f":"IF(COUNTIF(L$2:L453,L453)=1,L453,\"\")","v":""}]
[null,null,null,null,null,null,null,null,null,null,{"$f":"+IF(N454=\"\",\"\",MAX(K$1:K453)+1)","v":""},{"$f":"IF(Deviation_w_Addon_CPMS1!C476=\"\",\"\",Deviation_w_Addon_CPMS1!C476)","v":""},"",{"$f":"IF(COUNTIF(L$2:L454,L454)=1,L454,\"\")","v":""}]
[null,null,null,null,null,null,null,null,null,null,{"$f":"+IF(N455=\"\",\"\",MAX(K$1:K454)+1)","v":""},{"$f":"IF(Deviation_w_Addon_CPMS1!C477=\"\",\"\",Deviation_w_Addon_CPMS1!C477)","v":""},"",{"$f":"IF(COUNTIF(L$2:L455,L455)=1,L455,\"\")","v":""}]
[null,null,null,null,null,null,null,null,null,null,{"$f":"+IF(N456=\"\",\"\",MAX(K$1:K455)+1)","v":""},{"$f":"IF(Deviation_w_Addon_CPMS1!C478=\"\",\"\",Deviation_w_Addon_CPMS1!C478)","v":""},"",{"$f":"IF(COUNTIF(L$2:L456,L456)=1,L456,\"\")","v":""}]
[null,null,null,null,null,null,null,null,null,null,{"$f":"+IF(N457=\"\",\"\",MAX(K$1:K456)+1)","v":""},{"$f":"IF(Deviation_w_Addon_CPMS1!C479=\"\",\"\",Deviation_w_Addon_CPMS1!C479)","v":""},"",{"$f":"IF(COUNTIF(L$2:L457,L457)=1,L457,\"\")","v":""}]
[null,null,null,null,null,null,null,null,null,null,{"$f":"+IF(N458=\"\",\"\",MAX(K$1:K457)+1)","v":""},{"$f":"IF(Deviation_w_Addon_CPMS1!C480=\"\",\"\",Deviation_w_Addon_CPMS1!C480)","v":""},"",{"$f":"IF(COUNTIF(L$2:L458,L458)=1,L458,\"\")","v":""}]
[null,null,null,null,null,null,null,null,null,null,{"$f":"+IF(N459=\"\",\"\",MAX(K$1:K458)+1)","v":""},{"$f":"IF(Deviation_w_Addon_CPMS1!C481=\"\",\"\",Deviation_w_Addon_CPMS1!C481)","v":""},"",{"$f":"IF(COUNTIF(L$2:L459,L459)=1,L459,\"\")","v":""}]
[null,null,null,null,null,null,null,null,null,null,{"$f":"+IF(N460=\"\",\"\",MAX(K$1:K459)+1)","v":""},{"$f":"IF(Deviation_w_Addon_CPMS1!C482=\"\",\"\",Deviation_w_Addon_CPMS1!C482)","v":""},"",{"$f":"IF(COUNTIF(L$2:L460,L460)=1,L460,\"\")","v":""}]
[null,null,null,null,null,null,null,null,null,null,{"$f":"+IF(N461=\"\",\"\",MAX(K$1:K460)+1)","v":""},{"$f":"IF(Deviation_w_Addon_CPMS1!C483=\"\",\"\",Deviation_w_Addon_CPMS1!C483)","v":""},"",{"$f":"IF(COUNTIF(L$2:L461,L461)=1,L461,\"\")","v":""}]
[null,null,null,null,null,null,null,null,null,null,{"$f":"+IF(N462=\"\",\"\",MAX(K$1:K461)+1)","v":""},{"$f":"IF(Deviation_w_Addon_CPMS1!C484=\"\",\"\",Deviation_w_Addon_CPMS1!C484)","v":""},"",{"$f":"IF(COUNTIF(L$2:L462,L462)=1,L462,\"\")","v":""}]
[null,null,null,null,null,null,null,null,null,null,{"$f":"+IF(N463=\"\",\"\",MAX(K$1:K462)+1)","v":""},{"$f":"IF(Deviation_w_Addon_CPMS1!C485=\"\",\"\",Deviation_w_Addon_CPMS1!C485)","v":""},"",{"$f":"IF(COUNTIF(L$2:L463,L463)=1,L463,\"\")","v":""}]
[null,null,null,null,null,null,null,null,null,null,{"$f":"+IF(N464=\"\",\"\",MAX(K$1:K463)+1)","v":""},{"$f":"IF(Deviation_w_Addon_CPMS1!C486=\"\",\"\",Deviation_w_Addon_CPMS1!C486)","v":""},"",{"$f":"IF(COUNTIF(L$2:L464,L464)=1,L464,\"\")","v":""}]
[null,null,null,null,null,null,null,null,null,null,{"$f":"+IF(N465=\"\",\"\",MAX(K$1:K464)+1)","v":""},{"$f":"IF(Deviation_w_Addon_CPMS1!C487=\"\",\"\",Deviation_w_Addon_CPMS1!C487)","v":""},"",{"$f":"IF(COUNTIF(L$2:L465,L465)=1,L465,\"\")","v":""}]
[null,null,null,null,null,null,null,null,null,null,{"$f":"+IF(N466=\"\",\"\",MAX(K$1:K465)+1)","v":""},{"$f":"IF(Deviation_w_Addon_CPMS1!C488=\"\",\"\",Deviation_w_Addon_CPMS1!C488)","v":""},"",{"$f":"IF(COUNTIF(L$2:L466,L466)=1,L466,\"\")","v":""}]
[null,null,null,null,null,null,null,null,null,null,{"$f":"+IF(N467=\"\",\"\",MAX(K$1:K466)+1)","v":""},{"$f":"IF(Deviation_w_Addon_CPMS1!C489=\"\",\"\",Deviation_w_Addon_CPMS1!C489)","v":""},"",{"$f":"IF(COUNTIF(L$2:L467,L467)=1,L467,\"\")","v":""}]
[null,null,null,null,null,null,null,null,null,null,{"$f":"+IF(N468=\"\",\"\",MAX(K$1:K467)+1)","v":""},{"$f":"IF(Deviation_w_Addon_CPMS1!C490=\"\",\"\",Deviation_w_Addon_CPMS1!C490)","v":""},"",{"$f":"IF(COUNTIF(L$2:L468,L468)=1,L468,\"\")","v":""}]
[null,null,null,null,null,null,null,null,null,null,{"$f":"+IF(N469=\"\",\"\",MAX(K$1:K468)+1)","v":""},{"$f":"IF(Deviation_w_Addon_CPMS1!C491=\"\",\"\",Deviation_w_Addon_CPMS1!C491)","v":""},"",{"$f":"IF(COUNTIF(L$2:L469,L469)=1,L469,\"\")","v":""}]
[null,null,null,null,null,null,null,null,null,null,{"$f":"+IF(N470=\"\",\"\",MAX(K$1:K469)+1)","v":""},{"$f":"IF(Deviation_w_Addon_CPMS1!C492=\"\",\"\",Deviation_w_Addon_CPMS1!C492)","v":""},"",{"$f":"IF(COUNTIF(L$2:L470,L470)=1,L470,\"\")","v":""}]
[null,null,null,null,null,null,null,null,null,null,{"$f":"+IF(N471=\"\",\"\",MAX(K$1:K470)+1)","v":""},{"$f":"IF(Deviation_w_Addon_CPMS1!C493=\"\",\"\",Deviation_w_Addon_CPMS1!C493)","v":""},"",{"$f":"IF(COUNTIF(L$2:L471,L471)=1,L471,\"\")","v":""}]
[null,null,null,null,null,null,null,null,null,null,{"$f":"+IF(N472=\"\",\"\",MAX(K$1:K471)+1)","v":""},{"$f":"IF(Deviation_w_Addon_CPMS1!C494=\"\",\"\",Deviation_w_Addon_CPMS1!C494)","v":""},"",{"$f":"IF(COUNTIF(L$2:L472,L472)=1,L472,\"\")","v":""}]
[null,null,null,null,null,null,null,null,null,null,{"$f":"+IF(N473=\"\",\"\",MAX(K$1:K472)+1)","v":""},{"$f":"IF(Deviation_w_Addon_CPMS1!C495=\"\",\"\",Deviation_w_Addon_CPMS1!C495)","v":""},"",{"$f":"IF(COUNTIF(L$2:L473,L473)=1,L473,\"\")","v":""}]
[null,null,null,null,null,null,null,null,null,null,{"$f":"+IF(N474=\"\",\"\",MAX(K$1:K473)+1)","v":""},{"$f":"IF(Deviation_w_Addon_CPMS1!C496=\"\",\"\",Deviation_w_Addon_CPMS1!C496)","v":""},"",{"$f":"IF(COUNTIF(L$2:L474,L474)=1,L474,\"\")","v":""}]
[null,null,null,null,null,null,null,null,null,null,{"$f":"+IF(N475=\"\",\"\",MAX(K$1:K474)+1)","v":""},{"$f":"IF(Deviation_w_Addon_CPMS1!C497=\"\",\"\",Deviation_w_Addon_CPMS1!C497)","v":""},"",{"$f":"IF(COUNTIF(L$2:L475,L475)=1,L475,\"\")","v":""}]
[null,null,null,null,null,null,null,null,null,null,{"$f":"+IF(N476=\"\",\"\",MAX(K$1:K475)+1)","v":""},{"$f":"IF(Deviation_w_Addon_CPMS1!C498=\"\",\"\",Deviation_w_Addon_CPMS1!C498)","v":""},"",{"$f":"IF(COUNTIF(L$2:L476,L476)=1,L476,\"\")","v":""}]
[null,null,null,null,null,null,null,null,null,null,{"$f":"+IF(N477=\"\",\"\",MAX(K$1:K476)+1)","v":""},{"$f":"IF(Deviation_w_Addon_CPMS1!C499=\"\",\"\",Deviation_w_Addon_CPMS1!C499)","v":""},"",{"$f":"IF(COUNTIF(L$2:L477,L477)=1,L477,\"\")","v":""}]
[null,null,null,null,null,null,null,null,null,null,{"$f":"+IF(N478=\"\",\"\",MAX(K$1:K477)+1)","v":""},{"$f":"IF(Deviation_w_Addon_CPMS1!C500=\"\",\"\",Deviation_w_Addon_CPMS1!C500)","v":""},"",{"$f":"IF(COUNTIF(L$2:L478,L478)=1,L478,\"\")","v":""}]
[null,null,null,null,null,null,null,null,null,null,{"$f":"+IF(N479=\"\",\"\",MAX(K$1:K478)+1)","v":""},{"$f":"IF(Deviation_w_Addon_CPMS1!C501=\"\",\"\",Deviation_w_Addon_CPMS1!C501)","v":""},"",{"$f":"IF(COUNTIF(L$2:L479,L479)=1,L479,\"\")","v":""}]
[null,null,null,null,null,null,null,null,null,null,{"$f":"+IF(N480=\"\",\"\",MAX(K$1:K479)+1)","v":""},{"$f":"IF(Deviation_w_Addon_CPMS1!C502=\"\",\"\",Deviation_w_Addon_CPMS1!C502)","v":""},"",{"$f":"IF(COUNTIF(L$2:L480,L480)=1,L480,\"\")","v":""}]
[null,null,null,null,null,null,null,null,null,null,{"$f":"+IF(N481=\"\",\"\",MAX(K$1:K480)+1)","v":""},{"$f":"IF(Deviation_w_Addon_CPMS1!C503=\"\",\"\",Deviation_w_Addon_CPMS1!C503)","v":""},"",{"$f":"IF(COUNTIF(L$2:L481,L481)=1,L481,\"\")","v":""}]
[null,null,null,null,null,null,null,null,null,null,{"$f":"+IF(N482=\"\",\"\",MAX(K$1:K481)+1)","v":""},{"$f":"IF(Deviation_w_Addon_CPMS1!C504=\"\",\"\",Deviation_w_Addon_CPMS1!C504)","v":""},"",{"$f":"IF(COUNTIF(L$2:L482,L482)=1,L482,\"\")","v":""}]
[null,null,null,null,null,null,null,null,null,null,{"$f":"+IF(N483=\"\",\"\",MAX(K$1:K482)+1)","v":""},{"$f":"IF(Deviation_w_Addon_CPMS1!C505=\"\",\"\",Deviation_w_Addon_CPMS1!C505)","v":""},"",{"$f":"IF(COUNTIF(L$2:L483,L483)=1,L483,\"\")","v":""}]
[null,null,null,null,null,null,null,null,null,null,{"$f":"+IF(N484=\"\",\"\",MAX(K$1:K483)+1)","v":""},{"$f":"IF(Deviation_w_Addon_CPMS1!C506=\"\",\"\",Deviation_w_Addon_CPMS1!C506)","v":""},"",{"$f":"IF(COUNTIF(L$2:L484,L484)=1,L484,\"\")","v":""}]
[null,null,null,null,null,null,null,null,null,null,{"$f":"+IF(N485=\"\",\"\",MAX(K$1:K484)+1)","v":""},{"$f":"IF(Deviation_w_Addon_CPMS1!C507=\"\",\"\",Deviation_w_Addon_CPMS1!C507)","v":""},"",{"$f":"IF(COUNTIF(L$2:L485,L485)=1,L485,\"\")","v":""}]
[null,null,null,null,null,null,null,null,null,null,{"$f":"+IF(N486=\"\",\"\",MAX(K$1:K485)+1)","v":""},{"$f":"IF(Deviation_w_Addon_CPMS1!C508=\"\",\"\",Deviation_w_Addon_CPMS1!C508)","v":""},"",{"$f":"IF(COUNTIF(L$2:L486,L486)=1,L486,\"\")","v":""}]
[null,null,null,null,null,null,null,null,null,null,{"$f":"+IF(N487=\"\",\"\",MAX(K$1:K486)+1)","v":""},{"$f":"IF(Deviation_w_Addon_CPMS1!C509=\"\",\"\",Deviation_w_Addon_CPMS1!C509)","v":""},"",{"$f":"IF(COUNTIF(L$2:L487,L487)=1,L487,\"\")","v":""}]
[null,null,null,null,null,null,null,null,null,null,{"$f":"+IF(N488=\"\",\"\",MAX(K$1:K487)+1)","v":""},{"$f":"IF(Deviation_w_Addon_CPMS1!C510=\"\",\"\",Deviation_w_Addon_CPMS1!C510)","v":""},"",{"$f":"IF(COUNTIF(L$2:L488,L488)=1,L488,\"\")","v":""}]
[null,null,null,null,null,null,null,null,null,null,{"$f":"+IF(N489=\"\",\"\",MAX(K$1:K488)+1)","v":""},{"$f":"IF(Deviation_w_Addon_CPMS1!C511=\"\",\"\",Deviation_w_Addon_CPMS1!C511)","v":""},"",{"$f":"IF(COUNTIF(L$2:L489,L489)=1,L489,\"\")","v":""}]
[null,null,null,null,null,null,null,null,null,null,{"$f":"+IF(N490=\"\",\"\",MAX(K$1:K489)+1)","v":""},{"$f":"IF(Deviation_w_Addon_CPMS1!C512=\"\",\"\",Deviation_w_Addon_CPMS1!C512)","v":""},"",{"$f":"IF(COUNTIF(L$2:L490,L490)=1,L490,\"\")","v":""}]
[null,null,null,null,null,null,null,null,null,null,{"$f":"+IF(N491=\"\",\"\",MAX(K$1:K490)+1)","v":""},{"$f":"IF(Deviation_w_Addon_CPMS1!C513=\"\",\"\",Deviation_w_Addon_CPMS1!C513)","v":""},"",{"$f":"IF(COUNTIF(L$2:L491,L491)=1,L491,\"\")","v":""}]
[null,null,null,null,null,null,null,null,null,null,{"$f":"+IF(N492=\"\",\"\",MAX(K$1:K491)+1)","v":""},{"$f":"IF(Deviation_w_Addon_CPMS1!C514=\"\",\"\",Deviation_w_Addon_CPMS1!C514)","v":""},"",{"$f":"IF(COUNTIF(L$2:L492,L492)=1,L492,\"\")","v":""}]
[null,null,null,null,null,null,null,null,null,null,{"$f":"+IF(N493=\"\",\"\",MAX(K$1:K492)+1)","v":""},{"$f":"IF(Deviation_w_Addon_CPMS1!C515=\"\",\"\",Deviation_w_Addon_CPMS1!C515)","v":""},"",{"$f":"IF(COUNTIF(L$2:L493,L493)=1,L493,\"\")","v":""}]
[null,null,null,null,null,null,null,null,null,null,{"$f":"+IF(N494=\"\",\"\",MAX(K$1:K493)+1)","v":""},{"$f":"IF(Deviation_w_Addon_CPMS1!C516=\"\",\"\",Deviation_w_Addon_CPMS1!C516)","v":""},"",{"$f":"IF(COUNTIF(L$2:L494,L494)=1,L494,\"\")","v":""}]
[null,null,null,null,null,null,null,null,null,null,{"$f":"+IF(N495=\"\",\"\",MAX(K$1:K494)+1)","v":""},{"$f":"IF(Deviation_w_Addon_CPMS1!C517=\"\",\"\",Deviation_w_Addon_CPMS1!C517)","v":""},"",{"$f":"IF(COUNTIF(L$2:L495,L495)=1,L495,\"\")","v":""}]
[null,null,null,null,null,null,null,null,null,null,{"$f":"+IF(N496=\"\",\"\",MAX(K$1:K495)+1)","v":""},{"$f":"IF(Deviation_w_Addon_CPMS1!C518=\"\",\"\",Deviation_w_Addon_CPMS1!C518)","v":""},"",{"$f":"IF(COUNTIF(L$2:L496,L496)=1,L496,\"\")","v":""}]
[null,null,null,null,null,null,null,null,null,null,{"$f":"+IF(N497=\"\",\"\",MAX(K$1:K496)+1)","v":""},{"$f":"IF(Deviation_w_Addon_CPMS1!C519=\"\",\"\",Deviation_w_Addon_CPMS1!C519)","v":""},"",{"$f":"IF(COUNTIF(L$2:L497,L497)=1,L497,\"\")","v":""}]
[null,null,null,null,null,null,null,null,null,null,{"$f":"+IF(N498=\"\",\"\",MAX(K$1:K497)+1)","v":""},{"$f":"IF(Deviation_w_Addon_CPMS1!C520=\"\",\"\",Deviation_w_Addon_CPMS1!C520)","v":""},"",{"$f":"IF(COUNTIF(L$2:L498,L498)=1,L498,\"\")","v":""}]
[null,null,null,null,null,null,null,null,null,null,{"$f":"+IF(N499=\"\",\"\",MAX(K$1:K498)+1)","v":""},{"$f":"IF(Deviation_w_Addon_CPMS1!C521=\"\",\"\",Deviation_w_Addon_CPMS1!C521)","v":""},"",{"$f":"IF(COUNTIF(L$2:L499,L499)=1,L499,\"\")","v":""}]
[null,null,null,null,null,null,null,null,null,null,{"$f":"+IF(N500=\"\",\"\",MAX(K$1:K499)+1)","v":""},{"$f":"IF(Deviation_w_Addon_CPMS1!C522=\"\",\"\",Deviation_w_Addon_CPMS1!C522)","v":""},"",{"$f":"IF(COUNTIF(L$2:L500,L500)=1,L500,\"\")","v":""}]
[null,null,null,null,null,null,null,null,null,null,{"$f":"+IF(N501=\"\",\"\",MAX(K$1:K500)+1)","v":""},{"$f":"IF(Deviation_w_Addon_CPMS1!C523=\"\",\"\",Deviation_w_Addon_CPMS1!C523)","v":""},"",{"$f":"IF(COUNTIF(L$2:L501,L501)=1,L501,\"\")","v":""}]

{"sheet":"Welcome","index":1,"n_rows":24,"n_cols":2,"rows_kept":24,"cut":false,"hidden":false,"merged":[]}
["DO NOT REMOVE OR EDIT INFORMATION IN THIS SECTION\nFOR INTERNAL USE ONLY"]
["Template Name","63.4310(c) and 63.4311(a) Notification of Compliance and Semiannual Compliance Report (Spreadsheet Template)"]
["CitationID","63.4310(c) and 63.4311(a)"]
["Template Version","v1.00"]
["Last Updated Date",43537]
[null,"OMB Control Number: 2060-0522, Expiration: March 31, 2019"]
[null,"40 CFR Part 63, Subpart OOOO National Emission Standards for Hazardous Air Pollutants: Printing, Coating,"]
[null," and Dyeing of Fabrics and Other Textiles - "]
[null,"§63.4310(c) and §63.4311(a) Notification of Compliance and  Semiannual Compliance Report Spreadsheet Template"]
[null,"Welcome and Instructions"]
[null,"Purpose:"]
[null,"This spreadsheet template was designed by the U.S. EPA to facilitate Semianuual Compliance reporting for facilities subject under the 40 CFR part 63, subpart OOOO regulation.  CEDRI is accessed through the EPA's Central Data Exchange (https://cdx.epa.gov)\n"]
[null,"Electronic reporting:"]
[null,"Electronic submission of Semiannual Compliance reports through the EPA's Compliance and Emissions Data Reporting (CEDRI) is required under §63.4311(e) and (f).\n"]
[null,"CEDRI is accessed through the EPA's Central Data Exchange: https://cdx.epa.gov\n"]
[null,"This spreadsheet template may be uploaded to CEDRI to fulfill the electronic reporting requirement under §63.4311.\n"]
[null,"Do not submit confidential business information (CBI) to EPA via CEDRI. If you are required to submit a report in CEDRI, you must submit the report via CEDRI with the CBI omitted and mail a complete report, including any information claimed to be CBI, to EPA on a compact disc, flash drive, or other commonly used electronic storage media via U.S. Postal Service. You must mark the outside of the digital storage media as CBI and then identify electronically within the digital storage media the specific information that is claimed as CBI. Mail the media to the address in the referencing federal regulation. If no address is specified, mail the media to:\n\nU.S. EPA/OAQPS/CORE CBI Office Attention: Group Leader, \nMeasurement Policy Group MD C404-02\n4930 Old Page Rd\nDurham, North Carolina 27703\n"]
[null,"IMPORTANT: The spreadsheet must be uploaded into CEDRI as a single ZIP file, which must include this Excel workbook and any related attachments that were referenced in the workbook (i.e., additional information file found in the \"Gen_requirements\" tab).\n\nNote: If you are uploading file attachments for your report, the uploaded files may be in any format (e.g., zip, docx, PDF). If you would like to include an Excel file(s) as an attachment, you must first zip the excel file(s) into a separate ZIP file to the master ZIP file that will be uploaded into CEDRI.\n\nOnce all data have been entered in the worksheet, combine this Excel workbook and all attachment files (including any ZIP file containing separate excel file(s), if applicable) into a single ZIP file for upload to CEDRI."]
[null,"Template Navigation and Tabs to Complete:"]
[null,"Gray Tabs:  The gray tabs (Company_Information and Compliance_Options) contain general information that is applicable to both the Notification of Compliance Status and the Semiannual Report.  After completing the gray tabs, the spreadsheet may be saved as a site specific template to use in subsequent reports to limit subsequent data entry.  Selecting \"No\" in the  Is this report an Notification of Compliance Status (NOCS)?\" selection will hide the tabs associated with the NOCS.  Selecting \"No\" or \"Yes\" in the \"Is this report an Notification of Compliance Status (NOCS)?\" selection will hide or make visible the tabs associated with the NOCS.   The information in the gray tab varies very little from one reporting period to the next.  You can complete the gray tabs once and save the workbook for subsequent reporting periods in which you would only need to review the data provided and update it if needed.\n"]
[null,"Orange Tabs:   Orange tabs (Notification_of_Compliance, NOCS_Addon_Control, and NOCS_Certification) are completed if the submission is a Notification of Compliance Status.  These tabs will be hidden if \"No\" is selected on the Company Information tab as the answer to \"Is this report a Notification of Compliance Status (NOCS)?\" question.\n"]
[null,"Green Tabs:  Green tabs (Semiannual_Report, Deviation_Compliant_Coating, Deviation_Without_Addon, Deviation_w_Addon_Malfunction, Deviation_w_Addon_OpLimit, Deviation_w_Addon_OpLimSummary, Deviation_w_Addon_CPMS1, Deviation_w_Addon_CPMS2, Deviation_w_Addon_CPMSSummary, Deviation_w_Addon_EmLimits, Deviation_Equiv_ER, Decription_of_Changes) are to be completed as necessary depending upon the compliance options to complete the Semiannual report.   Some cells are linked to previous tabs or are calculations dependant upon data entry.  \n\nThe Semiannual_Certification tab must be completed for every report.\n"]
[null,"Within the tabs, example rows are colored light red (rows 14 through 23), and the XML tags (row 13) are colored green.  These rows are locked; no data entry is made in these rows. \n"]
[null,"Certification:\nComplete the NOCS_Certification tab to to answer the certification statements of §63.4310(c)(9)(iv). \n\nComplete the Semiannual_Certification tab to answer the certification statements of  §63.4311(a)(4).  "]

{"sheet":"Company_Information","index":2,"n_rows":33,"n_cols":15,"rows_kept":33,"cut":false,"hidden":false,"merged":[]}
["DO NOT REMOVE OR EDIT INFORMATION IN THIS SECTION FOR INTERNAL USE ONLY"]
["Template Name",{"$f":"+Welcome!B2","v":"63.4310(c) and 63.4311(a) Notification of Compliance and Semiannual Compliance Report (Spreadsheet Template)"}]
["CitationID",{"$f":"+Welcome!B3","v":"63.4310(c) and 63.4311(a)"}]
["Template Version",{"$f":"+Welcome!B4","v":"v1.00"}]
["Last Updated Date",{"$f":"+Welcome!B5","v":43537}]
[{"$f":"+Welcome!B6","v":"OMB Control Number: 2060-0522, Expiration: March 31, 2019"}]
["40 CFR Part 63, Subpart OOOO National Emission Standards for Hazardous Air Pollutants: Printing, Coating, and Dyeing of Fabrics and Other Textiles - §63.4310(c) and §63.4311(a) Notification of Compliance and  Semiannual Compliance Report Spreadsheet Template"]
["\n"]
[]
[]
[null,"SITE INFORMATION",null,null,null,null,null,null,null,"REPORTING PERIOD",null,null,"ADDITIONAL INFORMATION"]
["Company Record No. *\n(Field value will automatically generate if a value is not entered.)","Company Name * \n(§63.4310(c)(1) and \n§63.4311(a)(3)(i))","Address * \n(§63.4310(c)(1) and\n§63.4311(a)(3)(i))","Address 2 ","City *\n(§63.4310(c)(1) and\n§63.4311(a)(3)(i))","County","State Abbreviation *\n(§63.4310(c)(1) and\n§63.4311(a)(3)(i))","Zip Code *\n(§63.4310(c)(1) and\n§63.4311(a)(3)(i))","Responsible Agency Facility ID (State Facility Identifier)","Date of Report *\n(§63.4310(c)(3) and\n§63.4311(a)(3)(iii))","Beginning Date of Reporting Period  *\n(§63.4310(c)(3) and\n§63.4311(a)(3)(iii))","Ending Date of Reporting Period  * (§63.4310(c)(3)) and\n(§63.4311(a)(3)(iii))","Please enter any additional information.","Enter associated file name reference. ","Is this report a Notification of Compliance Status (NOCS)?"]
["XML Tag: ","FacilityName","AddressLine1","AddressLine2","CityName","CountyName","StateName","ZIPCode","StateFacID","ReportDate","PeriodStartDate","PeriodEndDate","AddInfo","AddFile","NocsFlag"]
["e.g.: 1","e.g.: ABC Company","e.g.: 123 Main Street","e.g.: Suite 100","e.g.: Brooklyn","e.g.: Kings","e.g.: NY","e.g.: 11221","eg: 9145555555","e.g.: 7/15/2017","e.g.: 01/01/2017","e.g.: 6/30/2017",null,"e.g.: addlinfo.zip ","e.g.:Yes"]
[]
[]
[]
[]
[]
[]
[]
[]
[]
[{"$f":"IF(ISBLANK(B24),\"\",ROW(A24)-23)","v":""}]
[{"$f":"IF(ISBLANK(B25),\"\",ROW(A25)-23)","v":""}]
[""]
[""]
[""]
[""]
[""]
[""]
[""]
[""]

{"sheet":"Compliance_Options","index":3,"n_rows":15,"n_cols":6,"rows_kept":15,"cut":false,"hidden":false,"merged":[]}
["DO NOT REMOVE OR EDIT INFORMATION IN THIS SECTION\nFOR INTERNAL USE ONLY"]
["Template Name",{"$f":"+Welcome!B2","v":"63.4310(c) and 63.4311(a) Notification of Compliance and Semiannual Compliance Report (Spreadsheet Template)"}]
["CitationID",{"$f":"+Welcome!B3","v":"63.4310(c) and 63.4311(a)"}]
["Template Version",{"$f":"+Welcome!B4","v":"v1.00"}]
["Last Updated Date",{"$f":"+Welcome!B5","v":43537}]
[{"$f":"+Welcome!B6","v":"OMB Control Number: 2060-0522, Expiration: March 31, 2019"}]
["40 CFR Part 63, Subpart OOOO National Emission Standards for Hazardous Air Pollutants: Printing, Coating, and Dyeing of Fabrics and Other Textiles -"]
["§63.4310(c) and §63.4311(a) Notification of Compliance and  Semiannual Compliance Report Spreadsheet Template"]
[]
[]
[]
["Company Record No. *\n(Select from dropdown)","Name of Operation \n(§63. 4310(c)(4) and\n§63. 4311(a)(3)(iv))","Type of Operation\n(§63. 4310(c)(4) and\n§63. 4311(a)(3)(iv))\n(Select from dropdown)","Identification of the compliance option or options used on each web coating / printing and dyeing / finishing operation during the reporting period (§63. 4310(c)(4) and §63. 4311(a)(3)(iv))\n(Select from dropdown)","If options switched during reporting period, provide beginning date * (§63.4311(a)(3)(iv))","If options switched during reporting period, provide ending date* (§63.4311(a)(3)(iv))"]
["XML Tag: ","OperationName","OperationType","ComplianceOptions","SwitchStartDate","SwitchEndDate"]
["e.g.: 1","e.g.: West Web Coating","e.g.: Web Coating and Printing","e.g.: Emission Rate Without Add-on Controls 63.4291(c)(2)","e.g.:1/1/2017","e.g.:3/1/2017"]
["e.g.: 1","e.g.: West Web Coating","e.g.: Web Coating and Printing","e.g.: Emission Rate With Add-on Controls 63.4291(c)(3)","e.g.:3/1/2017","e.g.:6/30/2017"]

{"sheet":"Notification_of_Compliance","index":4,"n_rows":100,"n_cols":21,"rows_kept":100,"cut":false,"hidden":true,"merged":[]}
["DO NOT REMOVE OR EDIT INFORMATION IN THIS SECTION\nFOR INTERNAL USE ONLY"]
["Template Name",{"$f":"+Welcome!B2","v":"63.4310(c) and 63.4311(a) Notification of Compliance and Semiannual Compliance Report (Spreadsheet Template)"}]
["CitationID",{"$f":"+Welcome!B3","v":"63.4310(c) and 63.4311(a)"}]
["Template Version",{"$f":"+Welcome!B4","v":"v1.00"}]
["Last Updated Date",{"$f":"+Welcome!B5","v":43537}]
[{"$f":"+Welcome!B6","v":"OMB Control Number: 2060-0522, Expiration: March 31, 2019"}]
["40 CFR Part 63, Subpart OOOO National Emission Standards for Hazardous Air Pollutants: Printing, Coating, and Dyeing of Fabrics and Other Textiles - §63.4310(c) Notification of Compliance Spreadsheet Template"]
["\n"]
[]
[]
[]
["Company Record No. *\n(Autofilled)","Name of Operation \n(§63. 4310(c)(4))\n(Autofilled)","Type of Operation\n(§63. 4310(c)(4))\n(Autofilled)","Identification of the compliance option or options used on each web coating / printing and dyeing / finishing operation during the reporting period (§63. 4310(c)(4))\n(Autofilled)","Did the affected source achieve emissions limitations? \n(§63. 4310(c)(5))","Description of any deviation(s) \n(§63. 4310(c)(6)(i)) ","Cause of any deviation(s) \n(§63. 4310(c)(6)(i)) \n(Select from dropdown)","If the source did not meet emission limitations, filename of attached document containing calculations used to determine failure \n(§63. 4310(c)(6)(ii)) ","Mass fraction of organic HAP for one coating or printing formulation including thinning materials \n(§63. 4310(c)(7)(i)) ","Mass fraction of solids for one coating or printing formulation including thinning materials  \n(§63. 4310(c)(7)(i)) ","Mass fraction of organic HAP for one cleaning material  \n(§63. 4310(c)(7)(i)) ","Mass fraction of organic HAP for all regulated materials as purchased used in one slashing operation or dyeing/finishing operation  \n(§63. 4310(c)(7)(i)) ","Mass of coating or printing formulation used during compliance period (kg) \n(§63. 4310(c)(7)(ii)) ","Mass of dyeing and finishing materials used during compliance period (kg)  \n(§63. 4310(c)(7)(ii)) ","Amount of waste materials \n(§63. 4310(c)(7)(iii)) ","Units for amout of waste materials\n(§63. 4310(c)(7)(iii))","Mass of organic HAP in waste material used for an exemption in Equation 1 or 4 of §63.4331 (kg)  \n(§63. 4310(c)(7)(iii)) ","Mass of organic HAP in dyeing and finishing materials applied during compliance period (kg)  \n(§63. 4310(c)(7)(iv)) ","Mass of Organic HAP in wastewater discharged to a POTW or onsite secondary treatment for which an allowance is clamed in Equation 4 of §63.4331 (kg)  \n(§63. 4310(c)(7)(iv)) ","Name of attached file containing support documentation for data elements required by \n§63. 4310(c)(7)","Name of file containing the example calculations and any required supporting documentation required for all options according to §63.4310(c)(8) \n(§63. 4310(c)(8)(i)) "]
["XML Tag: ","OperationName","OperationType","ComplianceOptions","EmissionLimitAchieved","DeviationDescription","DeviationCause","EmissionCalculationAttachment","FormHapMass","FormSolidMass","MassFractionCleaning","SingleOperationMass","PeriodCoatingMass","PeriodDyeingMass","WasteAmount","WasteAmountUnit","WasteHapMass","PeriodHapMass","WastewaterHapMass","NocsAttachment","AdditionalAttachment"]
["e.g.: 1","e.g.: West Web Coating","e.g.: Web Coating and Printing","e.g.: Emission Rate With Add-on Controls 63.4291(c)(3)","e.g.: No","e.g.:  Exceeded temperature limit","e.g.: Other unknown cause","e.g.: calculations.pdf","e.g.: 0.45","e.g.: 0.60","e.g.: 0.40","e.g.: 0.35","e.g.: 516.1","e.g.: 1500","e.g.: 1300","e.g.: kg","e.g.: 50","e.g.: 7500","e.g.: 500","e.g.: equation_support.pdf","e.g.: example_calc.pdf"]
[]
[]
[]
[]
[]
[]
[]
[]
[]
[{"$f":"IF(B24=\"\",\"\",Compliance_Options!A24)","v":""},{"$f":"IF(Compliance_Options!B24=\"\",\"\",Compliance_Options!B24)","v":""},{"$f":"IF($B24=\"\",\"\",Compliance_Options!C24)","v":""},{"$f":"IF($B24=\"\",\"\",Compliance_Options!D24)","v":""}]
[{"$f":"IF(B25=\"\",\"\",Compliance_Options!A25)","v":""},{"$f":"IF(Compliance_Options!B25=\"\",\"\",Compliance_Options!B25)","v":""},{"$f":"IF($B25=\"\",\"\",Compliance_Options!C25)","v":""},{"$f":"IF($B25=\"\",\"\",Compliance_Options!D25)","v":""}]
[{"$f":"IF(B26=\"\",\"\",Compliance_Options!A26)","v":""},{"$f":"IF(Compliance_Options!B26=\"\",\"\",Compliance_Options!B26)","v":""},{"$f":"IF($B26=\"\",\"\",Compliance_Options!C26)","v":""},{"$f":"IF($B26=\"\",\"\",Compliance_Options!D26)","v":""}]
[{"$f":"IF(B27=\"\",\"\",Compliance_Options!A27)","v":""},{"$f":"IF(Compliance_Options!B27=\"\",\"\",Compliance_Options!B27)","v":""},{"$f":"IF($B27=\"\",\"\",Compliance_Options!C27)","v":""},{"$f":"IF($B27=\"\",\"\",Compliance_Options!D27)","v":""}]
[{"$f":"IF(B28=\"\",\"\",Compliance_Options!A28)","v":""},{"$f":"IF(Compliance_Options!B28=\"\",\"\",Compliance_Options!B28)","v":""},{"$f":"IF($B28=\"\",\"\",Compliance_Options!C28)","v":""},{"$f":"IF($B28=\"\",\"\",Compliance_Options!D28)","v":""}]
[{"$f":"IF(B29=\"\",\"\",Compliance_Options!A29)","v":""},{"$f":"IF(Compliance_Options!B29=\"\",\"\",Compliance_Options!B29)","v":""},{"$f":"IF($B29=\"\",\"\",Compliance_Options!C29)","v":""},{"$f":"IF($B29=\"\",\"\",Compliance_Options!D29)","v":""}]
[{"$f":"IF(B30=\"\",\"\",Compliance_Options!A30)","v":""},{"$f":"IF(Compliance_Options!B30=\"\",\"\",Compliance_Options!B30)","v":""},{"$f":"IF($B30=\"\",\"\",Compliance_Options!C30)","v":""},{"$f":"IF($B30=\"\",\"\",Compliance_Options!D30)","v":""}]
[{"$f":"IF(B31=\"\",\"\",Compliance_Options!A31)","v":""},{"$f":"IF(Compliance_Options!B31=\"\",\"\",Compliance_Options!B31)","v":""},{"$f":"IF($B31=\"\",\"\",Compliance_Options!C31)","v":""},{"$f":"IF($B31=\"\",\"\",Compliance_Options!D31)","v":""}]
[{"$f":"IF(B32=\"\",\"\",Compliance_Options!A32)","v":""},{"$f":"IF(Compliance_Options!B32=\"\",\"\",Compliance_Options!B32)","v":""},{"$f":"IF($B32=\"\",\"\",Compliance_Options!C32)","v":""},{"$f":"IF($B32=\"\",\"\",Compliance_Options!D32)","v":""}]
[{"$f":"IF(B33=\"\",\"\",Compliance_Options!A33)","v":""},{"$f":"IF(Compliance_Options!B33=\"\",\"\",Compliance_Options!B33)","v":""},{"$f":"IF($B33=\"\",\"\",Compliance_Options!C33)","v":""},{"$f":"IF($B33=\"\",\"\",Compliance_Options!D33)","v":""}]
[{"$f":"IF(B34=\"\",\"\",Compliance_Options!A34)","v":""},{"$f":"IF(Compliance_Options!B34=\"\",\"\",Compliance_Options!B34)","v":""},{"$f":"IF($B34=\"\",\"\",Compliance_Options!C34)","v":""},{"$f":"IF($B34=\"\",\"\",Compliance_Options!D34)","v":""}]
[{"$f":"IF(B35=\"\",\"\",Compliance_Options!A35)","v":""},{"$f":"IF(Compliance_Options!B35=\"\",\"\",Compliance_Options!B35)","v":""},{"$f":"IF($B35=\"\",\"\",Compliance_Options!C35)","v":""},{"$f":"IF($B35=\"\",\"\",Compliance_Options!D35)","v":""}]
[{"$f":"IF(B36=\"\",\"\",Compliance_Options!A36)","v":""},{"$f":"IF(Compliance_Options!B36=\"\",\"\",Compliance_Options!B36)","v":""},{"$f":"IF($B36=\"\",\"\",Compliance_Options!C36)","v":""},{"$f":"IF($B36=\"\",\"\",Compliance_Options!D36)","v":""}]
[{"$f":"IF(B37=\"\",\"\",Compliance_Options!A37)","v":""},{"$f":"IF(Compliance_Options!B37=\"\",\"\",Compliance_Options!B37)","v":""},{"$f":"IF($B37=\"\",\"\",Compliance_Options!C37)","v":""},{"$f":"IF($B37=\"\",\"\",Compliance_Options!D37)","v":""}]
[{"$f":"IF(B38=\"\",\"\",Compliance_Options!A38)","v":""},{"$f":"IF(Compliance_Options!B38=\"\",\"\",Compliance_Options!B38)","v":""},{"$f":"IF($B38=\"\",\"\",Compliance_Options!C38)","v":""},{"$f":"IF($B38=\"\",\"\",Compliance_Options!D38)","v":""}]
[{"$f":"IF(B39=\"\",\"\",Compliance_Options!A39)","v":""},{"$f":"IF(Compliance_Options!B39=\"\",\"\",Compliance_Options!B39)","v":""},{"$f":"IF($B39=\"\",\"\",Compliance_Options!C39)","v":""},{"$f":"IF($B39=\"\",\"\",Compliance_Options!D39)","v":""}]
[{"$f":"IF(B40=\"\",\"\",Compliance_Options!A40)","v":""},{"$f":"IF(Compliance_Options!B40=\"\",\"\",Compliance_Options!B40)","v":""},{"$f":"IF($B40=\"\",\"\",Compliance_Options!C40)","v":""},{"$f":"IF($B40=\"\",\"\",Compliance_Options!D40)","v":""}]
[{"$f":"IF(B41=\"\",\"\",Compliance_Options!A41)","v":""},{"$f":"IF(Compliance_Options!B41=\"\",\"\",Compliance_Options!B41)","v":""},{"$f":"IF($B41=\"\",\"\",Compliance_Options!C41)","v":""},{"$f":"IF($B41=\"\",\"\",Compliance_Options!D41)","v":""}]
[{"$f":"IF(B42=\"\",\"\",Compliance_Options!A42)","v":""},{"$f":"IF(Compliance_Options!B42=\"\",\"\",Compliance_Options!B42)","v":""},{"$f":"IF($B42=\"\",\"\",Compliance_Options!C42)","v":""},{"$f":"IF($B42=\"\",\"\",Compliance_Options!D42)","v":""}]
[{"$f":"IF(B43=\"\",\"\",Compliance_Options!A43)","v":""},{"$f":"IF(Compliance_Options!B43=\"\",\"\",Compliance_Options!B43)","v":""},{"$f":"IF($B43=\"\",\"\",Compliance_Options!C43)","v":""},{"$f":"IF($B43=\"\",\"\",Compliance_Options!D43)","v":""}]
[{"$f":"IF(B44=\"\",\"\",Compliance_Options!A44)","v":""},{"$f":"IF(Compliance_Options!B44=\"\",\"\",Compliance_Options!B44)","v":""},{"$f":"IF($B44=\"\",\"\",Compliance_Options!C44)","v":""},{"$f":"IF($B44=\"\",\"\",Compliance_Options!D44)","v":""}]
[{"$f":"IF(B45=\"\",\"\",Compliance_Options!A45)","v":""},{"$f":"IF(Compliance_Options!B45=\"\",\"\",Compliance_Options!B45)","v":""},{"$f":"IF($B45=\"\",\"\",Compliance_Options!C45)","v":""},{"$f":"IF($B45=\"\",\"\",Compliance_Options!D45)","v":""}]
[{"$f":"IF(B46=\"\",\"\",Compliance_Options!A46)","v":""},{"$f":"IF(Compliance_Options!B46=\"\",\"\",Compliance_Options!B46)","v":""},{"$f":"IF($B46=\"\",\"\",Compliance_Options!C46)","v":""},{"$f":"IF($B46=\"\",\"\",Compliance_Options!D46)","v":""}]
[{"$f":"IF(B47=\"\",\"\",Compliance_Options!A47)","v":""},{"$f":"IF(Compliance_Options!B47=\"\",\"\",Compliance_Options!B47)","v":""},{"$f":"IF($B47=\"\",\"\",Compliance_Options!C47)","v":""},{"$f":"IF($B47=\"\",\"\",Compliance_Options!D47)","v":""}]
[{"$f":"IF(B48=\"\",\"\",Compliance_Options!A48)","v":""},{"$f":"IF(Compliance_Options!B48=\"\",\"\",Compliance_Options!B48)","v":""},{"$f":"IF($B48=\"\",\"\",Compliance_Options!C48)","v":""},{"$f":"IF($B48=\"\",\"\",Compliance_Options!D48)","v":""}]
[{"$f":"IF(B49=\"\",\"\",Compliance_Options!A49)","v":""},{"$f":"IF(Compliance_Options!B49=\"\",\"\",Compliance_Options!B49)","v":""},{"$f":"IF($B49=\"\",\"\",Compliance_Options!C49)","v":""},{"$f":"IF($B49=\"\",\"\",Compliance_Options!D49)","v":""}]
[{"$f":"IF(B50=\"\",\"\",Compliance_Options!A50)","v":""},{"$f":"IF(Compliance_Options!B50=\"\",\"\",Compliance_Options!B50)","v":""},{"$f":"IF($B50=\"\",\"\",Compliance_Options!C50)","v":""},{"$f":"IF($B50=\"\",\"\",Compliance_Options!D50)","v":""}]
[{"$f":"IF(B51=\"\",\"\",Compliance_Options!A51)","v":""},{"$f":"IF(Compliance_Options!B51=\"\",\"\",Compliance_Options!B51)","v":""},{"$f":"IF($B51=\"\",\"\",Compliance_Options!C51)","v":""},{"$f":"IF($B51=\"\",\"\",Compliance_Options!D51)","v":""}]
[{"$f":"IF(B52=\"\",\"\",Compliance_Options!A52)","v":""},{"$f":"IF(Compliance_Options!B52=\"\",\"\",Compliance_Options!B52)","v":""},{"$f":"IF($B52=\"\",\"\",Compliance_Options!C52)","v":""},{"$f":"IF($B52=\"\",\"\",Compliance_Options!D52)","v":""}]
[{"$f":"IF(B53=\"\",\"\",Compliance_Options!A53)","v":""},{"$f":"IF(Compliance_Options!B53=\"\",\"\",Compliance_Options!B53)","v":""},{"$f":"IF($B53=\"\",\"\",Compliance_Options!C53)","v":""},{"$f":"IF($B53=\"\",\"\",Compliance_Options!D53)","v":""}]
[{"$f":"IF(B54=\"\",\"\",Compliance_Options!A54)","v":""},{"$f":"IF(Compliance_Options!B54=\"\",\"\",Compliance_Options!B54)","v":""},{"$f":"IF($B54=\"\",\"\",Compliance_Options!C54)","v":""},{"$f":"IF($B54=\"\",\"\",Compliance_Options!D54)","v":""}]
[{"$f":"IF(B55=\"\",\"\",Compliance_Options!A55)","v":""},{"$f":"IF(Compliance_Options!B55=\"\",\"\",Compliance_Options!B55)","v":""},{"$f":"IF($B55=\"\",\"\",Compliance_Options!C55)","v":""},{"$f":"IF($B55=\"\",\"\",Compliance_Options!D55)","v":""}]
[{"$f":"IF(B56=\"\",\"\",Compliance_Options!A56)","v":""},{"$f":"IF(Compliance_Options!B56=\"\",\"\",Compliance_Options!B56)","v":""},{"$f":"IF($B56=\"\",\"\",Compliance_Options!C56)","v":""},{"$f":"IF($B56=\"\",\"\",Compliance_Options!D56)","v":""}]
[{"$f":"IF(B57=\"\",\"\",Compliance_Options!A57)","v":""},{"$f":"IF(Compliance_Options!B57=\"\",\"\",Compliance_Options!B57)","v":""},{"$f":"IF($B57=\"\",\"\",Compliance_Options!C57)","v":""},{"$f":"IF($B57=\"\",\"\",Compliance_Options!D57)","v":""}]
[{"$f":"IF(B58=\"\",\"\",Compliance_Options!A58)","v":""},{"$f":"IF(Compliance_Options!B58=\"\",\"\",Compliance_Options!B58)","v":""},{"$f":"IF($B58=\"\",\"\",Compliance_Options!C58)","v":""},{"$f":"IF($B58=\"\",\"\",Compliance_Options!D58)","v":""}]
[{"$f":"IF(B59=\"\",\"\",Compliance_Options!A59)","v":""},{"$f":"IF(Compliance_Options!B59=\"\",\"\",Compliance_Options!B59)","v":""},{"$f":"IF($B59=\"\",\"\",Compliance_Options!C59)","v":""},{"$f":"IF($B59=\"\",\"\",Compliance_Options!D59)","v":""}]
[{"$f":"IF(B60=\"\",\"\",Compliance_Options!A60)","v":""},{"$f":"IF(Compliance_Options!B60=\"\",\"\",Compliance_Options!B60)","v":""},{"$f":"IF($B60=\"\",\"\",Compliance_Options!C60)","v":""},{"$f":"IF($B60=\"\",\"\",Compliance_Options!D60)","v":""}]
[{"$f":"IF(B61=\"\",\"\",Compliance_Options!A61)","v":""},{"$f":"IF(Compliance_Options!B61=\"\",\"\",Compliance_Options!B61)","v":""},{"$f":"IF($B61=\"\",\"\",Compliance_Options!C61)","v":""},{"$f":"IF($B61=\"\",\"\",Compliance_Options!D61)","v":""}]
[{"$f":"IF(B62=\"\",\"\",Compliance_Options!A62)","v":""},{"$f":"IF(Compliance_Options!B62=\"\",\"\",Compliance_Options!B62)","v":""},{"$f":"IF($B62=\"\",\"\",Compliance_Options!C62)","v":""},{"$f":"IF($B62=\"\",\"\",Compliance_Options!D62)","v":""}]
[{"$f":"IF(B63=\"\",\"\",Compliance_Options!A63)","v":""},{"$f":"IF(Compliance_Options!B63=\"\",\"\",Compliance_Options!B63)","v":""},{"$f":"IF($B63=\"\",\"\",Compliance_Options!C63)","v":""},{"$f":"IF($B63=\"\",\"\",Compliance_Options!D63)","v":""}]
[{"$f":"IF(B64=\"\",\"\",Compliance_Options!A64)","v":""},{"$f":"IF(Compliance_Options!B64=\"\",\"\",Compliance_Options!B64)","v":""},{"$f":"IF($B64=\"\",\"\",Compliance_Options!C64)","v":""},{"$f":"IF($B64=\"\",\"\",Compliance_Options!D64)","v":""}]
[{"$f":"IF(B65=\"\",\"\",Compliance_Options!A65)","v":""},{"$f":"IF(Compliance_Options!B65=\"\",\"\",Compliance_Options!B65)","v":""},{"$f":"IF($B65=\"\",\"\",Compliance_Options!C65)","v":""},{"$f":"IF($B65=\"\",\"\",Compliance_Options!D65)","v":""}]
[{"$f":"IF(B66=\"\",\"\",Compliance_Options!A66)","v":""},{"$f":"IF(Compliance_Options!B66=\"\",\"\",Compliance_Options!B66)","v":""},{"$f":"IF($B66=\"\",\"\",Compliance_Options!C66)","v":""},{"$f":"IF($B66=\"\",\"\",Compliance_Options!D66)","v":""}]
[{"$f":"IF(B67=\"\",\"\",Compliance_Options!A67)","v":""},{"$f":"IF(Compliance_Options!B67=\"\",\"\",Compliance_Options!B67)","v":""},{"$f":"IF($B67=\"\",\"\",Compliance_Options!C67)","v":""},{"$f":"IF($B67=\"\",\"\",Compliance_Options!D67)","v":""}]
[{"$f":"IF(B68=\"\",\"\",Compliance_Options!A68)","v":""},{"$f":"IF(Compliance_Options!B68=\"\",\"\",Compliance_Options!B68)","v":""},{"$f":"IF($B68=\"\",\"\",Compliance_Options!C68)","v":""},{"$f":"IF($B68=\"\",\"\",Compliance_Options!D68)","v":""}]
[{"$f":"IF(B69=\"\",\"\",Compliance_Options!A69)","v":""},{"$f":"IF(Compliance_Options!B69=\"\",\"\",Compliance_Options!B69)","v":""},{"$f":"IF($B69=\"\",\"\",Compliance_Options!C69)","v":""},{"$f":"IF($B69=\"\",\"\",Compliance_Options!D69)","v":""}]
[{"$f":"IF(B70=\"\",\"\",Compliance_Options!A70)","v":""},{"$f":"IF(Compliance_Options!B70=\"\",\"\",Compliance_Options!B70)","v":""},{"$f":"IF($B70=\"\",\"\",Compliance_Options!C70)","v":""},{"$f":"IF($B70=\"\",\"\",Compliance_Options!D70)","v":""}]
[{"$f":"IF(B71=\"\",\"\",Compliance_Options!A71)","v":""},{"$f":"IF(Compliance_Options!B71=\"\",\"\",Compliance_Options!B71)","v":""},{"$f":"IF($B71=\"\",\"\",Compliance_Options!C71)","v":""},{"$f":"IF($B71=\"\",\"\",Compliance_Options!D71)","v":""}]
[{"$f":"IF(B72=\"\",\"\",Compliance_Options!A72)","v":""},{"$f":"IF(Compliance_Options!B72=\"\",\"\",Compliance_Options!B72)","v":""},{"$f":"IF($B72=\"\",\"\",Compliance_Options!C72)","v":""},{"$f":"IF($B72=\"\",\"\",Compliance_Options!D72)","v":""}]
[{"$f":"IF(B73=\"\",\"\",Compliance_Options!A73)","v":""},{"$f":"IF(Compliance_Options!B73=\"\",\"\",Compliance_Options!B73)","v":""},{"$f":"IF($B73=\"\",\"\",Compliance_Options!C73)","v":""},{"$f":"IF($B73=\"\",\"\",Compliance_Options!D73)","v":""}]
[{"$f":"IF(B74=\"\",\"\",Compliance_Options!A74)","v":""},{"$f":"IF(Compliance_Options!B74=\"\",\"\",Compliance_Options!B74)","v":""},{"$f":"IF($B74=\"\",\"\",Compliance_Options!C74)","v":""},{"$f":"IF($B74=\"\",\"\",Compliance_Options!D74)","v":""}]
[{"$f":"IF(B75=\"\",\"\",Compliance_Options!A75)","v":""},{"$f":"IF(Compliance_Options!B75=\"\",\"\",Compliance_Options!B75)","v":""},{"$f":"IF($B75=\"\",\"\",Compliance_Options!C75)","v":""},{"$f":"IF($B75=\"\",\"\",Compliance_Options!D75)","v":""}]
[{"$f":"IF(B76=\"\",\"\",Compliance_Options!A76)","v":""},{"$f":"IF(Compliance_Options!B76=\"\",\"\",Compliance_Options!B76)","v":""},{"$f":"IF($B76=\"\",\"\",Compliance_Options!C76)","v":""},{"$f":"IF($B76=\"\",\"\",Compliance_Options!D76)","v":""}]
[{"$f":"IF(B77=\"\",\"\",Compliance_Options!A77)","v":""},{"$f":"IF(Compliance_Options!B77=\"\",\"\",Compliance_Options!B77)","v":""},{"$f":"IF($B77=\"\",\"\",Compliance_Options!C77)","v":""},{"$f":"IF($B77=\"\",\"\",Compliance_Options!D77)","v":""}]
[{"$f":"IF(B78=\"\",\"\",Compliance_Options!A78)","v":""},{"$f":"IF(Compliance_Options!B78=\"\",\"\",Compliance_Options!B78)","v":""},{"$f":"IF($B78=\"\",\"\",Compliance_Options!C78)","v":""},{"$f":"IF($B78=\"\",\"\",Compliance_Options!D78)","v":""}]
[{"$f":"IF(B79=\"\",\"\",Compliance_Options!A79)","v":""},{"$f":"IF(Compliance_Options!B79=\"\",\"\",Compliance_Options!B79)","v":""},{"$f":"IF($B79=\"\",\"\",Compliance_Options!C79)","v":""},{"$f":"IF($B79=\"\",\"\",Compliance_Options!D79)","v":""}]
[{"$f":"IF(B80=\"\",\"\",Compliance_Options!A80)","v":""},{"$f":"IF(Compliance_Options!B80=\"\",\"\",Compliance_Options!B80)","v":""},{"$f":"IF($B80=\"\",\"\",Compliance_Options!C80)","v":""},{"$f":"IF($B80=\"\",\"\",Compliance_Options!D80)","v":""}]
[{"$f":"IF(B81=\"\",\"\",Compliance_Options!A81)","v":""},{"$f":"IF(Compliance_Options!B81=\"\",\"\",Compliance_Options!B81)","v":""},{"$f":"IF($B81=\"\",\"\",Compliance_Options!C81)","v":""},{"$f":"IF($B81=\"\",\"\",Compliance_Options!D81)","v":""}]
[{"$f":"IF(B82=\"\",\"\",Compliance_Options!A82)","v":""},{"$f":"IF(Compliance_Options!B82=\"\",\"\",Compliance_Options!B82)","v":""},{"$f":"IF($B82=\"\",\"\",Compliance_Options!C82)","v":""},{"$f":"IF($B82=\"\",\"\",Compliance_Options!D82)","v":""}]
[{"$f":"IF(B83=\"\",\"\",Compliance_Options!A83)","v":""},{"$f":"IF(Compliance_Options!B83=\"\",\"\",Compliance_Options!B83)","v":""},{"$f":"IF($B83=\"\",\"\",Compliance_Options!C83)","v":""},{"$f":"IF($B83=\"\",\"\",Compliance_Options!D83)","v":""}]
[{"$f":"IF(B84=\"\",\"\",Compliance_Options!A84)","v":""},{"$f":"IF(Compliance_Options!B84=\"\",\"\",Compliance_Options!B84)","v":""},{"$f":"IF($B84=\"\",\"\",Compliance_Options!C84)","v":""},{"$f":"IF($B84=\"\",\"\",Compliance_Options!D84)","v":""}]
[{"$f":"IF(B85=\"\",\"\",Compliance_Options!A85)","v":""},{"$f":"IF(Compliance_Options!B85=\"\",\"\",Compliance_Options!B85)","v":""},{"$f":"IF($B85=\"\",\"\",Compliance_Options!C85)","v":""},{"$f":"IF($B85=\"\",\"\",Compliance_Options!D85)","v":""}]
[{"$f":"IF(B86=\"\",\"\",Compliance_Options!A86)","v":""},{"$f":"IF(Compliance_Options!B86=\"\",\"\",Compliance_Options!B86)","v":""},{"$f":"IF($B86=\"\",\"\",Compliance_Options!C86)","v":""},{"$f":"IF($B86=\"\",\"\",Compliance_Options!D86)","v":""}]
[{"$f":"IF(B87=\"\",\"\",Compliance_Options!A87)","v":""},{"$f":"IF(Compliance_Options!B87=\"\",\"\",Compliance_Options!B87)","v":""},{"$f":"IF($B87=\"\",\"\",Compliance_Options!C87)","v":""},{"$f":"IF($B87=\"\",\"\",Compliance_Options!D87)","v":""}]
[{"$f":"IF(B88=\"\",\"\",Compliance_Options!A88)","v":""},{"$f":"IF(Compliance_Options!B88=\"\",\"\",Compliance_Options!B88)","v":""},{"$f":"IF($B88=\"\",\"\",Compliance_Options!C88)","v":""},{"$f":"IF($B88=\"\",\"\",Compliance_Options!D88)","v":""}]
[{"$f":"IF(B89=\"\",\"\",Compliance_Options!A89)","v":""},{"$f":"IF(Compliance_Options!B89=\"\",\"\",Compliance_Options!B89)","v":""},{"$f":"IF($B89=\"\",\"\",Compliance_Options!C89)","v":""},{"$f":"IF($B89=\"\",\"\",Compliance_Options!D89)","v":""}]
[{"$f":"IF(B90=\"\",\"\",Compliance_Options!A90)","v":""},{"$f":"IF(Compliance_Options!B90=\"\",\"\",Compliance_Options!B90)","v":""},{"$f":"IF($B90=\"\",\"\",Compliance_Options!C90)","v":""},{"$f":"IF($B90=\"\",\"\",Compliance_Options!D90)","v":""}]
[{"$f":"IF(B91=\"\",\"\",Compliance_Options!A91)","v":""},{"$f":"IF(Compliance_Options!B91=\"\",\"\",Compliance_Options!B91)","v":""},{"$f":"IF($B91=\"\",\"\",Compliance_Options!C91)","v":""},{"$f":"IF($B91=\"\",\"\",Compliance_Options!D91)","v":""}]
[{"$f":"IF(B92=\"\",\"\",Compliance_Options!A92)","v":""},{"$f":"IF(Compliance_Options!B92=\"\",\"\",Compliance_Options!B92)","v":""},{"$f":"IF($B92=\"\",\"\",Compliance_Options!C92)","v":""},{"$f":"IF($B92=\"\",\"\",Compliance_Options!D92)","v":""}]
[{"$f":"IF(B93=\"\",\"\",Compliance_Options!A93)","v":""},{"$f":"IF(Compliance_Options!B93=\"\",\"\",Compliance_Options!B93)","v":""},{"$f":"IF($B93=\"\",\"\",Compliance_Options!C93)","v":""},{"$f":"IF($B93=\"\",\"\",Compliance_Options!D93)","v":""}]
[{"$f":"IF(B94=\"\",\"\",Compliance_Options!A94)","v":""},{"$f":"IF(Compliance_Options!B94=\"\",\"\",Compliance_Options!B94)","v":""},{"$f":"IF($B94=\"\",\"\",Compliance_Options!C94)","v":""},{"$f":"IF($B94=\"\",\"\",Compliance_Options!D94)","v":""}]
[{"$f":"IF(B95=\"\",\"\",Compliance_Options!A95)","v":""},{"$f":"IF(Compliance_Options!B95=\"\",\"\",Compliance_Options!B95)","v":""},{"$f":"IF($B95=\"\",\"\",Compliance_Options!C95)","v":""},{"$f":"IF($B95=\"\",\"\",Compliance_Options!D95)","v":""}]
[{"$f":"IF(B96=\"\",\"\",Compliance_Options!A96)","v":""},{"$f":"IF(Compliance_Options!B96=\"\",\"\",Compliance_Options!B96)","v":""},{"$f":"IF($B96=\"\",\"\",Compliance_Options!C96)","v":""},{"$f":"IF($B96=\"\",\"\",Compliance_Options!D96)","v":""}]
[{"$f":"IF(B97=\"\",\"\",Compliance_Options!A97)","v":""},{"$f":"IF(Compliance_Options!B97=\"\",\"\",Compliance_Options!B97)","v":""},{"$f":"IF($B97=\"\",\"\",Compliance_Options!C97)","v":""},{"$f":"IF($B97=\"\",\"\",Compliance_Options!D97)","v":""}]
[{"$f":"IF(B98=\"\",\"\",Compliance_Options!A98)","v":""},{"$f":"IF(Compliance_Options!B98=\"\",\"\",Compliance_Options!B98)","v":""},{"$f":"IF($B98=\"\",\"\",Compliance_Options!C98)","v":""},{"$f":"IF($B98=\"\",\"\",Compliance_Options!D98)","v":""}]
[{"$f":"IF(B99=\"\",\"\",Compliance_Options!A99)","v":""},{"$f":"IF(Compliance_Options!B99=\"\",\"\",Compliance_Options!B99)","v":""},{"$f":"IF($B99=\"\",\"\",Compliance_Options!C99)","v":""},{"$f":"IF($B99=\"\",\"\",Compliance_Options!D99)","v":""}]
[{"$f":"IF(B100=\"\",\"\",Compliance_Options!A100)","v":""},{"$f":"IF(Compliance_Options!B100=\"\",\"\",Compliance_Options!B100)","v":""},{"$f":"IF($B100=\"\",\"\",Compliance_Options!C100)","v":""},{"$f":"IF($B100=\"\",\"\",Compliance_Options!D100)","v":""}]

{"sheet":"NOCS_Addon_Control","index":5,"n_rows":14,"n_cols":20,"rows_kept":14,"cut":false,"hidden":true,"merged":[]}
["DO NOT REMOVE OR EDIT INFORMATION IN THIS SECTION\nFOR INTERNAL USE ONLY"]
["Template Name",{"$f":"+Welcome!B2","v":"63.4310(c) and 63.4311(a) Notification of Compliance and Semiannual Compliance Report (Spreadsheet Template)"}]
["CitationID",{"$f":"+Welcome!B3","v":"63.4310(c) and 63.4311(a)"}]
["Template Version",{"$f":"+Welcome!B4","v":"v1.00"}]
["Last Updated Date",{"$f":"+Welcome!B5","v":43537}]
[{"$f":"+Welcome!B6","v":"OMB Control Number: 2060-0522, Expiration: March 31, 2019"}]
["40 CFR Part 63, Subpart OOOO National Emission Standards for Hazardous Air Pollutants: Printing, Coating, and Dyeing of Fabrics and Other Textiles - §63.4310(c) Notification of Compliance Spreadsheet Template"]
["\n"]
[]
[]
[]
["Company Record No. *\n(Select from dropdown)","Name of Operation \n(§63. 4310(c)(4))\n(Select from dropdown)","Type of Operation\n(§63. 431(c)(4))\n(Select from dropdown)","Filename of attached file containing summary of data and copies of calculations in support of Permanent Total Enclosure or determination of capture efficiency  \n(§63. 4310(c)(9)(i))","Emission capture system operating limit name  \n(§63. 4310(c)(9)(iii))","Emission capture system operating limit\n(§63. 4310(c)(9)(iii))","Units for emission capture system operating limit \n(§63. 4310(c)(9)(iii))","Add-on control device operating limit name  \n(§63. 4310(c)(9)(iii))","Add-on control device operating limit  \n(§63. 4310(c)(9)(iii))","Units for add-on control device operating limit \n(§63. 4310(c)(9)(iii))","Additional emission capture system operating limit name (if required) \n(§63. 4310(c)(9)(iii))","Additional emission capture system operating limit (if required) \n(§63. 4310(c)(9)(iii))","Units for additional  emission capture system operating limit \n(§63. 4310(c)(9)(iii))","Additional add-on control device operating limit name (if required) \n(§63. 4310(c)(9)(iii))","Additional add-on control device operating limit (if required)\n(§63. 4310(c)(9)(iii))","Units for additional add-on control device operating limit \n(§63. 4310(c)(9)(iii))","Results of add-on control device Performance Test, Destruction and Removal Efficiency Option Run 1 \n(§63. 4310(c)(9)(ii))","Results of add-on control device Performance Test, Destruction and Removal Efficiency Option Run 2 \n(§63. 4310(c)(9)(ii))","Results of add-on control device Performance Test, Destruction and Removal Efficiency Option Run 3 \n(§63. 4310(c)(9)(ii))","Results of Addon Control Device Performance Test, Concentration Option 3 Run Average (ppmvd)\n(§63. 4310(c)(9)(ii))"]
["XML Tag: ","OperationName","OperationType","PermanentEnclosureAttachment","CaptureSystemLimitName","CaptureSystemLimit","CaptureSystemLimitUnit","AddonDeviceLimitName","AddonDeviceLimit","AddonDeviceLimitUnit","AdditionalSystemLimitName","AdditionalSystemLimit","AdditionalSystemLimitUnit","AdditionalAddonLimitName","AdditionalAddonLimit","AdditionalAddonLimitUnit","ControlDeviceRunOne","ControlDeviceRunTwo","ControlDeviceRunThree","ControlDeviceRunAvg"]
["e.g.: 1","e.g.: West Web Coating","e.g.: Web Coating and Printing","e.g.:capture_efficiency.pdf","e.g.: Pressure Difference","e.g.: -1.0","e.g.: \"H2O","e.g.: Minimum Temperature","e.g. 1400","e.g.: F","e.g.: N/A","e.g.: N/A","e.g.: N/A","e.g.: N/A","e.g.: N/A","e.g.: N/A","e.g.: N/A","e.g.: N/A","e.g.: N/A","e.g.: N/A"]

{"sheet":"NOCS_Certification","index":6,"n_rows":14,"n_cols":2,"rows_kept":14,"cut":false,"hidden":true,"merged":[]}
["DO NOT REMOVE OR EDIT INFORMATION IN THIS SECTION\nFOR INTERNAL USE ONLY"]
["Template Name",{"$f":"+Welcome!B2","v":"63.4310(c) and 63.4311(a) Notification of Compliance and Semiannual Compliance Report (Spreadsheet Template)"}]
["CitationID",{"$f":"+Welcome!B3","v":"63.4310(c) and 63.4311(a)"}]
["Template Version",{"$f":"+Welcome!B4","v":"v1.00"}]
["Last Updated Date",{"$f":"+Welcome!B5","v":43537}]
[{"$f":"+Welcome!B6","v":"OMB Control Number: 2060-0522, Expiration: March 31, 2019"}]
["40 CFR Part 63, Subpart OOOO National Emission Standards for Hazardous Air Pollutants: "]
["Printing, Coating, and Dyeing of Fabrics and Other Textiles -"]
[" §63.4310(c) Notification of Compliance Spreadsheet Template"]
["Complete this form when you have completed the Notification of Compliance."]
[]
["Company Record No. *\n(Select from dropdown)","A work practice plan was developed and operated per §63.4293 \n(§63.4310(c)(9)(iv))"]
["XML Tag: ","WorkPracticePlanFlag"]
["e.g.: 1"]

{"sheet":"Semiannual_Report","index":7,"n_rows":14,"n_cols":8,"rows_kept":14,"cut":false,"hidden":false,"merged":[]}
["DO NOT REMOVE OR EDIT INFORMATION IN THIS SECTION\nFOR INTERNAL USE ONLY"]
["Template Name",{"$f":"+Welcome!B2","v":"63.4310(c) and 63.4311(a) Notification of Compliance and Semiannual Compliance Report (Spreadsheet Template)"}]
["CitationID",{"$f":"+Welcome!B3","v":"63.4310(c) and 63.4311(a)"}]
["Template Version",{"$f":"+Welcome!B4","v":"v1.00"}]
["Last Updated Date",{"$f":"+Welcome!B5","v":43537}]
[{"$f":"+Welcome!B6","v":"OMB Control Number: 2060-0522, Expiration: March 31, 2019"}]
["40 CFR Part 63, Subpart OOOO National Emission Standards for Hazardous Air Pollutants: Printing, Coating, and Dyeing of Fabrics and Other Textiles - §63.4311(a) Semiannual Compliance Report Spreadsheet Template"]
["\n"]
[]
[]
[]
["Company Record No. *\n(Select from dropdown)","Name of Operation \n(§63. 4311(a)(3)(iv))\n(Select from dropdown)","The calculation results for each compliance period ending each month during the reporting period* \n(kg OHAP/kg)\n(§63.4311(a)(3)(v)) \nMonth 1","The calculation results for each compliance period ending each month during the reporting period* \n(kg OHAP/kg)\n(§63.4311(a)(3)(v)) \nMonth 2","The calculation results for each compliance period ending each month during the reporting period* \n(kg OHAP/kg)\n(§63.4311(a)(3)(v)) \nMonth 3","The calculation results for each compliance period ending each month during the reporting period* \n(kg OHAP/kg)\n(§63.4311(a)(3)(v)) \nMonth 4","The calculation results for each compliance period ending each month during the reporting period* \n(kg OHAP/kg)\n(§63.4311(a)(3)(v)) \nMonth 5","The calculation results for each compliance period ending each month during the reporting period* \n(kg OHAP/kg)\n(§63.4311(a)(3)(v)) \nMonth 6"]
["XML Tag: ","OperationName","CalcResultMonOne","CalcResultMonTwo","CalcResultMonThree","CalcResultMonFour","CalcResultMonFive","CalcResultMonSix"]
["e.g.: 0","e.g.: West Web Coating","e.g.: 1.12","e.g.: 1.12","e.g.: 1.12","e.g.: 1.12","e.g.: 1.12","e.g.: 1.12"]

{"sheet":"Deviation_Compliant_Coating","index":8,"n_rows":23,"n_cols":11,"rows_kept":23,"cut":false,"hidden":false,"merged":[]}
["DO NOT REMOVE OR EDIT INFORMATION IN THIS SECTION\nFOR INTERNAL USE ONLY"]
["Template Name",{"$f":"+Welcome!B2","v":"63.4310(c) and 63.4311(a) Notification of Compliance and Semiannual Compliance Report (Spreadsheet Template)"}]
["CitationID",{"$f":"+Welcome!B3","v":"63.4310(c) and 63.4311(a)"}]
["Template Version",{"$f":"+Welcome!B4","v":"v1.00"}]
["Last Updated Date",{"$f":"+Welcome!B5","v":43537}]
[{"$f":"+Welcome!B6","v":"OMB Control Number: 2060-0522, Expiration: March 31, 2019"}]
["40 CFR Part 63, Subpart OOOO National Emission Standards for Hazardous Air Pollutants: Printing, Coating, and Dyeing of Fabrics and Other Textiles - §63.4311(a) Semiannual Compliance Report Spreadsheet Template"]
["\n"]
[]
[]
[]
["Company Record No. *\n(Select from dropdown)","Affected Source\n(§63. 4311(a)(5)(ii)(E))\n(Select from dropdown)","HAP Containing Material \n(§63.4311(a)(5)(ii)(A))","Starting Date of Deviation \n(§63.4311(a)(5)(ii)(A))","Starting Time of Deviation \n(§63.4311(a)(5)(ii)(A))","Duration of Deviation (hours) \n(§63.4311(a)(5)(ii)(A))","Calculation of Total HAP using Equation 1 of §63.4321 (kg)\n(§63.4311(a)(5)(ii)(B))","Determination of Mass Fraction of HAP \n(§63.4311(a)(5)(ii)(C))","Cause of Deviation  \n(§63.4311(a)(5)(ii)(D))","Estimate of amount emitted over emission limit (kg) \n(§63.4311(a)(5)(ii)(E))","Method of estimation used \n(§63.4311(a)(5)(ii)(E))"]
["XML Tag: ","OperationName","HapMaterial","DeviationStartDate","DeviationStartTime","DeviationDuration","TotalHapContent","HapMassFraction","DeviationCause","EmissionQuantity","EstimationMethod"]
["e.g.: 1","e.g.: East Web Coating","e.g.: Coating 351","e.g.: 2/1/2017","e.g.: 13:05","e.g.: 36","e.g.: 150","e.g.: 0.6","e.g.: Process Problems","e.g.: 1.2","e.g.: Mass balance"]
[{"$f":"IF(ISBLANK(C15),\"\",ROW(A15)-23)","v":""}]
[{"$f":"IF(ISBLANK(C16),\"\",ROW(A16)-23)","v":""}]
[{"$f":"IF(ISBLANK(C17),\"\",ROW(A17)-23)","v":""}]
[{"$f":"IF(ISBLANK(C18),\"\",ROW(A18)-23)","v":""}]
[""]
[""]
[""]
[""]
[""]

{"sheet":"Deviation_Without_Addon","index":9,"n_rows":708,"n_cols":8,"rows_kept":708,"cut":false,"hidden":false,"merged":[]}
["DO NOT REMOVE OR EDIT INFORMATION IN THIS SECTION\nFOR INTERNAL USE ONLY"]
["Template Name",{"$f":"+Welcome!B2","v":"63.4310(c) and 63.4311(a) Notification of Compliance and Semiannual Compliance Report (Spreadsheet Template)"}]
["CitationID",{"$f":"+Welcome!B3","v":"63.4310(c) and 63.4311(a)"}]
["Template Version",{"$f":"+Welcome!B4","v":"v1.00"}]
["Last Updated Date",{"$f":"+Welcome!B5","v":43537}]
[{"$f":"+Welcome!B6","v":"OMB Control Number: 2060-0522, Expiration: March 31, 2019"}]
["40 CFR Part 63, Subpart OOOO National Emission Standards for Hazardous Air Pollutants: Printing, Coating, and Dyeing of Fabrics and Other Textiles - §63.4311(a) Semiannual Compliance Report Spreadsheet Template"]
["\n"]
[]
[]
[]
["Company Record No. *\n(Select from dropdown)","Affected Source\n(§63. 4311(a)(6)(ii)(D))\n(Select from dropdown)","Starting Date Compliance Period with Deviation \n(§63.4311(a)(6)(ii)(A))","Ending Date Compliance Period with Deviation \n(§63.4311(a)(6)(ii)(A))","Filename of attachment containing calculations required by (§63.411(a)(6)(ii)(B))","Cause of Deviation  \n(§63.4311(a)(6)(ii)(C))\n(Select from dropdown)","Estimate of amount emitted over emission limit (kg) \n(§63.4311(a)(6)(ii)(D))","Method of estimation used \n(§63.4311(a)(6)(ii)(D))"]
["XML Tag: ","OperationName","DeviationStartDate","DeviationEndDate","CalculationAttachment","DeviationCause","EmissionEstimate","EstimationMethod"]
["e.g.: 1","e.g.: West Web Coating","e.g.: 2/1/2017","e.g.: 2/28/2017","e.g,: West_Web_Calc.pdf","e.g.: Other Unknown Causes","e.g.: 1.2","e.g.: Mass balance"]
[]
[]
[]
[]
[]
[]
[]
[]
[]
[]
[]
[]
[]
[]
[]
[]
[]
[]
[]
[]
[]
[]
[]
[]
[]
[]
[]
[]
[]
[]
[]
[]
[]
[]
[]
[]
[]
[]
[]
[]
[]
[]
[]
[]
[]
[]
[]
[]
[]
[]
[]
[]
[]
[]
[]
[]
[]
[]
[]
[]
[]
[]
[]
[]
[]
[]
[]
[]
[]
[]
[]
[]
[]
[]
[]
[]
[]
[]
[]
[]
[]
[]
[]
[]
[]
[]
[]
[]
[]
[]
[]
[]
[]
[]
[]
[]
[]
[]
[]
[]
[]
[]
[]
[]
[]
[]
[]
[]
[]
[]
[]
[]
[]
[]
[]
[]
[]
[]
[]
[]
[]
[]
[]
[]
[]
[]
[]
[]
[]
[]
[]
[]
[]
[]
[]
[]
[]
[]
[]
[]
[]
[]
[]
[]
[]
[]
[]
[]
[]
[]
[]
[]
[]
[]
[]
[]
[]
[]
[]
[]
[]
[]
[]
[]
[]
[]
[]
[]
[]
[]
[]
[]
[]
[]
[]
[]
[]
[]
[]
[]
[]
[]
[]
[]
[]
[]
[]
[]
[]
[]
[]
[]
[]
[]
[]
[]
[]
[]
[]
[]
[]
[]
[]
[]
[]
[]
[]
[]
[]
[]
[]
[]
[]
[]
[]
[]
[]
[]
[]
[]
[]
[]
[]
[]
[]
[]
[]
[]
[]
[]
[]
[]
[]
[]
[]
[]
[]
[]
[]
[]
[]
[]
[]
[]
[]
[]
[]
[]
[]
[]
[]
[]
[]
[]
[]
[]
[]
[]
[]
[]
[]
[]
[]
[]
[]
[]
[]
[]
[]
[]
[]
[]
[]
[]
[]
[]
[]
[]
[]
[]
[]
[]
[]
[]
[]
[]
[]
[]
[]
[]
[]
[]
[]
[]
[]
[]
[]
[]
[]
[]
[]
[]
[]
[]
[]
[]
[]
[]
[]
[]
[]
[]
[]
[]
[]
[]
[]
[]
[]
[]
[]
[]
[]
[]
[]
[]
[]
[]
[]
[]
[]
[]
[]
[]
[]
[]
[]
[]
[]
[]
[]
[]
[]
[]
[]
[]
[]
[]
[]
[]
[]
[]
[]
[]
[]
[]
[]
[]
[]
[]
[]
[]
[]
[]
[]
[]
[]
[]
[]
[]
[]
[]
[]
[]
[]
[]
[]
[]
[]
[]
[]
[]
[]
[]
[]
[]
[]
[]
[]
[]
[]
[]
[]
[]
[]
[]
[]
[]
[]
[]
[]
[]
[]
[]
[]
[]
[]
[]
[]
[]
[]
[]
[]
[]
[]
[]
[]
[]
[]
[]
[]
[]
[]
[]
[]
[]
[]
[]
[]
[]
[]
[]
[]
[]
[]
[]
[]
[]
[]
[]
[]
[]
[]
[]
[]
[]
[]
[]
[]
[]
[]
[]
[]
[]
[]
[]
[]
[]
[]
[]
[]
[]
[]
[]
[]
[]
[]
[]
[]
[]
[]
[]
[]
[]
[]
[]
[]
[]
[]
[]
[]
[]
[]
[]
[]
[]
[{"$f":"IF(C501=\"\",\"\",COUNT($C$24:$C$453)-COUNT(C$453:$C502))","v":""}]
[{"$f":"IF(C502=\"\",\"\",COUNT($C$24:$C$453)-COUNT(C$453:$C503))","v":""}]
[{"$f":"IF(C503=\"\",\"\",COUNT($C$24:$C$453)-COUNT(C$453:$C504))","v":""}]
[{"$f":"IF(C504=\"\",\"\",COUNT($C$24:$C$453)-COUNT(C$453:$C505))","v":""}]
[{"$f":"IF(C505=\"\",\"\",COUNT($C$24:$C$453)-COUNT(C$453:$C506))","v":""}]
[{"$f":"IF(C506=\"\",\"\",COUNT($C$24:$C$453)-COUNT(C$453:$C507))","v":""}]
[{"$f":"IF(C507=\"\",\"\",COUNT($C$24:$C$453)-COUNT(C$453:$C508))","v":""}]
[{"$f":"IF(C508=\"\",\"\",COUNT($C$24:$C$453)-COUNT(C$453:$C509))","v":""}]
[{"$f":"IF(C509=\"\",\"\",COUNT($C$24:$C$453)-COUNT(C$453:$C510))","v":""}]
[{"$f":"IF(C510=\"\",\"\",COUNT($C$24:$C$453)-COUNT(C$453:$C511))","v":""}]
[{"$f":"IF(C511=\"\",\"\",COUNT($C$24:$C$453)-COUNT(C$453:$C512))","v":""}]
[{"$f":"IF(C512=\"\",\"\",COUNT($C$24:$C$453)-COUNT(C$453:$C513))","v":""}]
[{"$f":"IF(C513=\"\",\"\",COUNT($C$24:$C$453)-COUNT(C$453:$C514))","v":""}]
[{"$f":"IF(C514=\"\",\"\",COUNT($C$24:$C$453)-COUNT(C$453:$C515))","v":""}]
[{"$f":"IF(C515=\"\",\"\",COUNT($C$24:$C$453)-COUNT(C$453:$C516))","v":""}]
[{"$f":"IF(C516=\"\",\"\",COUNT($C$24:$C$453)-COUNT(C$453:$C517))","v":""}]
[{"$f":"IF(C517=\"\",\"\",COUNT($C$24:$C$453)-COUNT(C$453:$C518))","v":""}]
[{"$f":"IF(C518=\"\",\"\",COUNT($C$24:$C$453)-COUNT(C$453:$C519))","v":""}]
[{"$f":"IF(C519=\"\",\"\",COUNT($C$24:$C$453)-COUNT(C$453:$C520))","v":""}]
[{"$f":"IF(C520=\"\",\"\",COUNT($C$24:$C$453)-COUNT(C$453:$C521))","v":""}]
[{"$f":"IF(C521=\"\",\"\",COUNT($C$24:$C$453)-COUNT(C$453:$C522))","v":""}]
[{"$f":"IF(C522=\"\",\"\",COUNT($C$24:$C$453)-COUNT(C$453:$C523))","v":""}]
[{"$f":"IF(C523=\"\",\"\",COUNT($C$24:$C$453)-COUNT(C$453:$C524))","v":""}]
[{"$f":"IF(C524=\"\",\"\",COUNT($C$24:$C$453)-COUNT(C$453:$C525))","v":""}]
[{"$f":"IF(C525=\"\",\"\",COUNT($C$24:$C$453)-COUNT(C$453:$C526))","v":""}]
[{"$f":"IF(C526=\"\",\"\",COUNT($C$24:$C$453)-COUNT(C$453:$C527))","v":""}]
[{"$f":"IF(C527=\"\",\"\",COUNT($C$24:$C$453)-COUNT(C$453:$C528))","v":""}]
[{"$f":"IF(C528=\"\",\"\",COUNT($C$24:$C$453)-COUNT(C$453:$C529))","v":""}]
[{"$f":"IF(C529=\"\",\"\",COUNT($C$24:$C$453)-COUNT(C$453:$C530))","v":""}]
[{"$f":"IF(C530=\"\",\"\",COUNT($C$24:$C$453)-COUNT(C$453:$C531))","v":""}]
[{"$f":"IF(C531=\"\",\"\",COUNT($C$24:$C$453)-COUNT(C$453:$C532))","v":""}]
[{"$f":"IF(C532=\"\",\"\",COUNT($C$24:$C$453)-COUNT(C$453:$C533))","v":""}]
[{"$f":"IF(C533=\"\",\"\",COUNT($C$24:$C$453)-COUNT(C$453:$C534))","v":""}]
[{"$f":"IF(C534=\"\",\"\",COUNT($C$24:$C$453)-COUNT(C$453:$C535))","v":""}]
[{"$f":"IF(C535=\"\",\"\",COUNT($C$24:$C$453)-COUNT(C$453:$C536))","v":""}]
[{"$f":"IF(C536=\"\",\"\",COUNT($C$24:$C$453)-COUNT(C$453:$C537))","v":""}]
[{"$f":"IF(C537=\"\",\"\",COUNT($C$24:$C$453)-COUNT(C$453:$C538))","v":""}]
[{"$f":"IF(C538=\"\",\"\",COUNT($C$24:$C$453)-COUNT(C$453:$C539))","v":""}]
[{"$f":"IF(C539=\"\",\"\",COUNT($C$24:$C$453)-COUNT(C$453:$C540))","v":""}]
[{"$f":"IF(C540=\"\",\"\",COUNT($C$24:$C$453)-COUNT(C$453:$C541))","v":""}]
[{"$f":"IF(C541=\"\",\"\",COUNT($C$24:$C$453)-COUNT(C$453:$C542))","v":""}]
[{"$f":"IF(C542=\"\",\"\",COUNT($C$24:$C$453)-COUNT(C$453:$C543))","v":""}]
[{"$f":"IF(C543=\"\",\"\",COUNT($C$24:$C$453)-COUNT(C$453:$C544))","v":""}]
[{"$f":"IF(C544=\"\",\"\",COUNT($C$24:$C$453)-COUNT(C$453:$C545))","v":""}]
[{"$f":"IF(C545=\"\",\"\",COUNT($C$24:$C$453)-COUNT(C$453:$C546))","v":""}]
[{"$f":"IF(C546=\"\",\"\",COUNT($C$24:$C$453)-COUNT(C$453:$C547))","v":""}]
[{"$f":"IF(C547=\"\",\"\",COUNT($C$24:$C$453)-COUNT(C$453:$C548))","v":""}]
[{"$f":"IF(C548=\"\",\"\",COUNT($C$24:$C$453)-COUNT(C$453:$C549))","v":""}]
[{"$f":"IF(C549=\"\",\"\",COUNT($C$24:$C$453)-COUNT(C$453:$C550))","v":""}]
[{"$f":"IF(C550=\"\",\"\",COUNT($C$24:$C$453)-COUNT(C$453:$C551))","v":""}]
[{"$f":"IF(C551=\"\",\"\",COUNT($C$24:$C$453)-COUNT(C$453:$C552))","v":""}]
[{"$f":"IF(C552=\"\",\"\",COUNT($C$24:$C$453)-COUNT(C$453:$C553))","v":""}]
[{"$f":"IF(C553=\"\",\"\",COUNT($C$24:$C$453)-COUNT(C$453:$C554))","v":""}]
[{"$f":"IF(C554=\"\",\"\",COUNT($C$24:$C$453)-COUNT(C$453:$C555))","v":""}]
[{"$f":"IF(C555=\"\",\"\",COUNT($C$24:$C$453)-COUNT(C$453:$C556))","v":""}]
[{"$f":"IF(C556=\"\",\"\",COUNT($C$24:$C$453)-COUNT(C$453:$C557))","v":""}]
[{"$f":"IF(C557=\"\",\"\",COUNT($C$24:$C$453)-COUNT(C$453:$C558))","v":""}]
[{"$f":"IF(C558=\"\",\"\",COUNT($C$24:$C$453)-COUNT(C$453:$C559))","v":""}]
[{"$f":"IF(C559=\"\",\"\",COUNT($C$24:$C$453)-COUNT(C$453:$C560))","v":""}]
[{"$f":"IF(C560=\"\",\"\",COUNT($C$24:$C$453)-COUNT(C$453:$C561))","v":""}]
[{"$f":"IF(C561=\"\",\"\",COUNT($C$24:$C$453)-COUNT(C$453:$C562))","v":""}]
[{"$f":"IF(C562=\"\",\"\",COUNT($C$24:$C$453)-COUNT(C$453:$C563))","v":""}]
[{"$f":"IF(C563=\"\",\"\",COUNT($C$24:$C$453)-COUNT(C$453:$C564))","v":""}]
[{"$f":"IF(C564=\"\",\"\",COUNT($C$24:$C$453)-COUNT(C$453:$C565))","v":""}]
[{"$f":"IF(C565=\"\",\"\",COUNT($C$24:$C$453)-COUNT(C$453:$C566))","v":""}]
[{"$f":"IF(C566=\"\",\"\",COUNT($C$24:$C$453)-COUNT(C$453:$C567))","v":""}]
[{"$f":"IF(C567=\"\",\"\",COUNT($C$24:$C$453)-COUNT(C$453:$C568))","v":""}]
[{"$f":"IF(C568=\"\",\"\",COUNT($C$24:$C$453)-COUNT(C$453:$C569))","v":""}]
[{"$f":"IF(C569=\"\",\"\",COUNT($C$24:$C$453)-COUNT(C$453:$C570))","v":""}]
[{"$f":"IF(C570=\"\",\"\",COUNT($C$24:$C$453)-COUNT(C$453:$C571))","v":""}]
[{"$f":"IF(C571=\"\",\"\",COUNT($C$24:$C$453)-COUNT(C$453:$C572))","v":""}]
[{"$f":"IF(C572=\"\",\"\",COUNT($C$24:$C$453)-COUNT(C$453:$C573))","v":""}]
[{"$f":"IF(C573=\"\",\"\",COUNT($C$24:$C$453)-COUNT(C$453:$C574))","v":""}]
[{"$f":"IF(C574=\"\",\"\",COUNT($C$24:$C$453)-COUNT(C$453:$C575))","v":""}]
[{"$f":"IF(C575=\"\",\"\",COUNT($C$24:$C$453)-COUNT(C$453:$C576))","v":""}]
[{"$f":"IF(C576=\"\",\"\",COUNT($C$24:$C$453)-COUNT(C$453:$C577))","v":""}]
[{"$f":"IF(C577=\"\",\"\",COUNT($C$24:$C$453)-COUNT(C$453:$C578))","v":""}]
[{"$f":"IF(C578=\"\",\"\",COUNT($C$24:$C$453)-COUNT(C$453:$C579))","v":""}]
[{"$f":"IF(C579=\"\",\"\",COUNT($C$24:$C$453)-COUNT(C$453:$C580))","v":""}]
[{"$f":"IF(C580=\"\",\"\",COUNT($C$24:$C$453)-COUNT(C$453:$C581))","v":""}]
[{"$f":"IF(C581=\"\",\"\",COUNT($C$24:$C$453)-COUNT(C$453:$C582))","v":""}]
[{"$f":"IF(C582=\"\",\"\",COUNT($C$24:$C$453)-COUNT(C$453:$C583))","v":""}]
[{"$f":"IF(C583=\"\",\"\",COUNT($C$24:$C$453)-COUNT(C$453:$C584))","v":""}]
[{"$f":"IF(C584=\"\",\"\",COUNT($C$24:$C$453)-COUNT(C$453:$C585))","v":""}]
[{"$f":"IF(C585=\"\",\"\",COUNT($C$24:$C$453)-COUNT(C$453:$C586))","v":""}]
[{"$f":"IF(C586=\"\",\"\",COUNT($C$24:$C$453)-COUNT(C$453:$C587))","v":""}]
[{"$f":"IF(C587=\"\",\"\",COUNT($C$24:$C$453)-COUNT(C$453:$C588))","v":""}]
[{"$f":"IF(C588=\"\",\"\",COUNT($C$24:$C$453)-COUNT(C$453:$C589))","v":""}]
[{"$f":"IF(C589=\"\",\"\",COUNT($C$24:$C$453)-COUNT(C$453:$C590))","v":""}]
[{"$f":"IF(C590=\"\",\"\",COUNT($C$24:$C$453)-COUNT(C$453:$C591))","v":""}]
[{"$f":"IF(C591=\"\",\"\",COUNT($C$24:$C$453)-COUNT(C$453:$C592))","v":""}]
[{"$f":"IF(C592=\"\",\"\",COUNT($C$24:$C$453)-COUNT(C$453:$C593))","v":""}]
[{"$f":"IF(C593=\"\",\"\",COUNT($C$24:$C$453)-COUNT(C$453:$C594))","v":""}]
[{"$f":"IF(C594=\"\",\"\",COUNT($C$24:$C$453)-COUNT(C$453:$C595))","v":""}]
[{"$f":"IF(C595=\"\",\"\",COUNT($C$24:$C$453)-COUNT(C$453:$C596))","v":""}]
[{"$f":"IF(C596=\"\",\"\",COUNT($C$24:$C$453)-COUNT(C$453:$C597))","v":""}]
[{"$f":"IF(C597=\"\",\"\",COUNT($C$24:$C$453)-COUNT(C$453:$C598))","v":""}]
[{"$f":"IF(C598=\"\",\"\",COUNT($C$24:$C$453)-COUNT(C$453:$C599))","v":""}]
[{"$f":"IF(C599=\"\",\"\",COUNT($C$24:$C$453)-COUNT(C$453:$C600))","v":""}]
[{"$f":"IF(C600=\"\",\"\",COUNT($C$24:$C$453)-COUNT(C$453:$C601))","v":""}]
[{"$f":"IF(C601=\"\",\"\",COUNT($C$24:$C$453)-COUNT(C$453:$C602))","v":""}]
[{"$f":"IF(C602=\"\",\"\",COUNT($C$24:$C$453)-COUNT(C$453:$C603))","v":""}]
[{"$f":"IF(C603=\"\",\"\",COUNT($C$24:$C$453)-COUNT(C$453:$C604))","v":""}]
[{"$f":"IF(C604=\"\",\"\",COUNT($C$24:$C$453)-COUNT(C$453:$C605))","v":""}]
[{"$f":"IF(C605=\"\",\"\",COUNT($C$24:$C$453)-COUNT(C$453:$C606))","v":""}]
[{"$f":"IF(C606=\"\",\"\",COUNT($C$24:$C$453)-COUNT(C$453:$C607))","v":""}]
[{"$f":"IF(C607=\"\",\"\",COUNT($C$24:$C$453)-COUNT(C$453:$C608))","v":""}]
[{"$f":"IF(C608=\"\",\"\",COUNT($C$24:$C$453)-COUNT(C$453:$C609))","v":""}]
[{"$f":"IF(C609=\"\",\"\",COUNT($C$24:$C$453)-COUNT(C$453:$C610))","v":""}]
[{"$f":"IF(C610=\"\",\"\",COUNT($C$24:$C$453)-COUNT(C$453:$C611))","v":""}]
[{"$f":"IF(C611=\"\",\"\",COUNT($C$24:$C$453)-COUNT(C$453:$C612))","v":""}]
[{"$f":"IF(C612=\"\",\"\",COUNT($C$24:$C$453)-COUNT(C$453:$C613))","v":""}]
[{"$f":"IF(C613=\"\",\"\",COUNT($C$24:$C$453)-COUNT(C$453:$C614))","v":""}]
[{"$f":"IF(C614=\"\",\"\",COUNT($C$24:$C$453)-COUNT(C$453:$C615))","v":""}]
[{"$f":"IF(C615=\"\",\"\",COUNT($C$24:$C$453)-COUNT(C$453:$C616))","v":""}]
[{"$f":"IF(C616=\"\",\"\",COUNT($C$24:$C$453)-COUNT(C$453:$C617))","v":""}]
[{"$f":"IF(C617=\"\",\"\",COUNT($C$24:$C$453)-COUNT(C$453:$C618))","v":""}]
[{"$f":"IF(C618=\"\",\"\",COUNT($C$24:$C$453)-COUNT(C$453:$C619))","v":""}]
[{"$f":"IF(C619=\"\",\"\",COUNT($C$24:$C$453)-COUNT(C$453:$C620))","v":""}]
[{"$f":"IF(C620=\"\",\"\",COUNT($C$24:$C$453)-COUNT(C$453:$C621))","v":""}]
[{"$f":"IF(C621=\"\",\"\",COUNT($C$24:$C$453)-COUNT(C$453:$C622))","v":""}]
[{"$f":"IF(C622=\"\",\"\",COUNT($C$24:$C$453)-COUNT(C$453:$C623))","v":""}]
[{"$f":"IF(C623=\"\",\"\",COUNT($C$24:$C$453)-COUNT(C$453:$C624))","v":""}]
[{"$f":"IF(C624=\"\",\"\",COUNT($C$24:$C$453)-COUNT(C$453:$C625))","v":""}]
[{"$f":"IF(C625=\"\",\"\",COUNT($C$24:$C$453)-COUNT(C$453:$C626))","v":""}]
[{"$f":"IF(C626=\"\",\"\",COUNT($C$24:$C$453)-COUNT(C$453:$C627))","v":""}]
[{"$f":"IF(C627=\"\",\"\",COUNT($C$24:$C$453)-COUNT(C$453:$C628))","v":""}]
[{"$f":"IF(C628=\"\",\"\",COUNT($C$24:$C$453)-COUNT(C$453:$C629))","v":""}]
[{"$f":"IF(C629=\"\",\"\",COUNT($C$24:$C$453)-COUNT(C$453:$C630))","v":""}]
[{"$f":"IF(C630=\"\",\"\",COUNT($C$24:$C$453)-COUNT(C$453:$C631))","v":""}]
[{"$f":"IF(C631=\"\",\"\",COUNT($C$24:$C$453)-COUNT(C$453:$C632))","v":""}]
[{"$f":"IF(C632=\"\",\"\",COUNT($C$24:$C$453)-COUNT(C$453:$C633))","v":""}]
[{"$f":"IF(C633=\"\",\"\",COUNT($C$24:$C$453)-COUNT(C$453:$C634))","v":""}]
[{"$f":"IF(C634=\"\",\"\",COUNT($C$24:$C$453)-COUNT(C$453:$C635))","v":""}]
[{"$f":"IF(C635=\"\",\"\",COUNT($C$24:$C$453)-COUNT(C$453:$C636))","v":""}]
[{"$f":"IF(C636=\"\",\"\",COUNT($C$24:$C$453)-COUNT(C$453:$C637))","v":""}]
[{"$f":"IF(C637=\"\",\"\",COUNT($C$24:$C$453)-COUNT(C$453:$C638))","v":""}]
[{"$f":"IF(C638=\"\",\"\",COUNT($C$24:$C$453)-COUNT(C$453:$C639))","v":""}]
[{"$f":"IF(C639=\"\",\"\",COUNT($C$24:$C$453)-COUNT(C$453:$C640))","v":""}]
[{"$f":"IF(C640=\"\",\"\",COUNT($C$24:$C$453)-COUNT(C$453:$C641))","v":""}]
[{"$f":"IF(C641=\"\",\"\",COUNT($C$24:$C$453)-COUNT(C$453:$C642))","v":""}]
[{"$f":"IF(C642=\"\",\"\",COUNT($C$24:$C$453)-COUNT(C$453:$C643))","v":""}]
[{"$f":"IF(C643=\"\",\"\",COUNT($C$24:$C$453)-COUNT(C$453:$C644))","v":""}]
[{"$f":"IF(C644=\"\",\"\",COUNT($C$24:$C$453)-COUNT(C$453:$C645))","v":""}]
[{"$f":"IF(C645=\"\",\"\",COUNT($C$24:$C$453)-COUNT(C$453:$C646))","v":""}]
[{"$f":"IF(C646=\"\",\"\",COUNT($C$24:$C$453)-COUNT(C$453:$C647))","v":""}]
[{"$f":"IF(C647=\"\",\"\",COUNT($C$24:$C$453)-COUNT(C$453:$C648))","v":""}]
[{"$f":"IF(C648=\"\",\"\",COUNT($C$24:$C$453)-COUNT(C$453:$C649))","v":""}]
[{"$f":"IF(C649=\"\",\"\",COUNT($C$24:$C$453)-COUNT(C$453:$C650))","v":""}]
[{"$f":"IF(C650=\"\",\"\",COUNT($C$24:$C$453)-COUNT(C$453:$C651))","v":""}]
[{"$f":"IF(C651=\"\",\"\",COUNT($C$24:$C$453)-COUNT(C$453:$C652))","v":""}]
[{"$f":"IF(C652=\"\",\"\",COUNT($C$24:$C$453)-COUNT(C$453:$C653))","v":""}]
[{"$f":"IF(C653=\"\",\"\",COUNT($C$24:$C$453)-COUNT(C$453:$C654))","v":""}]
[{"$f":"IF(C654=\"\",\"\",COUNT($C$24:$C$453)-COUNT(C$453:$C655))","v":""}]
[{"$f":"IF(C655=\"\",\"\",COUNT($C$24:$C$453)-COUNT(C$453:$C656))","v":""}]
[{"$f":"IF(C656=\"\",\"\",COUNT($C$24:$C$453)-COUNT(C$453:$C657))","v":""}]
[{"$f":"IF(C657=\"\",\"\",COUNT($C$24:$C$453)-COUNT(C$453:$C658))","v":""}]
[{"$f":"IF(C658=\"\",\"\",COUNT($C$24:$C$453)-COUNT(C$453:$C659))","v":""}]
[{"$f":"IF(C659=\"\",\"\",COUNT($C$24:$C$453)-COUNT(C$453:$C660))","v":""}]
[{"$f":"IF(C660=\"\",\"\",COUNT($C$24:$C$453)-COUNT(C$453:$C661))","v":""}]
[{"$f":"IF(C661=\"\",\"\",COUNT($C$24:$C$453)-COUNT(C$453:$C662))","v":""}]
[{"$f":"IF(C662=\"\",\"\",COUNT($C$24:$C$453)-COUNT(C$453:$C663))","v":""}]
[{"$f":"IF(C663=\"\",\"\",COUNT($C$24:$C$453)-COUNT(C$453:$C664))","v":""}]
[{"$f":"IF(C664=\"\",\"\",COUNT($C$24:$C$453)-COUNT(C$453:$C665))","v":""}]
[{"$f":"IF(C665=\"\",\"\",COUNT($C$24:$C$453)-COUNT(C$453:$C666))","v":""}]
[{"$f":"IF(C666=\"\",\"\",COUNT($C$24:$C$453)-COUNT(C$453:$C667))","v":""}]
[{"$f":"IF(C667=\"\",\"\",COUNT($C$24:$C$453)-COUNT(C$453:$C668))","v":""}]
[{"$f":"IF(C668=\"\",\"\",COUNT($C$24:$C$453)-COUNT(C$453:$C669))","v":""}]
[{"$f":"IF(C669=\"\",\"\",COUNT($C$24:$C$453)-COUNT(C$453:$C670))","v":""}]
[{"$f":"IF(C670=\"\",\"\",COUNT($C$24:$C$453)-COUNT(C$453:$C671))","v":""}]
[{"$f":"IF(C671=\"\",\"\",COUNT($C$24:$C$453)-COUNT(C$453:$C672))","v":""}]
[{"$f":"IF(C672=\"\",\"\",COUNT($C$24:$C$453)-COUNT(C$453:$C673))","v":""}]
[{"$f":"IF(C673=\"\",\"\",COUNT($C$24:$C$453)-COUNT(C$453:$C674))","v":""}]
[{"$f":"IF(C674=\"\",\"\",COUNT($C$24:$C$453)-COUNT(C$453:$C675))","v":""}]
[{"$f":"IF(C675=\"\",\"\",COUNT($C$24:$C$453)-COUNT(C$453:$C676))","v":""}]
[{"$f":"IF(C676=\"\",\"\",COUNT($C$24:$C$453)-COUNT(C$453:$C677))","v":""}]
[{"$f":"IF(C677=\"\",\"\",COUNT($C$24:$C$453)-COUNT(C$453:$C678))","v":""}]
[{"$f":"IF(C678=\"\",\"\",COUNT($C$24:$C$453)-COUNT(C$453:$C679))","v":""}]
[{"$f":"IF(C679=\"\",\"\",COUNT($C$24:$C$453)-COUNT(C$453:$C680))","v":""}]
[{"$f":"IF(C680=\"\",\"\",COUNT($C$24:$C$453)-COUNT(C$453:$C681))","v":""}]
[{"$f":"IF(C681=\"\",\"\",COUNT($C$24:$C$453)-COUNT(C$453:$C682))","v":""}]
[{"$f":"IF(C682=\"\",\"\",COUNT($C$24:$C$453)-COUNT(C$453:$C683))","v":""}]
[{"$f":"IF(C683=\"\",\"\",COUNT($C$24:$C$453)-COUNT(C$453:$C684))","v":""}]
[{"$f":"IF(C684=\"\",\"\",COUNT($C$24:$C$453)-COUNT(C$453:$C685))","v":""}]
[{"$f":"IF(C685=\"\",\"\",COUNT($C$24:$C$453)-COUNT(C$453:$C686))","v":""}]
[{"$f":"IF(C686=\"\",\"\",COUNT($C$24:$C$453)-COUNT(C$453:$C687))","v":""}]
[{"$f":"IF(C687=\"\",\"\",COUNT($C$24:$C$453)-COUNT(C$453:$C688))","v":""}]
[{"$f":"IF(C688=\"\",\"\",COUNT($C$24:$C$453)-COUNT(C$453:$C689))","v":""}]
[{"$f":"IF(C689=\"\",\"\",COUNT($C$24:$C$453)-COUNT(C$453:$C690))","v":""}]
[{"$f":"IF(C690=\"\",\"\",COUNT($C$24:$C$453)-COUNT(C$453:$C691))","v":""}]
[{"$f":"IF(C691=\"\",\"\",COUNT($C$24:$C$453)-COUNT(C$453:$C692))","v":""}]
[{"$f":"IF(C692=\"\",\"\",COUNT($C$24:$C$453)-COUNT(C$453:$C693))","v":""}]
[{"$f":"IF(C693=\"\",\"\",COUNT($C$24:$C$453)-COUNT(C$453:$C694))","v":""}]
[{"$f":"IF(C694=\"\",\"\",COUNT($C$24:$C$453)-COUNT(C$453:$C695))","v":""}]
[{"$f":"IF(C695=\"\",\"\",COUNT($C$24:$C$453)-COUNT(C$453:$C696))","v":""}]
[{"$f":"IF(C696=\"\",\"\",COUNT($C$24:$C$453)-COUNT(C$453:$C697))","v":""}]
[{"$f":"IF(C697=\"\",\"\",COUNT($C$24:$C$453)-COUNT(C$453:$C698))","v":""}]
[{"$f":"IF(C698=\"\",\"\",COUNT($C$24:$C$453)-COUNT(C$453:$C699))","v":""}]
[{"$f":"IF(C699=\"\",\"\",COUNT($C$24:$C$453)-COUNT(C$453:$C700))","v":""}]
[{"$f":"IF(C700=\"\",\"\",COUNT($C$24:$C$453)-COUNT(C$453:$C701))","v":""}]
[{"$f":"IF(C701=\"\",\"\",COUNT($C$24:$C$453)-COUNT(C$453:$C702))","v":""}]
[{"$f":"IF(C702=\"\",\"\",COUNT($C$24:$C$453)-COUNT(C$453:$C703))","v":""}]
[{"$f":"IF(C703=\"\",\"\",COUNT($C$24:$C$453)-COUNT(C$453:$C704))","v":""}]
[{"$f":"IF(C704=\"\",\"\",COUNT($C$24:$C$453)-COUNT(C$453:$C705))","v":""}]
[{"$f":"IF(C705=\"\",\"\",COUNT($C$24:$C$453)-COUNT(C$453:$C706))","v":""}]
[{"$f":"IF(C706=\"\",\"\",COUNT($C$24:$C$453)-COUNT(C$453:$C707))","v":""}]
[{"$f":"IF(C707=\"\",\"\",COUNT($C$24:$C$453)-COUNT(C$453:$C708))","v":""}]
[{"$f":"IF(C708=\"\",\"\",COUNT($C$24:$C$453)-COUNT(C$453:$C709))","v":""}]

{"sheet":"Deviation_w_Addon_Malfunction","index":10,"n_rows":14,"n_cols":6,"rows_kept":14,"cut":false,"hidden":false,"merged":[]}
["DO NOT REMOVE OR EDIT INFORMATION IN THIS SECTION\nFOR INTERNAL USE ONLY"]
["Template Name",{"$f":"+Welcome!B2","v":"63.4310(c) and 63.4311(a) Notification of Compliance and Semiannual Compliance Report (Spreadsheet Template)"}]
["CitationID",{"$f":"+Welcome!B3","v":"63.4310(c) and 63.4311(a)"}]
["Template Version",{"$f":"+Welcome!B4","v":"v1.00"}]
["Last Updated Date",{"$f":"+Welcome!B5","v":43537}]
[{"$f":"+Welcome!B6","v":"OMB Control Number: 2060-0522, Expiration: March 31, 2019"}]
["40 CFR Part 63, Subpart OOOO National Emission Standards for Hazardous Air Pollutants: Printing, Coating, and Dyeing of Fabrics and Other Textiles "]
["§63.4311(a) Semiannual Compliance Report Spreadsheet Template"]
[]
[]
[]
["Company Record No. *\n(Select from dropdown)","Name of Operation \n(§63. 4311(a)(3)(iv))\n(Select from dropdown)","Starting Date of Capture System or Control Device Malfunction \n(§63.4311(a)(7)(ii)(D))","Starting Time of  Capture System or Control Device Malfunction \n(§63.4311(a)(7)(ii)(D))","Ending Date of  Capture System or Control Device Malfunction \n(§63.4311(a)(7)(ii)(D))","Ending Time of  Capture System or Control Device Malfunction \n(§63.4311(a)(7)(ii)(D))"]
["XML Tag: ","OperationName","MalfunctionStartDate","MalfunctionStartTime","MalfunctionEndDate","MalfunctionEndTime"]
["e.g.: 1","e.g.: West Web Coating","e.g.: 2/1/2017","e.g.: 13:15","e.g.: 2/3/2017","e.g.: 08:02"]

{"sheet":"Deviation_w_Addon_EmLimits","index":11,"n_rows":708,"n_cols":9,"rows_kept":708,"cut":false,"hidden":false,"merged":[]}
["DO NOT REMOVE OR EDIT INFORMATION IN THIS SECTION FOR INTERNAL USE ONLY"]
["Template Name",{"$f":"+Welcome!B2","v":"63.4310(c) and 63.4311(a) Notification of Compliance and Semiannual Compliance Report (Spreadsheet Template)"}]
["CitationID",{"$f":"+Welcome!B3","v":"63.4310(c) and 63.4311(a)"}]
["Template Version",{"$f":"+Welcome!B4","v":"v1.00"}]
["Last Updated Date",{"$f":"+Welcome!B5","v":43537}]
[{"$f":"+Welcome!B6","v":"OMB Control Number: 2060-0522, Expiration: March 31, 2019"}]
["40 CFR Part 63, Subpart OOOO National Emission Standards for Hazardous Air Pollutants: Printing, Coating, and Dyeing of Fabrics and Other Textiles - §63.4311(a) Semiannual Compliance Report Spreadsheet Template"]
["\n"]
[]
[]
[]
["Company Record No. *\n(Select from dropdown)","Emission Limit Deviated from \n(§63.4311(a)(7))\n(Select from dropdown)","Starting Date Compliance Period with Deviation \n(§63.4311(a)(7)(ii(A)))","Ending Date Compliance Period with Deviation \n(§63.4311(a)(7)(ii)(A))","Cause of Deviation \n(§63.4311(a)(7)(ii)(O)) \n(Select from dropdown)","List of Affected Source(s) \n(§63.4311(a)(7)(ii)(P))","Filename of Attached File Containing the Calculations used to determine the Emission Rate and Control Efficiency\n(§63.4311(a)(7)(ii)(A) and (B))","Estimate of Quantity Emitted Over Emission Limit (kg/kg)\n(§63.4311(a)(7)(ii)(P))","Method of Estimation \n(§63.4311(a)(7)(ii)(P))"]
["XML Tag: ","EmissionOperatingLimit","PeriodStartDate","PeriodEndDate","DeviationCause","AffectedSource","CalculationAttachment","EmissionQuantity","EstimationMethod"]
["e.g.: 1","e.g.:  Organic HAP Emissions No More Than 0.12 kg/kg Solids Applied","e.g.: 2/1/2017","e.g.: 2/28/2017","e.g.: Other known causes","e.g.: South Web Coating","e.g.: South_Web_Addon_Calculations.pdf","e.g.: 0.14","e.g.: Laboratory analysis"]
[]
[]
[]
[]
[]
[]
[]
[]
[]
[]
[]
[]
[]
[]
[]
[]
[]
[]
[]
[]
[]
[]
[]
[]
[]
[]
[]
[]
[]
[]
[]
[]
[]
[]
[]
[]
[]
[]
[]
[]
[]
[]
[]
[]
[]
[]
[]
[]
[]
[]
[]
[]
[]
[]
[]
[]
[]
[]
[]
[]
[]
[]
[]
[]
[]
[]
[]
[]
[]
[]
[]
[]
[]
[]
[]
[]
[]
[]
[]
[]
[]
[]
[]
[]
[]
[]
[]
[]
[]
[]
[]
[]
[]
[]
[]
[]
[]
[]
[]
[]
[]
[]
[]
[]
[]
[]
[]
[]
[]
[]
[]
[]
[]
[]
[]
[]
[]
[]
[]
[]
[]
[]
[]
[]
[]
[]
[]
[]
[]
[]
[]
[]
[]
[]
[]
[]
[]
[]
[]
[]
[]
[]
[]
[]
[]
[]
[]
[]
[]
[]
[]
[]
[]
[]
[]
[]
[]
[]
[]
[]
[]
[]
[]
[]
[]
[]
[]
[]
[]
[]
[]
[]
[]
[]
[]
[]
[]
[]
[]
[]
[]
[]
[]
[]
[]
[]
[]
[]
[]
[]
[]
[]
[]
[]
[]
[]
[]
[]
[]
[]
[]
[]
[]
[]
[]
[]
[]
[]
[]
[]
[]
[]
[]
[]
[]
[]
[]
[]
[]
[]
[]
[]
[]
[]
[]
[]
[]
[]
[]
[]
[]
[]
[]
[]
[]
[]
[]
[]
[]
[]
[]
[]
[]
[]
[]
[]
[]
[]
[]
[]
[]
[]
[]
[]
[]
[]
[]
[]
[]
[]
[]
[]
[]
[]
[]
[]
[]
[]
[]
[]
[]
[]
[]
[]
[]
[]
[]
[]
[]
[]
[]
[]
[]
[]
[]
[]
[]
[]
[]
[]
[]
[]
[]
[]
[]
[]
[]
[]
[]
[]
[]
[]
[]
[]
[]
[]
[]
[]
[]
[]
[]
[]
[]
[]
[]
[]
[]
[]
[]
[]
[]
[]
[]
[]
[]
[]
[]
[]
[]
[]
[]
[]
[]
[]
[]
[]
[]
[]
[]
[]
[]
[]
[]
[]
[]
[]
[]
[]
[]
[]
[]
[]
[]
[]
[]
[]
[]
[]
[]
[]
[]
[]
[]
[]
[]
[]
[]
[]
[]
[]
[]
[]
[]
[]
[]
[]
[]
[]
[]
[]
[]
[]
[]
[]
[]
[]
[]
[]
[]
[]
[]
[]
[]
[]
[]
[]
[]
[]
[]
[]
[]
[]
[]
[]
[]
[]
[]
[]
[]
[]
[]
[]
[]
[]
[]
[]
[]
[]
[]
[]
[]
[]
[]
[]
[]
[]
[]
[]
[]
[]
[]
[]
[]
[]
[]
[]
[]
[]
[]
[]
[]
[]
[]
[]
[]
[]
[]
[]
[]
[]
[]
[]
[]
[]
[]
[]
[]
[]
[]
[]
[]
[]
[]
[]
[]
[]
[]
[]
[]
[]
[]
[]
[]
[]
[]
[]
[]
[]
[]
[]
[]
[]
[]
[]
[]
[]
[{"$f":"IF(E501=\"\",\"\",COUNT($E$24:$E$453)-COUNT(E$453:$E502))","v":""}]
[{"$f":"IF(E502=\"\",\"\",COUNT($E$24:$E$453)-COUNT(E$453:$E503))","v":""}]
[{"$f":"IF(E503=\"\",\"\",COUNT($E$24:$E$453)-COUNT(E$453:$E504))","v":""}]
[{"$f":"IF(E504=\"\",\"\",COUNT($E$24:$E$453)-COUNT(E$453:$E505))","v":""}]
[{"$f":"IF(E505=\"\",\"\",COUNT($E$24:$E$453)-COUNT(E$453:$E506))","v":""}]
[{"$f":"IF(E506=\"\",\"\",COUNT($E$24:$E$453)-COUNT(E$453:$E507))","v":""}]
[{"$f":"IF(E507=\"\",\"\",COUNT($E$24:$E$453)-COUNT(E$453:$E508))","v":""}]
[{"$f":"IF(E508=\"\",\"\",COUNT($E$24:$E$453)-COUNT(E$453:$E509))","v":""}]
[{"$f":"IF(E509=\"\",\"\",COUNT($E$24:$E$453)-COUNT(E$453:$E510))","v":""}]
[{"$f":"IF(E510=\"\",\"\",COUNT($E$24:$E$453)-COUNT(E$453:$E511))","v":""}]
[{"$f":"IF(E511=\"\",\"\",COUNT($E$24:$E$453)-COUNT(E$453:$E512))","v":""}]
[{"$f":"IF(E512=\"\",\"\",COUNT($E$24:$E$453)-COUNT(E$453:$E513))","v":""}]
[{"$f":"IF(E513=\"\",\"\",COUNT($E$24:$E$453)-COUNT(E$453:$E514))","v":""}]
[{"$f":"IF(E514=\"\",\"\",COUNT($E$24:$E$453)-COUNT(E$453:$E515))","v":""}]
[{"$f":"IF(E515=\"\",\"\",COUNT($E$24:$E$453)-COUNT(E$453:$E516))","v":""}]
[{"$f":"IF(E516=\"\",\"\",COUNT($E$24:$E$453)-COUNT(E$453:$E517))","v":""}]
[{"$f":"IF(E517=\"\",\"\",COUNT($E$24:$E$453)-COUNT(E$453:$E518))","v":""}]
[{"$f":"IF(E518=\"\",\"\",COUNT($E$24:$E$453)-COUNT(E$453:$E519))","v":""}]
[{"$f":"IF(E519=\"\",\"\",COUNT($E$24:$E$453)-COUNT(E$453:$E520))","v":""}]
[{"$f":"IF(E520=\"\",\"\",COUNT($E$24:$E$453)-COUNT(E$453:$E521))","v":""}]
[{"$f":"IF(E521=\"\",\"\",COUNT($E$24:$E$453)-COUNT(E$453:$E522))","v":""}]
[{"$f":"IF(E522=\"\",\"\",COUNT($E$24:$E$453)-COUNT(E$453:$E523))","v":""}]
[{"$f":"IF(E523=\"\",\"\",COUNT($E$24:$E$453)-COUNT(E$453:$E524))","v":""}]
[{"$f":"IF(E524=\"\",\"\",COUNT($E$24:$E$453)-COUNT(E$453:$E525))","v":""}]
[{"$f":"IF(E525=\"\",\"\",COUNT($E$24:$E$453)-COUNT(E$453:$E526))","v":""}]
[{"$f":"IF(E526=\"\",\"\",COUNT($E$24:$E$453)-COUNT(E$453:$E527))","v":""}]
[{"$f":"IF(E527=\"\",\"\",COUNT($E$24:$E$453)-COUNT(E$453:$E528))","v":""}]
[{"$f":"IF(E528=\"\",\"\",COUNT($E$24:$E$453)-COUNT(E$453:$E529))","v":""}]
[{"$f":"IF(E529=\"\",\"\",COUNT($E$24:$E$453)-COUNT(E$453:$E530))","v":""}]
[{"$f":"IF(E530=\"\",\"\",COUNT($E$24:$E$453)-COUNT(E$453:$E531))","v":""}]
[{"$f":"IF(E531=\"\",\"\",COUNT($E$24:$E$453)-COUNT(E$453:$E532))","v":""}]
[{"$f":"IF(E532=\"\",\"\",COUNT($E$24:$E$453)-COUNT(E$453:$E533))","v":""}]
[{"$f":"IF(E533=\"\",\"\",COUNT($E$24:$E$453)-COUNT(E$453:$E534))","v":""}]
[{"$f":"IF(E534=\"\",\"\",COUNT($E$24:$E$453)-COUNT(E$453:$E535))","v":""}]
[{"$f":"IF(E535=\"\",\"\",COUNT($E$24:$E$453)-COUNT(E$453:$E536))","v":""}]
[{"$f":"IF(E536=\"\",\"\",COUNT($E$24:$E$453)-COUNT(E$453:$E537))","v":""}]
[{"$f":"IF(E537=\"\",\"\",COUNT($E$24:$E$453)-COUNT(E$453:$E538))","v":""}]
[{"$f":"IF(E538=\"\",\"\",COUNT($E$24:$E$453)-COUNT(E$453:$E539))","v":""}]
[{"$f":"IF(E539=\"\",\"\",COUNT($E$24:$E$453)-COUNT(E$453:$E540))","v":""}]
[{"$f":"IF(E540=\"\",\"\",COUNT($E$24:$E$453)-COUNT(E$453:$E541))","v":""}]
[{"$f":"IF(E541=\"\",\"\",COUNT($E$24:$E$453)-COUNT(E$453:$E542))","v":""}]
[{"$f":"IF(E542=\"\",\"\",COUNT($E$24:$E$453)-COUNT(E$453:$E543))","v":""}]
[{"$f":"IF(E543=\"\",\"\",COUNT($E$24:$E$453)-COUNT(E$453:$E544))","v":""}]
[{"$f":"IF(E544=\"\",\"\",COUNT($E$24:$E$453)-COUNT(E$453:$E545))","v":""}]
[{"$f":"IF(E545=\"\",\"\",COUNT($E$24:$E$453)-COUNT(E$453:$E546))","v":""}]
[{"$f":"IF(E546=\"\",\"\",COUNT($E$24:$E$453)-COUNT(E$453:$E547))","v":""}]
[{"$f":"IF(E547=\"\",\"\",COUNT($E$24:$E$453)-COUNT(E$453:$E548))","v":""}]
[{"$f":"IF(E548=\"\",\"\",COUNT($E$24:$E$453)-COUNT(E$453:$E549))","v":""}]
[{"$f":"IF(E549=\"\",\"\",COUNT($E$24:$E$453)-COUNT(E$453:$E550))","v":""}]
[{"$f":"IF(E550=\"\",\"\",COUNT($E$24:$E$453)-COUNT(E$453:$E551))","v":""}]
[{"$f":"IF(E551=\"\",\"\",COUNT($E$24:$E$453)-COUNT(E$453:$E552))","v":""}]
[{"$f":"IF(E552=\"\",\"\",COUNT($E$24:$E$453)-COUNT(E$453:$E553))","v":""}]
[{"$f":"IF(E553=\"\",\"\",COUNT($E$24:$E$453)-COUNT(E$453:$E554))","v":""}]
[{"$f":"IF(E554=\"\",\"\",COUNT($E$24:$E$453)-COUNT(E$453:$E555))","v":""}]
[{"$f":"IF(E555=\"\",\"\",COUNT($E$24:$E$453)-COUNT(E$453:$E556))","v":""}]
[{"$f":"IF(E556=\"\",\"\",COUNT($E$24:$E$453)-COUNT(E$453:$E557))","v":""}]
[{"$f":"IF(E557=\"\",\"\",COUNT($E$24:$E$453)-COUNT(E$453:$E558))","v":""}]
[{"$f":"IF(E558=\"\",\"\",COUNT($E$24:$E$453)-COUNT(E$453:$E559))","v":""}]
[{"$f":"IF(E559=\"\",\"\",COUNT($E$24:$E$453)-COUNT(E$453:$E560))","v":""}]
[{"$f":"IF(E560=\"\",\"\",COUNT($E$24:$E$453)-COUNT(E$453:$E561))","v":""}]
[{"$f":"IF(E561=\"\",\"\",COUNT($E$24:$E$453)-COUNT(E$453:$E562))","v":""}]
[{"$f":"IF(E562=\"\",\"\",COUNT($E$24:$E$453)-COUNT(E$453:$E563))","v":""}]
[{"$f":"IF(E563=\"\",\"\",COUNT($E$24:$E$453)-COUNT(E$453:$E564))","v":""}]
[{"$f":"IF(E564=\"\",\"\",COUNT($E$24:$E$453)-COUNT(E$453:$E565))","v":""}]
[{"$f":"IF(E565=\"\",\"\",COUNT($E$24:$E$453)-COUNT(E$453:$E566))","v":""}]
[{"$f":"IF(E566=\"\",\"\",COUNT($E$24:$E$453)-COUNT(E$453:$E567))","v":""}]
[{"$f":"IF(E567=\"\",\"\",COUNT($E$24:$E$453)-COUNT(E$453:$E568))","v":""}]
[{"$f":"IF(E568=\"\",\"\",COUNT($E$24:$E$453)-COUNT(E$453:$E569))","v":""}]
[{"$f":"IF(E569=\"\",\"\",COUNT($E$24:$E$453)-COUNT(E$453:$E570))","v":""}]
[{"$f":"IF(E570=\"\",\"\",COUNT($E$24:$E$453)-COUNT(E$453:$E571))","v":""}]
[{"$f":"IF(E571=\"\",\"\",COUNT($E$24:$E$453)-COUNT(E$453:$E572))","v":""}]
[{"$f":"IF(E572=\"\",\"\",COUNT($E$24:$E$453)-COUNT(E$453:$E573))","v":""}]
[{"$f":"IF(E573=\"\",\"\",COUNT($E$24:$E$453)-COUNT(E$453:$E574))","v":""}]
[{"$f":"IF(E574=\"\",\"\",COUNT($E$24:$E$453)-COUNT(E$453:$E575))","v":""}]
[{"$f":"IF(E575=\"\",\"\",COUNT($E$24:$E$453)-COUNT(E$453:$E576))","v":""}]
[{"$f":"IF(E576=\"\",\"\",COUNT($E$24:$E$453)-COUNT(E$453:$E577))","v":""}]
[{"$f":"IF(E577=\"\",\"\",COUNT($E$24:$E$453)-COUNT(E$453:$E578))","v":""}]
[{"$f":"IF(E578=\"\",\"\",COUNT($E$24:$E$453)-COUNT(E$453:$E579))","v":""}]
[{"$f":"IF(E579=\"\",\"\",COUNT($E$24:$E$453)-COUNT(E$453:$E580))","v":""}]
[{"$f":"IF(E580=\"\",\"\",COUNT($E$24:$E$453)-COUNT(E$453:$E581))","v":""}]
[{"$f":"IF(E581=\"\",\"\",COUNT($E$24:$E$453)-COUNT(E$453:$E582))","v":""}]
[{"$f":"IF(E582=\"\",\"\",COUNT($E$24:$E$453)-COUNT(E$453:$E583))","v":""}]
[{"$f":"IF(E583=\"\",\"\",COUNT($E$24:$E$453)-COUNT(E$453:$E584))","v":""}]
[{"$f":"IF(E584=\"\",\"\",COUNT($E$24:$E$453)-COUNT(E$453:$E585))","v":""}]
[{"$f":"IF(E585=\"\",\"\",COUNT($E$24:$E$453)-COUNT(E$453:$E586))","v":""}]
[{"$f":"IF(E586=\"\",\"\",COUNT($E$24:$E$453)-COUNT(E$453:$E587))","v":""}]
[{"$f":"IF(E587=\"\",\"\",COUNT($E$24:$E$453)-COUNT(E$453:$E588))","v":""}]
[{"$f":"IF(E588=\"\",\"\",COUNT($E$24:$E$453)-COUNT(E$453:$E589))","v":""}]
[{"$f":"IF(E589=\"\",\"\",COUNT($E$24:$E$453)-COUNT(E$453:$E590))","v":""}]
[{"$f":"IF(E590=\"\",\"\",COUNT($E$24:$E$453)-COUNT(E$453:$E591))","v":""}]
[{"$f":"IF(E591=\"\",\"\",COUNT($E$24:$E$453)-COUNT(E$453:$E592))","v":""}]
[{"$f":"IF(E592=\"\",\"\",COUNT($E$24:$E$453)-COUNT(E$453:$E593))","v":""}]
[{"$f":"IF(E593=\"\",\"\",COUNT($E$24:$E$453)-COUNT(E$453:$E594))","v":""}]
[{"$f":"IF(E594=\"\",\"\",COUNT($E$24:$E$453)-COUNT(E$453:$E595))","v":""}]
[{"$f":"IF(E595=\"\",\"\",COUNT($E$24:$E$453)-COUNT(E$453:$E596))","v":""}]
[{"$f":"IF(E596=\"\",\"\",COUNT($E$24:$E$453)-COUNT(E$453:$E597))","v":""}]
[{"$f":"IF(E597=\"\",\"\",COUNT($E$24:$E$453)-COUNT(E$453:$E598))","v":""}]
[{"$f":"IF(E598=\"\",\"\",COUNT($E$24:$E$453)-COUNT(E$453:$E599))","v":""}]
[{"$f":"IF(E599=\"\",\"\",COUNT($E$24:$E$453)-COUNT(E$453:$E600))","v":""}]
[{"$f":"IF(E600=\"\",\"\",COUNT($E$24:$E$453)-COUNT(E$453:$E601))","v":""}]
[{"$f":"IF(E601=\"\",\"\",COUNT($E$24:$E$453)-COUNT(E$453:$E602))","v":""}]
[{"$f":"IF(E602=\"\",\"\",COUNT($E$24:$E$453)-COUNT(E$453:$E603))","v":""}]
[{"$f":"IF(E603=\"\",\"\",COUNT($E$24:$E$453)-COUNT(E$453:$E604))","v":""}]
[{"$f":"IF(E604=\"\",\"\",COUNT($E$24:$E$453)-COUNT(E$453:$E605))","v":""}]
[{"$f":"IF(E605=\"\",\"\",COUNT($E$24:$E$453)-COUNT(E$453:$E606))","v":""}]
[{"$f":"IF(E606=\"\",\"\",COUNT($E$24:$E$453)-COUNT(E$453:$E607))","v":""}]
[{"$f":"IF(E607=\"\",\"\",COUNT($E$24:$E$453)-COUNT(E$453:$E608))","v":""}]
[{"$f":"IF(E608=\"\",\"\",COUNT($E$24:$E$453)-COUNT(E$453:$E609))","v":""}]
[{"$f":"IF(E609=\"\",\"\",COUNT($E$24:$E$453)-COUNT(E$453:$E610))","v":""}]
[{"$f":"IF(E610=\"\",\"\",COUNT($E$24:$E$453)-COUNT(E$453:$E611))","v":""}]
[{"$f":"IF(E611=\"\",\"\",COUNT($E$24:$E$453)-COUNT(E$453:$E612))","v":""}]
[{"$f":"IF(E612=\"\",\"\",COUNT($E$24:$E$453)-COUNT(E$453:$E613))","v":""}]
[{"$f":"IF(E613=\"\",\"\",COUNT($E$24:$E$453)-COUNT(E$453:$E614))","v":""}]
[{"$f":"IF(E614=\"\",\"\",COUNT($E$24:$E$453)-COUNT(E$453:$E615))","v":""}]
[{"$f":"IF(E615=\"\",\"\",COUNT($E$24:$E$453)-COUNT(E$453:$E616))","v":""}]
[{"$f":"IF(E616=\"\",\"\",COUNT($E$24:$E$453)-COUNT(E$453:$E617))","v":""}]
[{"$f":"IF(E617=\"\",\"\",COUNT($E$24:$E$453)-COUNT(E$453:$E618))","v":""}]
[{"$f":"IF(E618=\"\",\"\",COUNT($E$24:$E$453)-COUNT(E$453:$E619))","v":""}]
[{"$f":"IF(E619=\"\",\"\",COUNT($E$24:$E$453)-COUNT(E$453:$E620))","v":""}]
[{"$f":"IF(E620=\"\",\"\",COUNT($E$24:$E$453)-COUNT(E$453:$E621))","v":""}]
[{"$f":"IF(E621=\"\",\"\",COUNT($E$24:$E$453)-COUNT(E$453:$E622))","v":""}]
[{"$f":"IF(E622=\"\",\"\",COUNT($E$24:$E$453)-COUNT(E$453:$E623))","v":""}]
[{"$f":"IF(E623=\"\",\"\",COUNT($E$24:$E$453)-COUNT(E$453:$E624))","v":""}]
[{"$f":"IF(E624=\"\",\"\",COUNT($E$24:$E$453)-COUNT(E$453:$E625))","v":""}]
[{"$f":"IF(E625=\"\",\"\",COUNT($E$24:$E$453)-COUNT(E$453:$E626))","v":""}]
[{"$f":"IF(E626=\"\",\"\",COUNT($E$24:$E$453)-COUNT(E$453:$E627))","v":""}]
[{"$f":"IF(E627=\"\",\"\",COUNT($E$24:$E$453)-COUNT(E$453:$E628))","v":""}]
[{"$f":"IF(E628=\"\",\"\",COUNT($E$24:$E$453)-COUNT(E$453:$E629))","v":""}]
[{"$f":"IF(E629=\"\",\"\",COUNT($E$24:$E$453)-COUNT(E$453:$E630))","v":""}]
[{"$f":"IF(E630=\"\",\"\",COUNT($E$24:$E$453)-COUNT(E$453:$E631))","v":""}]
[{"$f":"IF(E631=\"\",\"\",COUNT($E$24:$E$453)-COUNT(E$453:$E632))","v":""}]
[{"$f":"IF(E632=\"\",\"\",COUNT($E$24:$E$453)-COUNT(E$453:$E633))","v":""}]
[{"$f":"IF(E633=\"\",\"\",COUNT($E$24:$E$453)-COUNT(E$453:$E634))","v":""}]
[{"$f":"IF(E634=\"\",\"\",COUNT($E$24:$E$453)-COUNT(E$453:$E635))","v":""}]
[{"$f":"IF(E635=\"\",\"\",COUNT($E$24:$E$453)-COUNT(E$453:$E636))","v":""}]
[{"$f":"IF(E636=\"\",\"\",COUNT($E$24:$E$453)-COUNT(E$453:$E637))","v":""}]
[{"$f":"IF(E637=\"\",\"\",COUNT($E$24:$E$453)-COUNT(E$453:$E638))","v":""}]
[{"$f":"IF(E638=\"\",\"\",COUNT($E$24:$E$453)-COUNT(E$453:$E639))","v":""}]
[{"$f":"IF(E639=\"\",\"\",COUNT($E$24:$E$453)-COUNT(E$453:$E640))","v":""}]
[{"$f":"IF(E640=\"\",\"\",COUNT($E$24:$E$453)-COUNT(E$453:$E641))","v":""}]
[{"$f":"IF(E641=\"\",\"\",COUNT($E$24:$E$453)-COUNT(E$453:$E642))","v":""}]
[{"$f":"IF(E642=\"\",\"\",COUNT($E$24:$E$453)-COUNT(E$453:$E643))","v":""}]
[{"$f":"IF(E643=\"\",\"\",COUNT($E$24:$E$453)-COUNT(E$453:$E644))","v":""}]
[{"$f":"IF(E644=\"\",\"\",COUNT($E$24:$E$453)-COUNT(E$453:$E645))","v":""}]
[{"$f":"IF(E645=\"\",\"\",COUNT($E$24:$E$453)-COUNT(E$453:$E646))","v":""}]
[{"$f":"IF(E646=\"\",\"\",COUNT($E$24:$E$453)-COUNT(E$453:$E647))","v":""}]
[{"$f":"IF(E647=\"\",\"\",COUNT($E$24:$E$453)-COUNT(E$453:$E648))","v":""}]
[{"$f":"IF(E648=\"\",\"\",COUNT($E$24:$E$453)-COUNT(E$453:$E649))","v":""}]
[{"$f":"IF(E649=\"\",\"\",COUNT($E$24:$E$453)-COUNT(E$453:$E650))","v":""}]
[{"$f":"IF(E650=\"\",\"\",COUNT($E$24:$E$453)-COUNT(E$453:$E651))","v":""}]
[{"$f":"IF(E651=\"\",\"\",COUNT($E$24:$E$453)-COUNT(E$453:$E652))","v":""}]
[{"$f":"IF(E652=\"\",\"\",COUNT($E$24:$E$453)-COUNT(E$453:$E653))","v":""}]
[{"$f":"IF(E653=\"\",\"\",COUNT($E$24:$E$453)-COUNT(E$453:$E654))","v":""}]
[{"$f":"IF(E654=\"\",\"\",COUNT($E$24:$E$453)-COUNT(E$453:$E655))","v":""}]
[{"$f":"IF(E655=\"\",\"\",COUNT($E$24:$E$453)-COUNT(E$453:$E656))","v":""}]
[{"$f":"IF(E656=\"\",\"\",COUNT($E$24:$E$453)-COUNT(E$453:$E657))","v":""}]
[{"$f":"IF(E657=\"\",\"\",COUNT($E$24:$E$453)-COUNT(E$453:$E658))","v":""}]
[{"$f":"IF(E658=\"\",\"\",COUNT($E$24:$E$453)-COUNT(E$453:$E659))","v":""}]
[{"$f":"IF(E659=\"\",\"\",COUNT($E$24:$E$453)-COUNT(E$453:$E660))","v":""}]
[{"$f":"IF(E660=\"\",\"\",COUNT($E$24:$E$453)-COUNT(E$453:$E661))","v":""}]
[{"$f":"IF(E661=\"\",\"\",COUNT($E$24:$E$453)-COUNT(E$453:$E662))","v":""}]
[{"$f":"IF(E662=\"\",\"\",COUNT($E$24:$E$453)-COUNT(E$453:$E663))","v":""}]
[{"$f":"IF(E663=\"\",\"\",COUNT($E$24:$E$453)-COUNT(E$453:$E664))","v":""}]
[{"$f":"IF(E664=\"\",\"\",COUNT($E$24:$E$453)-COUNT(E$453:$E665))","v":""}]
[{"$f":"IF(E665=\"\",\"\",COUNT($E$24:$E$453)-COUNT(E$453:$E666))","v":""}]
[{"$f":"IF(E666=\"\",\"\",COUNT($E$24:$E$453)-COUNT(E$453:$E667))","v":""}]
[{"$f":"IF(E667=\"\",\"\",COUNT($E$24:$E$453)-COUNT(E$453:$E668))","v":""}]
[{"$f":"IF(E668=\"\",\"\",COUNT($E$24:$E$453)-COUNT(E$453:$E669))","v":""}]
[{"$f":"IF(E669=\"\",\"\",COUNT($E$24:$E$453)-COUNT(E$453:$E670))","v":""}]
[{"$f":"IF(E670=\"\",\"\",COUNT($E$24:$E$453)-COUNT(E$453:$E671))","v":""}]
[{"$f":"IF(E671=\"\",\"\",COUNT($E$24:$E$453)-COUNT(E$453:$E672))","v":""}]
[{"$f":"IF(E672=\"\",\"\",COUNT($E$24:$E$453)-COUNT(E$453:$E673))","v":""}]
[{"$f":"IF(E673=\"\",\"\",COUNT($E$24:$E$453)-COUNT(E$453:$E674))","v":""}]
[{"$f":"IF(E674=\"\",\"\",COUNT($E$24:$E$453)-COUNT(E$453:$E675))","v":""}]
[{"$f":"IF(E675=\"\",\"\",COUNT($E$24:$E$453)-COUNT(E$453:$E676))","v":""}]
[{"$f":"IF(E676=\"\",\"\",COUNT($E$24:$E$453)-COUNT(E$453:$E677))","v":""}]
[{"$f":"IF(E677=\"\",\"\",COUNT($E$24:$E$453)-COUNT(E$453:$E678))","v":""}]
[{"$f":"IF(E678=\"\",\"\",COUNT($E$24:$E$453)-COUNT(E$453:$E679))","v":""}]
[{"$f":"IF(E679=\"\",\"\",COUNT($E$24:$E$453)-COUNT(E$453:$E680))","v":""}]
[{"$f":"IF(E680=\"\",\"\",COUNT($E$24:$E$453)-COUNT(E$453:$E681))","v":""}]
[{"$f":"IF(E681=\"\",\"\",COUNT($E$24:$E$453)-COUNT(E$453:$E682))","v":""}]
[{"$f":"IF(E682=\"\",\"\",COUNT($E$24:$E$453)-COUNT(E$453:$E683))","v":""}]
[{"$f":"IF(E683=\"\",\"\",COUNT($E$24:$E$453)-COUNT(E$453:$E684))","v":""}]
[{"$f":"IF(E684=\"\",\"\",COUNT($E$24:$E$453)-COUNT(E$453:$E685))","v":""}]
[{"$f":"IF(E685=\"\",\"\",COUNT($E$24:$E$453)-COUNT(E$453:$E686))","v":""}]
[{"$f":"IF(E686=\"\",\"\",COUNT($E$24:$E$453)-COUNT(E$453:$E687))","v":""}]
[{"$f":"IF(E687=\"\",\"\",COUNT($E$24:$E$453)-COUNT(E$453:$E688))","v":""}]
[{"$f":"IF(E688=\"\",\"\",COUNT($E$24:$E$453)-COUNT(E$453:$E689))","v":""}]
[{"$f":"IF(E689=\"\",\"\",COUNT($E$24:$E$453)-COUNT(E$453:$E690))","v":""}]
[{"$f":"IF(E690=\"\",\"\",COUNT($E$24:$E$453)-COUNT(E$453:$E691))","v":""}]
[{"$f":"IF(E691=\"\",\"\",COUNT($E$24:$E$453)-COUNT(E$453:$E692))","v":""}]
[{"$f":"IF(E692=\"\",\"\",COUNT($E$24:$E$453)-COUNT(E$453:$E693))","v":""}]
[{"$f":"IF(E693=\"\",\"\",COUNT($E$24:$E$453)-COUNT(E$453:$E694))","v":""}]
[{"$f":"IF(E694=\"\",\"\",COUNT($E$24:$E$453)-COUNT(E$453:$E695))","v":""}]
[{"$f":"IF(E695=\"\",\"\",COUNT($E$24:$E$453)-COUNT(E$453:$E696))","v":""}]
[{"$f":"IF(E696=\"\",\"\",COUNT($E$24:$E$453)-COUNT(E$453:$E697))","v":""}]
[{"$f":"IF(E697=\"\",\"\",COUNT($E$24:$E$453)-COUNT(E$453:$E698))","v":""}]
[{"$f":"IF(E698=\"\",\"\",COUNT($E$24:$E$453)-COUNT(E$453:$E699))","v":""}]
[{"$f":"IF(E699=\"\",\"\",COUNT($E$24:$E$453)-COUNT(E$453:$E700))","v":""}]
[{"$f":"IF(E700=\"\",\"\",COUNT($E$24:$E$453)-COUNT(E$453:$E701))","v":""}]
[{"$f":"IF(E701=\"\",\"\",COUNT($E$24:$E$453)-COUNT(E$453:$E702))","v":""}]
[{"$f":"IF(E702=\"\",\"\",COUNT($E$24:$E$453)-COUNT(E$453:$E703))","v":""}]
[{"$f":"IF(E703=\"\",\"\",COUNT($E$24:$E$453)-COUNT(E$453:$E704))","v":""}]
[{"$f":"IF(E704=\"\",\"\",COUNT($E$24:$E$453)-COUNT(E$453:$E705))","v":""}]
[{"$f":"IF(E705=\"\",\"\",COUNT($E$24:$E$453)-COUNT(E$453:$E706))","v":""}]
[{"$f":"IF(E706=\"\",\"\",COUNT($E$24:$E$453)-COUNT(E$453:$E707))","v":""}]
[{"$f":"IF(E707=\"\",\"\",COUNT($E$24:$E$453)-COUNT(E$453:$E708))","v":""}]
[{"$f":"IF(E708=\"\",\"\",COUNT($E$24:$E$453)-COUNT(E$453:$E709))","v":""}]

{"sheet":"Deviation_w_Addon_CPMS1","index":12,"n_rows":14,"n_cols":4,"rows_kept":14,"cut":false,"hidden":false,"merged":[]}
["DO NOT REMOVE OR EDIT INFORMATION IN THIS SECTION\nFOR INTERNAL USE ONLY"]
["Template Name",{"$f":"+Welcome!B2","v":"63.4310(c) and 63.4311(a) Notification of Compliance and Semiannual Compliance Report (Spreadsheet Template)"}]
["CitationID",{"$f":"+Welcome!B3","v":"63.4310(c) and 63.4311(a)"}]
["Template Version",{"$f":"+Welcome!B4","v":"v1.00"}]
["Last Updated Date",{"$f":"+Welcome!B5","v":43537}]
[{"$f":"+Welcome!B6","v":"OMB Control Number: 2060-0522, Expiration: March 31, 2019"}]
["40 CFR Part 63, Subpart OOOO National Emission Standards for Hazardous Air Pollutants: Printing, Coating,"]
[" and Dyeing of Fabrics and Other Textiles - §63.4311(a) Semiannual Compliance Report Spreadsheet Template"]
[]
[]
[]
["Company Record No. *\n(Select from dropdown)","Name of Operation \n(§63. 4311(a)(3)(iv))\n(Select from dropdown)","Description of CPMS \n(§63.4311(a)(7)(ii)(E))","Date of Last CPMS Certification or Audit \n(§63.4311(a)(7)(ii(F)))"]
["XML Tag: ","OperationName","CpmsDescription","CpmsAuditDate"]
["e.g.: 1","e.g.: South Web Coating","e.g.: Combustion temperature","e.g.: 2/2/2017"]

{"sheet":"Deviation_w_Addon_CPMS2","index":13,"n_rows":14,"n_cols":9,"rows_kept":14,"cut":false,"hidden":false,"merged":[]}
["DO NOT REMOVE OR EDIT INFORMATION IN THIS SECTION\nFOR INTERNAL USE ONLY"]
["Template Name",{"$f":"+Welcome!B2","v":"63.4310(c) and 63.4311(a) Notification of Compliance and Semiannual Compliance Report (Spreadsheet Template)"}]
["CitationID",{"$f":"+Welcome!B3","v":"63.4310(c) and 63.4311(a)"}]
["Template Version",{"$f":"+Welcome!B4","v":"v1.00"}]
["Last Updated Date",{"$f":"+Welcome!B5","v":43537}]
[{"$f":"+Welcome!B6","v":"OMB Control Number: 2060-0522, Expiration: March 31, 2019"}]
["40 CFR Part 63, Subpart OOOO National Emission Standards for Hazardous Air Pollutants: Printing, Coating, and Dyeing of Fabrics and Other Textiles - §63.4311(a) Semiannual Compliance Report Spreadsheet Template"]
["\n"]
[]
[]
[]
["Company Record No. *\n(Select from dropdown)","Name of Operation \n(§63. 4311(a)(3)(iv))\n(Select from dropdown)","Description of CPMS \n(§63.4311(a)(7)(ii)(E))\n(Select from dropdown)","CPMS Inoperative or \nOut of Control\n(Select from dropdown)","Starting Date CPMS Inoperative or \nOut of Control \n(§63.4311(a)(7)(ii)(G) or (H))","Starting Time CPMS Inoperative or \nOut of Control \n(§63.4311(a)(7)(ii)(G) or (H))","Duration CPMS Inoperative or Out of Control (hours) \n(§63.4311(a)(7)(ii)(G) or (H))","Cause of CPMS Being Inoperative or Out of Control \n(§63.4311(a)(7)(ii)(G) or (H))\n(Select from dropdown)","Corrective Action Taken \n(§63.4311(a)(7)(ii)(G) or (H))"]
["XML Tag: ","OperationName","CpmsDescription","CpmsOutageDescription","CpmsOutageStartDate","CpmsOutageStartTime","CpmsOutageDuration","CpmsOutageCause","CorrectiveAction"]
["e.g.: 1","e.g.: South Web Coating","e.g.: Combustion temperature","e.g. Inoperative","e.g.: 3/2/2017","e.g.: 15:52","e.g.: 72.0","e.g.: Other known causes","e.g.: replaced thermocouple"]

{"sheet":"Deviation_w_Addon_CPMSSummary","index":14,"n_rows":100,"n_cols":6,"rows_kept":100,"cut":false,"hidden":false,"merged":[]}
["DO NOT REMOVE OR EDIT INFORMATION IN THIS SECTION FOR INTERNAL USE ONLY"]
["Template Name",{"$f":"+Welcome!B2","v":"63.4310(c) and 63.4311(a) Notification of Compliance and Semiannual Compliance Report (Spreadsheet Template)"}]
["CitationID",{"$f":"+Welcome!B3","v":"63.4310(c) and 63.4311(a)"}]
["Template Version",{"$f":"+Welcome!B4","v":"v1.00"}]
["Last Updated Date",{"$f":"+Welcome!B5","v":43537}]
[{"$f":"+Welcome!B6","v":"OMB Control Number: 2060-0522, Expiration: March 31, 2019"}]
["40 CFR Part 63, Subpart OOOO National Emission Standards for Hazardous Air Pollutants: Printing, Coating, and Dyeing of Fabrics and Other Textiles - §63.4311(a) Semiannual Compliance Report Spreadsheet Template"]
["\n"]
[]
[]
[]
["Company Record No. *\n(Select from dropdown)","Name of Operation \n(§63. 4311(a)(3)(iv))\n(Select from dropdown)","Description of CPMS \n(§63.4311(a)(7)(ii)(E))\n(Select from dropdown)","Total Source Operating Time (hours)\n(Optional for autocalculation of % Total Source Operating Time)","Total Duration of CPMS Downtime (hours) \n(§63.4311(a)(7)(xii))","Total Duration of CPMS Downtime as a per cent of Total Source Operating Time (hours)   (§63.4311(a)(7)(xii))\n(Autocalulation or manual entry)"]
["XML Tag: ","OperationName","CpmsDescription","TotalOperatingTime","CpmsDowntimeDuration","CpmsDowntimePercent"]
["e.g.: 1","e.g.: South Web Coating","e.g.: Combustion temperature","e.g.: 6240","e.g.: 0","e.g.: N/A"]
[null,null,null,null,{"$f":"IF($B15=\"\",\"\",SUMIFS(Deviation_w_Addon_CPMS2!$G$24:$G$5000,Deviation_w_Addon_CPMS2!$B$24:$B$5000,Deviation_w_Addon_CPMSSummary!B15))","v":""},{"$f":"IF($B15=\"\",\"\",SUMIFS(Deviation_w_Addon_CPMS2!$G$24:$G$5000,Deviation_w_Addon_CPMS2!$B$24:$B$5000,Deviation_w_Addon_CPMSSummary!B15,Deviation_w_Addon_CPMS2!$H$24:$H$5000,\"Other Unknown Causes\"))","v":""}]
[null,null,null,null,{"$f":"IF($B16=\"\",\"\",SUMIFS(Deviation_w_Addon_CPMS2!$G$24:$G$5000,Deviation_w_Addon_CPMS2!$B$24:$B$5000,Deviation_w_Addon_CPMSSummary!B16))","v":""},{"$f":"IF($B16=\"\",\"\",SUMIFS(Deviation_w_Addon_CPMS2!$G$24:$G$5000,Deviation_w_Addon_CPMS2!$B$24:$B$5000,Deviation_w_Addon_CPMSSummary!B16,Deviation_w_Addon_CPMS2!$H$24:$H$5000,\"Other Unknown Causes\"))","v":""}]
[null,null,null,null,{"$f":"IF($B17=\"\",\"\",SUMIFS(Deviation_w_Addon_CPMS2!$G$24:$G$5000,Deviation_w_Addon_CPMS2!$B$24:$B$5000,Deviation_w_Addon_CPMSSummary!B17))","v":""},{"$f":"IF($B17=\"\",\"\",SUMIFS(Deviation_w_Addon_CPMS2!$G$24:$G$5000,Deviation_w_Addon_CPMS2!$B$24:$B$5000,Deviation_w_Addon_CPMSSummary!B17,Deviation_w_Addon_CPMS2!$H$24:$H$5000,\"Other Unknown Causes\"))","v":""}]
[null,null,null,null,{"$f":"IF($B18=\"\",\"\",SUMIFS(Deviation_w_Addon_CPMS2!$G$24:$G$5000,Deviation_w_Addon_CPMS2!$B$24:$B$5000,Deviation_w_Addon_CPMSSummary!B18))","v":""},{"$f":"IF($B18=\"\",\"\",SUMIFS(Deviation_w_Addon_CPMS2!$G$24:$G$5000,Deviation_w_Addon_CPMS2!$B$24:$B$5000,Deviation_w_Addon_CPMSSummary!B18,Deviation_w_Addon_CPMS2!$H$24:$H$5000,\"Other Unknown Causes\"))","v":""}]
[null,null,null,null,{"$f":"IF($B19=\"\",\"\",SUMIFS(Deviation_w_Addon_CPMS2!$G$24:$G$5000,Deviation_w_Addon_CPMS2!$B$24:$B$5000,Deviation_w_Addon_CPMSSummary!B19))","v":""},{"$f":"IF($B19=\"\",\"\",SUMIFS(Deviation_w_Addon_CPMS2!$G$24:$G$5000,Deviation_w_Addon_CPMS2!$B$24:$B$5000,Deviation_w_Addon_CPMSSummary!B19,Deviation_w_Addon_CPMS2!$H$24:$H$5000,\"Other Unknown Causes\"))","v":""}]
[null,null,null,null,{"$f":"IF($B20=\"\",\"\",SUMIFS(Deviation_w_Addon_CPMS2!$G$24:$G$5000,Deviation_w_Addon_CPMS2!$B$24:$B$5000,Deviation_w_Addon_CPMSSummary!B20))","v":""},{"$f":"IF($B20=\"\",\"\",SUMIFS(Deviation_w_Addon_CPMS2!$G$24:$G$5000,Deviation_w_Addon_CPMS2!$B$24:$B$5000,Deviation_w_Addon_CPMSSummary!B20,Deviation_w_Addon_CPMS2!$H$24:$H$5000,\"Other Unknown Causes\"))","v":""}]
[null,null,null,null,{"$f":"IF($B21=\"\",\"\",SUMIFS(Deviation_w_Addon_CPMS2!$G$24:$G$5000,Deviation_w_Addon_CPMS2!$B$24:$B$5000,Deviation_w_Addon_CPMSSummary!B21))","v":""},{"$f":"IF($B21=\"\",\"\",SUMIFS(Deviation_w_Addon_CPMS2!$G$24:$G$5000,Deviation_w_Addon_CPMS2!$B$24:$B$5000,Deviation_w_Addon_CPMSSummary!B21,Deviation_w_Addon_CPMS2!$H$24:$H$5000,\"Other Unknown Causes\"))","v":""}]
[null,null,null,null,{"$f":"IF($B22=\"\",\"\",SUMIFS(Deviation_w_Addon_CPMS2!$G$24:$G$5000,Deviation_w_Addon_CPMS2!$B$24:$B$5000,Deviation_w_Addon_CPMSSummary!B22))","v":""},{"$f":"IF($B22=\"\",\"\",SUMIFS(Deviation_w_Addon_CPMS2!$G$24:$G$5000,Deviation_w_Addon_CPMS2!$B$24:$B$5000,Deviation_w_Addon_CPMSSummary!B22,Deviation_w_Addon_CPMS2!$H$24:$H$5000,\"Other Unknown Causes\"))","v":""}]
[null,null,null,null,{"$f":"IF($B23=\"\",\"\",SUMIFS(Deviation_w_Addon_CPMS2!$G$24:$G$5000,Deviation_w_Addon_CPMS2!$B$24:$B$5000,Deviation_w_Addon_CPMSSummary!B23))","v":""},{"$f":"IF($B23=\"\",\"\",SUMIFS(Deviation_w_Addon_CPMS2!$G$24:$G$5000,Deviation_w_Addon_CPMS2!$B$24:$B$5000,Deviation_w_Addon_CPMSSummary!B23,Deviation_w_Addon_CPMS2!$H$24:$H$5000,\"Other Unknown Causes\"))","v":""}]
[null,null,null,null,{"$f":"IF($B24=\"\",\"\",SUMIFS(Deviation_w_Addon_CPMS2!$G$24:$G$5000,Deviation_w_Addon_CPMS2!$A$24:$A$5000,Deviation_w_Addon_CPMSSummary!$A24,Deviation_w_Addon_CPMS2!$B$24:$B$5000,Deviation_w_Addon_CPMSSummary!$B24,Deviation_w_Addon_CPMS2!$C$24:$C$5000,Deviation_w_Addon_CPMSSummary!$C24))","v":""},{"$f":"+IF($B24=\"\",\"\",IF(E24=0,\"N/A\",E24/$D24))","v":""}]
[null,null,null,null,{"$f":"IF($B25=\"\",\"\",SUMIFS(Deviation_w_Addon_CPMS2!$G$24:$G$5000,Deviation_w_Addon_CPMS2!$A$24:$A$5000,Deviation_w_Addon_CPMSSummary!$A25,Deviation_w_Addon_CPMS2!$B$24:$B$5000,Deviation_w_Addon_CPMSSummary!$B25,Deviation_w_Addon_CPMS2!$C$24:$C$5000,Deviation_w_Addon_CPMSSummary!$C25))","v":""},{"$f":"+IF($B25=\"\",\"\",IF(E25=0,\"N/A\",E25/$D25))","v":""}]
[null,null,null,null,{"$f":"IF($B26=\"\",\"\",SUMIFS(Deviation_w_Addon_CPMS2!$G$24:$G$5000,Deviation_w_Addon_CPMS2!$A$24:$A$5000,Deviation_w_Addon_CPMSSummary!$A26,Deviation_w_Addon_CPMS2!$B$24:$B$5000,Deviation_w_Addon_CPMSSummary!$B26,Deviation_w_Addon_CPMS2!$C$24:$C$5000,Deviation_w_Addon_CPMSSummary!$C26))","v":""},""]
[null,null,null,null,{"$f":"IF($B27=\"\",\"\",SUMIFS(Deviation_w_Addon_CPMS2!$G$24:$G$5000,Deviation_w_Addon_CPMS2!$A$24:$A$5000,Deviation_w_Addon_CPMSSummary!$A27,Deviation_w_Addon_CPMS2!$B$24:$B$5000,Deviation_w_Addon_CPMSSummary!$B27,Deviation_w_Addon_CPMS2!$C$24:$C$5000,Deviation_w_Addon_CPMSSummary!$C27))","v":""},""]
[null,null,null,null,{"$f":"IF($B28=\"\",\"\",SUMIFS(Deviation_w_Addon_CPMS2!$G$24:$G$5000,Deviation_w_Addon_CPMS2!$A$24:$A$5000,Deviation_w_Addon_CPMSSummary!$A28,Deviation_w_Addon_CPMS2!$B$24:$B$5000,Deviation_w_Addon_CPMSSummary!$B28,Deviation_w_Addon_CPMS2!$C$24:$C$5000,Deviation_w_Addon_CPMSSummary!$C28))","v":""},""]
[null,null,null,null,{"$f":"IF($B29=\"\",\"\",SUMIFS(Deviation_w_Addon_CPMS2!$G$24:$G$5000,Deviation_w_Addon_CPMS2!$A$24:$A$5000,Deviation_w_Addon_CPMSSummary!$A29,Deviation_w_Addon_CPMS2!$B$24:$B$5000,Deviation_w_Addon_CPMSSummary!$B29,Deviation_w_Addon_CPMS2!$C$24:$C$5000,Deviation_w_Addon_CPMSSummary!$C29))","v":""},""]
[null,null,null,null,{"$f":"IF($B30=\"\",\"\",SUMIFS(Deviation_w_Addon_CPMS2!$G$24:$G$5000,Deviation_w_Addon_CPMS2!$A$24:$A$5000,Deviation_w_Addon_CPMSSummary!$A30,Deviation_w_Addon_CPMS2!$B$24:$B$5000,Deviation_w_Addon_CPMSSummary!$B30,Deviation_w_Addon_CPMS2!$C$24:$C$5000,Deviation_w_Addon_CPMSSummary!$C30))","v":""},""]
[null,null,null,null,{"$f":"IF($B31=\"\",\"\",SUMIFS(Deviation_w_Addon_CPMS2!$G$24:$G$5000,Deviation_w_Addon_CPMS2!$A$24:$A$5000,Deviation_w_Addon_CPMSSummary!$A31,Deviation_w_Addon_CPMS2!$B$24:$B$5000,Deviation_w_Addon_CPMSSummary!$B31,Deviation_w_Addon_CPMS2!$C$24:$C$5000,Deviation_w_Addon_CPMSSummary!$C31))","v":""},""]
[null,null,null,null,{"$f":"IF($B32=\"\",\"\",SUMIFS(Deviation_w_Addon_CPMS2!$G$24:$G$5000,Deviation_w_Addon_CPMS2!$A$24:$A$5000,Deviation_w_Addon_CPMSSummary!$A32,Deviation_w_Addon_CPMS2!$B$24:$B$5000,Deviation_w_Addon_CPMSSummary!$B32,Deviation_w_Addon_CPMS2!$C$24:$C$5000,Deviation_w_Addon_CPMSSummary!$C32))","v":""},""]
[null,null,null,null,{"$f":"IF($B33=\"\",\"\",SUMIFS(Deviation_w_Addon_CPMS2!$G$24:$G$5000,Deviation_w_Addon_CPMS2!$A$24:$A$5000,Deviation_w_Addon_CPMSSummary!$A33,Deviation_w_Addon_CPMS2!$B$24:$B$5000,Deviation_w_Addon_CPMSSummary!$B33,Deviation_w_Addon_CPMS2!$C$24:$C$5000,Deviation_w_Addon_CPMSSummary!$C33))","v":""},""]
[null,null,null,null,{"$f":"IF($B34=\"\",\"\",SUMIFS(Deviation_w_Addon_CPMS2!$G$24:$G$5000,Deviation_w_Addon_CPMS2!$A$24:$A$5000,Deviation_w_Addon_CPMSSummary!$A34,Deviation_w_Addon_CPMS2!$B$24:$B$5000,Deviation_w_Addon_CPMSSummary!$B34,Deviation_w_Addon_CPMS2!$C$24:$C$5000,Deviation_w_Addon_CPMSSummary!$C34))","v":""},""]
[null,null,null,null,{"$f":"IF($B35=\"\",\"\",SUMIFS(Deviation_w_Addon_CPMS2!$G$24:$G$5000,Deviation_w_Addon_CPMS2!$A$24:$A$5000,Deviation_w_Addon_CPMSSummary!$A35,Deviation_w_Addon_CPMS2!$B$24:$B$5000,Deviation_w_Addon_CPMSSummary!$B35,Deviation_w_Addon_CPMS2!$C$24:$C$5000,Deviation_w_Addon_CPMSSummary!$C35))","v":""},""]
[null,null,null,null,{"$f":"IF($B36=\"\",\"\",SUMIFS(Deviation_w_Addon_CPMS2!$G$24:$G$5000,Deviation_w_Addon_CPMS2!$A$24:$A$5000,Deviation_w_Addon_CPMSSummary!$A36,Deviation_w_Addon_CPMS2!$B$24:$B$5000,Deviation_w_Addon_CPMSSummary!$B36,Deviation_w_Addon_CPMS2!$C$24:$C$5000,Deviation_w_Addon_CPMSSummary!$C36))","v":""},""]
[null,null,null,null,{"$f":"IF($B37=\"\",\"\",SUMIFS(Deviation_w_Addon_CPMS2!$G$24:$G$5000,Deviation_w_Addon_CPMS2!$A$24:$A$5000,Deviation_w_Addon_CPMSSummary!$A37,Deviation_w_Addon_CPMS2!$B$24:$B$5000,Deviation_w_Addon_CPMSSummary!$B37,Deviation_w_Addon_CPMS2!$C$24:$C$5000,Deviation_w_Addon_CPMSSummary!$C37))","v":""},""]
[null,null,null,null,{"$f":"IF($B38=\"\",\"\",SUMIFS(Deviation_w_Addon_CPMS2!$G$24:$G$5000,Deviation_w_Addon_CPMS2!$A$24:$A$5000,Deviation_w_Addon_CPMSSummary!$A38,Deviation_w_Addon_CPMS2!$B$24:$B$5000,Deviation_w_Addon_CPMSSummary!$B38,Deviation_w_Addon_CPMS2!$C$24:$C$5000,Deviation_w_Addon_CPMSSummary!$C38))","v":""},""]
[null,null,null,null,{"$f":"IF($B39=\"\",\"\",SUMIFS(Deviation_w_Addon_CPMS2!$G$24:$G$5000,Deviation_w_Addon_CPMS2!$A$24:$A$5000,Deviation_w_Addon_CPMSSummary!$A39,Deviation_w_Addon_CPMS2!$B$24:$B$5000,Deviation_w_Addon_CPMSSummary!$B39,Deviation_w_Addon_CPMS2!$C$24:$C$5000,Deviation_w_Addon_CPMSSummary!$C39))","v":""},""]
[null,null,null,null,{"$f":"IF($B40=\"\",\"\",SUMIFS(Deviation_w_Addon_CPMS2!$G$24:$G$5000,Deviation_w_Addon_CPMS2!$A$24:$A$5000,Deviation_w_Addon_CPMSSummary!$A40,Deviation_w_Addon_CPMS2!$B$24:$B$5000,Deviation_w_Addon_CPMSSummary!$B40,Deviation_w_Addon_CPMS2!$C$24:$C$5000,Deviation_w_Addon_CPMSSummary!$C40))","v":""},""]
[null,null,null,null,{"$f":"IF($B41=\"\",\"\",SUMIFS(Deviation_w_Addon_CPMS2!$G$24:$G$5000,Deviation_w_Addon_CPMS2!$A$24:$A$5000,Deviation_w_Addon_CPMSSummary!$A41,Deviation_w_Addon_CPMS2!$B$24:$B$5000,Deviation_w_Addon_CPMSSummary!$B41,Deviation_w_Addon_CPMS2!$C$24:$C$5000,Deviation_w_Addon_CPMSSummary!$C41))","v":""},""]
[null,null,null,null,{"$f":"IF($B42=\"\",\"\",SUMIFS(Deviation_w_Addon_CPMS2!$G$24:$G$5000,Deviation_w_Addon_CPMS2!$A$24:$A$5000,Deviation_w_Addon_CPMSSummary!$A42,Deviation_w_Addon_CPMS2!$B$24:$B$5000,Deviation_w_Addon_CPMSSummary!$B42,Deviation_w_Addon_CPMS2!$C$24:$C$5000,Deviation_w_Addon_CPMSSummary!$C42))","v":""},""]
[null,null,null,null,{"$f":"IF($B43=\"\",\"\",SUMIFS(Deviation_w_Addon_CPMS2!$G$24:$G$5000,Deviation_w_Addon_CPMS2!$A$24:$A$5000,Deviation_w_Addon_CPMSSummary!$A43,Deviation_w_Addon_CPMS2!$B$24:$B$5000,Deviation_w_Addon_CPMSSummary!$B43,Deviation_w_Addon_CPMS2!$C$24:$C$5000,Deviation_w_Addon_CPMSSummary!$C43))","v":""},""]
[null,null,null,null,{"$f":"IF($B44=\"\",\"\",SUMIFS(Deviation_w_Addon_CPMS2!$G$24:$G$5000,Deviation_w_Addon_CPMS2!$A$24:$A$5000,Deviation_w_Addon_CPMSSummary!$A44,Deviation_w_Addon_CPMS2!$B$24:$B$5000,Deviation_w_Addon_CPMSSummary!$B44,Deviation_w_Addon_CPMS2!$C$24:$C$5000,Deviation_w_Addon_CPMSSummary!$C44))","v":""},""]
[null,null,null,null,{"$f":"IF($B45=\"\",\"\",SUMIFS(Deviation_w_Addon_CPMS2!$G$24:$G$5000,Deviation_w_Addon_CPMS2!$A$24:$A$5000,Deviation_w_Addon_CPMSSummary!$A45,Deviation_w_Addon_CPMS2!$B$24:$B$5000,Deviation_w_Addon_CPMSSummary!$B45,Deviation_w_Addon_CPMS2!$C$24:$C$5000,Deviation_w_Addon_CPMSSummary!$C45))","v":""},""]
[null,null,null,null,{"$f":"IF($B46=\"\",\"\",SUMIFS(Deviation_w_Addon_CPMS2!$G$24:$G$5000,Deviation_w_Addon_CPMS2!$A$24:$A$5000,Deviation_w_Addon_CPMSSummary!$A46,Deviation_w_Addon_CPMS2!$B$24:$B$5000,Deviation_w_Addon_CPMSSummary!$B46,Deviation_w_Addon_CPMS2!$C$24:$C$5000,Deviation_w_Addon_CPMSSummary!$C46))","v":""},""]
[null,null,null,null,{"$f":"IF($B47=\"\",\"\",SUMIFS(Deviation_w_Addon_CPMS2!$G$24:$G$5000,Deviation_w_Addon_CPMS2!$A$24:$A$5000,Deviation_w_Addon_CPMSSummary!$A47,Deviation_w_Addon_CPMS2!$B$24:$B$5000,Deviation_w_Addon_CPMSSummary!$B47,Deviation_w_Addon_CPMS2!$C$24:$C$5000,Deviation_w_Addon_CPMSSummary!$C47))","v":""},""]
[null,null,null,null,{"$f":"IF($B48=\"\",\"\",SUMIFS(Deviation_w_Addon_CPMS2!$G$24:$G$5000,Deviation_w_Addon_CPMS2!$A$24:$A$5000,Deviation_w_Addon_CPMSSummary!$A48,Deviation_w_Addon_CPMS2!$B$24:$B$5000,Deviation_w_Addon_CPMSSummary!$B48,Deviation_w_Addon_CPMS2!$C$24:$C$5000,Deviation_w_Addon_CPMSSummary!$C48))","v":""},""]
[null,null,null,null,{"$f":"IF($B49=\"\",\"\",SUMIFS(Deviation_w_Addon_CPMS2!$G$24:$G$5000,Deviation_w_Addon_CPMS2!$A$24:$A$5000,Deviation_w_Addon_CPMSSummary!$A49,Deviation_w_Addon_CPMS2!$B$24:$B$5000,Deviation_w_Addon_CPMSSummary!$B49,Deviation_w_Addon_CPMS2!$C$24:$C$5000,Deviation_w_Addon_CPMSSummary!$C49))","v":""},""]
[null,null,null,null,{"$f":"IF($B50=\"\",\"\",SUMIFS(Deviation_w_Addon_CPMS2!$G$24:$G$5000,Deviation_w_Addon_CPMS2!$A$24:$A$5000,Deviation_w_Addon_CPMSSummary!$A50,Deviation_w_Addon_CPMS2!$B$24:$B$5000,Deviation_w_Addon_CPMSSummary!$B50,Deviation_w_Addon_CPMS2!$C$24:$C$5000,Deviation_w_Addon_CPMSSummary!$C50))","v":""},""]
[null,null,null,null,{"$f":"IF($B51=\"\",\"\",SUMIFS(Deviation_w_Addon_CPMS2!$G$24:$G$5000,Deviation_w_Addon_CPMS2!$A$24:$A$5000,Deviation_w_Addon_CPMSSummary!$A51,Deviation_w_Addon_CPMS2!$B$24:$B$5000,Deviation_w_Addon_CPMSSummary!$B51,Deviation_w_Addon_CPMS2!$C$24:$C$5000,Deviation_w_Addon_CPMSSummary!$C51))","v":""},""]
[null,null,null,null,{"$f":"IF($B52=\"\",\"\",SUMIFS(Deviation_w_Addon_CPMS2!$G$24:$G$5000,Deviation_w_Addon_CPMS2!$A$24:$A$5000,Deviation_w_Addon_CPMSSummary!$A52,Deviation_w_Addon_CPMS2!$B$24:$B$5000,Deviation_w_Addon_CPMSSummary!$B52,Deviation_w_Addon_CPMS2!$C$24:$C$5000,Deviation_w_Addon_CPMSSummary!$C52))","v":""},""]
[null,null,null,null,{"$f":"IF($B53=\"\",\"\",SUMIFS(Deviation_w_Addon_CPMS2!$G$24:$G$5000,Deviation_w_Addon_CPMS2!$A$24:$A$5000,Deviation_w_Addon_CPMSSummary!$A53,Deviation_w_Addon_CPMS2!$B$24:$B$5000,Deviation_w_Addon_CPMSSummary!$B53,Deviation_w_Addon_CPMS2!$C$24:$C$5000,Deviation_w_Addon_CPMSSummary!$C53))","v":""},""]
[null,null,null,null,{"$f":"IF($B54=\"\",\"\",SUMIFS(Deviation_w_Addon_CPMS2!$G$24:$G$5000,Deviation_w_Addon_CPMS2!$A$24:$A$5000,Deviation_w_Addon_CPMSSummary!$A54,Deviation_w_Addon_CPMS2!$B$24:$B$5000,Deviation_w_Addon_CPMSSummary!$B54,Deviation_w_Addon_CPMS2!$C$24:$C$5000,Deviation_w_Addon_CPMSSummary!$C54))","v":""},""]
[null,null,null,null,{"$f":"IF($B55=\"\",\"\",SUMIFS(Deviation_w_Addon_CPMS2!$G$24:$G$5000,Deviation_w_Addon_CPMS2!$A$24:$A$5000,Deviation_w_Addon_CPMSSummary!$A55,Deviation_w_Addon_CPMS2!$B$24:$B$5000,Deviation_w_Addon_CPMSSummary!$B55,Deviation_w_Addon_CPMS2!$C$24:$C$5000,Deviation_w_Addon_CPMSSummary!$C55))","v":""},""]
[null,null,null,null,{"$f":"IF($B56=\"\",\"\",SUMIFS(Deviation_w_Addon_CPMS2!$G$24:$G$5000,Deviation_w_Addon_CPMS2!$A$24:$A$5000,Deviation_w_Addon_CPMSSummary!$A56,Deviation_w_Addon_CPMS2!$B$24:$B$5000,Deviation_w_Addon_CPMSSummary!$B56,Deviation_w_Addon_CPMS2!$C$24:$C$5000,Deviation_w_Addon_CPMSSummary!$C56))","v":""},""]
[null,null,null,null,{"$f":"IF($B57=\"\",\"\",SUMIFS(Deviation_w_Addon_CPMS2!$G$24:$G$5000,Deviation_w_Addon_CPMS2!$A$24:$A$5000,Deviation_w_Addon_CPMSSummary!$A57,Deviation_w_Addon_CPMS2!$B$24:$B$5000,Deviation_w_Addon_CPMSSummary!$B57,Deviation_w_Addon_CPMS2!$C$24:$C$5000,Deviation_w_Addon_CPMSSummary!$C57))","v":""},""]
[null,null,null,null,{"$f":"IF($B58=\"\",\"\",SUMIFS(Deviation_w_Addon_CPMS2!$G$24:$G$5000,Deviation_w_Addon_CPMS2!$A$24:$A$5000,Deviation_w_Addon_CPMSSummary!$A58,Deviation_w_Addon_CPMS2!$B$24:$B$5000,Deviation_w_Addon_CPMSSummary!$B58,Deviation_w_Addon_CPMS2!$C$24:$C$5000,Deviation_w_Addon_CPMSSummary!$C58))","v":""},""]
[null,null,null,null,{"$f":"IF($B59=\"\",\"\",SUMIFS(Deviation_w_Addon_CPMS2!$G$24:$G$5000,Deviation_w_Addon_CPMS2!$A$24:$A$5000,Deviation_w_Addon_CPMSSummary!$A59,Deviation_w_Addon_CPMS2!$B$24:$B$5000,Deviation_w_Addon_CPMSSummary!$B59,Deviation_w_Addon_CPMS2!$C$24:$C$5000,Deviation_w_Addon_CPMSSummary!$C59))","v":""},""]
[null,null,null,null,{"$f":"IF($B60=\"\",\"\",SUMIFS(Deviation_w_Addon_CPMS2!$G$24:$G$5000,Deviation_w_Addon_CPMS2!$A$24:$A$5000,Deviation_w_Addon_CPMSSummary!$A60,Deviation_w_Addon_CPMS2!$B$24:$B$5000,Deviation_w_Addon_CPMSSummary!$B60,Deviation_w_Addon_CPMS2!$C$24:$C$5000,Deviation_w_Addon_CPMSSummary!$C60))","v":""},""]
[null,null,null,null,{"$f":"IF($B61=\"\",\"\",SUMIFS(Deviation_w_Addon_CPMS2!$G$24:$G$5000,Deviation_w_Addon_CPMS2!$A$24:$A$5000,Deviation_w_Addon_CPMSSummary!$A61,Deviation_w_Addon_CPMS2!$B$24:$B$5000,Deviation_w_Addon_CPMSSummary!$B61,Deviation_w_Addon_CPMS2!$C$24:$C$5000,Deviation_w_Addon_CPMSSummary!$C61))","v":""},""]
[null,null,null,null,{"$f":"IF($B62=\"\",\"\",SUMIFS(Deviation_w_Addon_CPMS2!$G$24:$G$5000,Deviation_w_Addon_CPMS2!$A$24:$A$5000,Deviation_w_Addon_CPMSSummary!$A62,Deviation_w_Addon_CPMS2!$B$24:$B$5000,Deviation_w_Addon_CPMSSummary!$B62,Deviation_w_Addon_CPMS2!$C$24:$C$5000,Deviation_w_Addon_CPMSSummary!$C62))","v":""},""]
[null,null,null,null,{"$f":"IF($B63=\"\",\"\",SUMIFS(Deviation_w_Addon_CPMS2!$G$24:$G$5000,Deviation_w_Addon_CPMS2!$A$24:$A$5000,Deviation_w_Addon_CPMSSummary!$A63,Deviation_w_Addon_CPMS2!$B$24:$B$5000,Deviation_w_Addon_CPMSSummary!$B63,Deviation_w_Addon_CPMS2!$C$24:$C$5000,Deviation_w_Addon_CPMSSummary!$C63))","v":""},""]
[null,null,null,null,{"$f":"IF($B64=\"\",\"\",SUMIFS(Deviation_w_Addon_CPMS2!$G$24:$G$5000,Deviation_w_Addon_CPMS2!$A$24:$A$5000,Deviation_w_Addon_CPMSSummary!$A64,Deviation_w_Addon_CPMS2!$B$24:$B$5000,Deviation_w_Addon_CPMSSummary!$B64,Deviation_w_Addon_CPMS2!$C$24:$C$5000,Deviation_w_Addon_CPMSSummary!$C64))","v":""},""]
[null,null,null,null,{"$f":"IF($B65=\"\",\"\",SUMIFS(Deviation_w_Addon_CPMS2!$G$24:$G$5000,Deviation_w_Addon_CPMS2!$A$24:$A$5000,Deviation_w_Addon_CPMSSummary!$A65,Deviation_w_Addon_CPMS2!$B$24:$B$5000,Deviation_w_Addon_CPMSSummary!$B65,Deviation_w_Addon_CPMS2!$C$24:$C$5000,Deviation_w_Addon_CPMSSummary!$C65))","v":""},""]
[null,null,null,null,{"$f":"IF($B66=\"\",\"\",SUMIFS(Deviation_w_Addon_CPMS2!$G$24:$G$5000,Deviation_w_Addon_CPMS2!$A$24:$A$5000,Deviation_w_Addon_CPMSSummary!$A66,Deviation_w_Addon_CPMS2!$B$24:$B$5000,Deviation_w_Addon_CPMSSummary!$B66,Deviation_w_Addon_CPMS2!$C$24:$C$5000,Deviation_w_Addon_CPMSSummary!$C66))","v":""},""]
[null,null,null,null,{"$f":"IF($B67=\"\",\"\",SUMIFS(Deviation_w_Addon_CPMS2!$G$24:$G$5000,Deviation_w_Addon_CPMS2!$A$24:$A$5000,Deviation_w_Addon_CPMSSummary!$A67,Deviation_w_Addon_CPMS2!$B$24:$B$5000,Deviation_w_Addon_CPMSSummary!$B67,Deviation_w_Addon_CPMS2!$C$24:$C$5000,Deviation_w_Addon_CPMSSummary!$C67))","v":""},""]
[null,null,null,null,{"$f":"IF($B68=\"\",\"\",SUMIFS(Deviation_w_Addon_CPMS2!$G$24:$G$5000,Deviation_w_Addon_CPMS2!$A$24:$A$5000,Deviation_w_Addon_CPMSSummary!$A68,Deviation_w_Addon_CPMS2!$B$24:$B$5000,Deviation_w_Addon_CPMSSummary!$B68,Deviation_w_Addon_CPMS2!$C$24:$C$5000,Deviation_w_Addon_CPMSSummary!$C68))","v":""},""]
[null,null,null,null,{"$f":"IF($B69=\"\",\"\",SUMIFS(Deviation_w_Addon_CPMS2!$G$24:$G$5000,Deviation_w_Addon_CPMS2!$A$24:$A$5000,Deviation_w_Addon_CPMSSummary!$A69,Deviation_w_Addon_CPMS2!$B$24:$B$5000,Deviation_w_Addon_CPMSSummary!$B69,Deviation_w_Addon_CPMS2!$C$24:$C$5000,Deviation_w_Addon_CPMSSummary!$C69))","v":""},""]
[null,null,null,null,{"$f":"IF($B70=\"\",\"\",SUMIFS(Deviation_w_Addon_CPMS2!$G$24:$G$5000,Deviation_w_Addon_CPMS2!$A$24:$A$5000,Deviation_w_Addon_CPMSSummary!$A70,Deviation_w_Addon_CPMS2!$B$24:$B$5000,Deviation_w_Addon_CPMSSummary!$B70,Deviation_w_Addon_CPMS2!$C$24:$C$5000,Deviation_w_Addon_CPMSSummary!$C70))","v":""},""]
[null,null,null,null,{"$f":"IF($B71=\"\",\"\",SUMIFS(Deviation_w_Addon_CPMS2!$G$24:$G$5000,Deviation_w_Addon_CPMS2!$A$24:$A$5000,Deviation_w_Addon_CPMSSummary!$A71,Deviation_w_Addon_CPMS2!$B$24:$B$5000,Deviation_w_Addon_CPMSSummary!$B71,Deviation_w_Addon_CPMS2!$C$24:$C$5000,Deviation_w_Addon_CPMSSummary!$C71))","v":""},""]
[null,null,null,null,{"$f":"IF($B72=\"\",\"\",SUMIFS(Deviation_w_Addon_CPMS2!$G$24:$G$5000,Deviation_w_Addon_CPMS2!$A$24:$A$5000,Deviation_w_Addon_CPMSSummary!$A72,Deviation_w_Addon_CPMS2!$B$24:$B$5000,Deviation_w_Addon_CPMSSummary!$B72,Deviation_w_Addon_CPMS2!$C$24:$C$5000,Deviation_w_Addon_CPMSSummary!$C72))","v":""},""]
[null,null,null,null,{"$f":"IF($B73=\"\",\"\",SUMIFS(Deviation_w_Addon_CPMS2!$G$24:$G$5000,Deviation_w_Addon_CPMS2!$A$24:$A$5000,Deviation_w_Addon_CPMSSummary!$A73,Deviation_w_Addon_CPMS2!$B$24:$B$5000,Deviation_w_Addon_CPMSSummary!$B73,Deviation_w_Addon_CPMS2!$C$24:$C$5000,Deviation_w_Addon_CPMSSummary!$C73))","v":""},""]
[null,null,null,null,{"$f":"IF($B74=\"\",\"\",SUMIFS(Deviation_w_Addon_CPMS2!$G$24:$G$5000,Deviation_w_Addon_CPMS2!$A$24:$A$5000,Deviation_w_Addon_CPMSSummary!$A74,Deviation_w_Addon_CPMS2!$B$24:$B$5000,Deviation_w_Addon_CPMSSummary!$B74,Deviation_w_Addon_CPMS2!$C$24:$C$5000,Deviation_w_Addon_CPMSSummary!$C74))","v":""},""]
[null,null,null,null,{"$f":"IF($B75=\"\",\"\",SUMIFS(Deviation_w_Addon_CPMS2!$G$24:$G$5000,Deviation_w_Addon_CPMS2!$A$24:$A$5000,Deviation_w_Addon_CPMSSummary!$A75,Deviation_w_Addon_CPMS2!$B$24:$B$5000,Deviation_w_Addon_CPMSSummary!$B75,Deviation_w_Addon_CPMS2!$C$24:$C$5000,Deviation_w_Addon_CPMSSummary!$C75))","v":""},""]
[null,null,null,null,{"$f":"IF($B76=\"\",\"\",SUMIFS(Deviation_w_Addon_CPMS2!$G$24:$G$5000,Deviation_w_Addon_CPMS2!$A$24:$A$5000,Deviation_w_Addon_CPMSSummary!$A76,Deviation_w_Addon_CPMS2!$B$24:$B$5000,Deviation_w_Addon_CPMSSummary!$B76,Deviation_w_Addon_CPMS2!$C$24:$C$5000,Deviation_w_Addon_CPMSSummary!$C76))","v":""},""]
[null,null,null,null,{"$f":"IF($B77=\"\",\"\",SUMIFS(Deviation_w_Addon_CPMS2!$G$24:$G$5000,Deviation_w_Addon_CPMS2!$A$24:$A$5000,Deviation_w_Addon_CPMSSummary!$A77,Deviation_w_Addon_CPMS2!$B$24:$B$5000,Deviation_w_Addon_CPMSSummary!$B77,Deviation_w_Addon_CPMS2!$C$24:$C$5000,Deviation_w_Addon_CPMSSummary!$C77))","v":""},""]
[null,null,null,null,{"$f":"IF($B78=\"\",\"\",SUMIFS(Deviation_w_Addon_CPMS2!$G$24:$G$5000,Deviation_w_Addon_CPMS2!$A$24:$A$5000,Deviation_w_Addon_CPMSSummary!$A78,Deviation_w_Addon_CPMS2!$B$24:$B$5000,Deviation_w_Addon_CPMSSummary!$B78,Deviation_w_Addon_CPMS2!$C$24:$C$5000,Deviation_w_Addon_CPMSSummary!$C78))","v":""},""]
[null,null,null,null,{"$f":"IF($B79=\"\",\"\",SUMIFS(Deviation_w_Addon_CPMS2!$G$24:$G$5000,Deviation_w_Addon_CPMS2!$A$24:$A$5000,Deviation_w_Addon_CPMSSummary!$A79,Deviation_w_Addon_CPMS2!$B$24:$B$5000,Deviation_w_Addon_CPMSSummary!$B79,Deviation_w_Addon_CPMS2!$C$24:$C$5000,Deviation_w_Addon_CPMSSummary!$C79))","v":""},""]
[null,null,null,null,{"$f":"IF($B80=\"\",\"\",SUMIFS(Deviation_w_Addon_CPMS2!$G$24:$G$5000,Deviation_w_Addon_CPMS2!$A$24:$A$5000,Deviation_w_Addon_CPMSSummary!$A80,Deviation_w_Addon_CPMS2!$B$24:$B$5000,Deviation_w_Addon_CPMSSummary!$B80,Deviation_w_Addon_CPMS2!$C$24:$C$5000,Deviation_w_Addon_CPMSSummary!$C80))","v":""},""]
[null,null,null,null,{"$f":"IF($B81=\"\",\"\",SUMIFS(Deviation_w_Addon_CPMS2!$G$24:$G$5000,Deviation_w_Addon_CPMS2!$A$24:$A$5000,Deviation_w_Addon_CPMSSummary!$A81,Deviation_w_Addon_CPMS2!$B$24:$B$5000,Deviation_w_Addon_CPMSSummary!$B81,Deviation_w_Addon_CPMS2!$C$24:$C$5000,Deviation_w_Addon_CPMSSummary!$C81))","v":""},""]
[null,null,null,null,{"$f":"IF($B82=\"\",\"\",SUMIFS(Deviation_w_Addon_CPMS2!$G$24:$G$5000,Deviation_w_Addon_CPMS2!$A$24:$A$5000,Deviation_w_Addon_CPMSSummary!$A82,Deviation_w_Addon_CPMS2!$B$24:$B$5000,Deviation_w_Addon_CPMSSummary!$B82,Deviation_w_Addon_CPMS2!$C$24:$C$5000,Deviation_w_Addon_CPMSSummary!$C82))","v":""},""]
[null,null,null,null,{"$f":"IF($B83=\"\",\"\",SUMIFS(Deviation_w_Addon_CPMS2!$G$24:$G$5000,Deviation_w_Addon_CPMS2!$A$24:$A$5000,Deviation_w_Addon_CPMSSummary!$A83,Deviation_w_Addon_CPMS2!$B$24:$B$5000,Deviation_w_Addon_CPMSSummary!$B83,Deviation_w_Addon_CPMS2!$C$24:$C$5000,Deviation_w_Addon_CPMSSummary!$C83))","v":""},""]
[null,null,null,null,{"$f":"IF($B84=\"\",\"\",SUMIFS(Deviation_w_Addon_CPMS2!$G$24:$G$5000,Deviation_w_Addon_CPMS2!$A$24:$A$5000,Deviation_w_Addon_CPMSSummary!$A84,Deviation_w_Addon_CPMS2!$B$24:$B$5000,Deviation_w_Addon_CPMSSummary!$B84,Deviation_w_Addon_CPMS2!$C$24:$C$5000,Deviation_w_Addon_CPMSSummary!$C84))","v":""},""]
[null,null,null,null,{"$f":"IF($B85=\"\",\"\",SUMIFS(Deviation_w_Addon_CPMS2!$G$24:$G$5000,Deviation_w_Addon_CPMS2!$A$24:$A$5000,Deviation_w_Addon_CPMSSummary!$A85,Deviation_w_Addon_CPMS2!$B$24:$B$5000,Deviation_w_Addon_CPMSSummary!$B85,Deviation_w_Addon_CPMS2!$C$24:$C$5000,Deviation_w_Addon_CPMSSummary!$C85))","v":""},""]
[null,null,null,null,{"$f":"IF($B86=\"\",\"\",SUMIFS(Deviation_w_Addon_CPMS2!$G$24:$G$5000,Deviation_w_Addon_CPMS2!$A$24:$A$5000,Deviation_w_Addon_CPMSSummary!$A86,Deviation_w_Addon_CPMS2!$B$24:$B$5000,Deviation_w_Addon_CPMSSummary!$B86,Deviation_w_Addon_CPMS2!$C$24:$C$5000,Deviation_w_Addon_CPMSSummary!$C86))","v":""},""]
[null,null,null,null,{"$f":"IF($B87=\"\",\"\",SUMIFS(Deviation_w_Addon_CPMS2!$G$24:$G$5000,Deviation_w_Addon_CPMS2!$A$24:$A$5000,Deviation_w_Addon_CPMSSummary!$A87,Deviation_w_Addon_CPMS2!$B$24:$B$5000,Deviation_w_Addon_CPMSSummary!$B87,Deviation_w_Addon_CPMS2!$C$24:$C$5000,Deviation_w_Addon_CPMSSummary!$C87))","v":""},""]
[null,null,null,null,{"$f":"IF($B88=\"\",\"\",SUMIFS(Deviation_w_Addon_CPMS2!$G$24:$G$5000,Deviation_w_Addon_CPMS2!$A$24:$A$5000,Deviation_w_Addon_CPMSSummary!$A88,Deviation_w_Addon_CPMS2!$B$24:$B$5000,Deviation_w_Addon_CPMSSummary!$B88,Deviation_w_Addon_CPMS2!$C$24:$C$5000,Deviation_w_Addon_CPMSSummary!$C88))","v":""},""]
[null,null,null,null,{"$f":"IF($B89=\"\",\"\",SUMIFS(Deviation_w_Addon_CPMS2!$G$24:$G$5000,Deviation_w_Addon_CPMS2!$A$24:$A$5000,Deviation_w_Addon_CPMSSummary!$A89,Deviation_w_Addon_CPMS2!$B$24:$B$5000,Deviation_w_Addon_CPMSSummary!$B89,Deviation_w_Addon_CPMS2!$C$24:$C$5000,Deviation_w_Addon_CPMSSummary!$C89))","v":""},{"$f":"+IF($B89=\"\",\"\",IF(E89=0,\"N/A\",E89/$D89))","v":""}]
[null,null,null,null,{"$f":"IF($B90=\"\",\"\",SUMIFS(Deviation_w_Addon_CPMS2!$G$24:$G$5000,Deviation_w_Addon_CPMS2!$A$24:$A$5000,Deviation_w_Addon_CPMSSummary!$A90,Deviation_w_Addon_CPMS2!$B$24:$B$5000,Deviation_w_Addon_CPMSSummary!$B90,Deviation_w_Addon_CPMS2!$C$24:$C$5000,Deviation_w_Addon_CPMSSummary!$C90))","v":""},""]
[null,null,null,null,{"$f":"IF($B91=\"\",\"\",SUMIFS(Deviation_w_Addon_CPMS2!$G$24:$G$5000,Deviation_w_Addon_CPMS2!$A$24:$A$5000,Deviation_w_Addon_CPMSSummary!$A91,Deviation_w_Addon_CPMS2!$B$24:$B$5000,Deviation_w_Addon_CPMSSummary!$B91,Deviation_w_Addon_CPMS2!$C$24:$C$5000,Deviation_w_Addon_CPMSSummary!$C91))","v":""},""]
[null,null,null,null,{"$f":"IF($B92=\"\",\"\",SUMIFS(Deviation_w_Addon_CPMS2!$G$24:$G$5000,Deviation_w_Addon_CPMS2!$A$24:$A$5000,Deviation_w_Addon_CPMSSummary!$A92,Deviation_w_Addon_CPMS2!$B$24:$B$5000,Deviation_w_Addon_CPMSSummary!$B92,Deviation_w_Addon_CPMS2!$C$24:$C$5000,Deviation_w_Addon_CPMSSummary!$C92))","v":""},""]
[null,null,null,null,{"$f":"IF($B93=\"\",\"\",SUMIFS(Deviation_w_Addon_CPMS2!$G$24:$G$5000,Deviation_w_Addon_CPMS2!$A$24:$A$5000,Deviation_w_Addon_CPMSSummary!$A93,Deviation_w_Addon_CPMS2!$B$24:$B$5000,Deviation_w_Addon_CPMSSummary!$B93,Deviation_w_Addon_CPMS2!$C$24:$C$5000,Deviation_w_Addon_CPMSSummary!$C93))","v":""},""]
[null,null,null,null,{"$f":"IF($B94=\"\",\"\",SUMIFS(Deviation_w_Addon_CPMS2!$G$24:$G$5000,Deviation_w_Addon_CPMS2!$A$24:$A$5000,Deviation_w_Addon_CPMSSummary!$A94,Deviation_w_Addon_CPMS2!$B$24:$B$5000,Deviation_w_Addon_CPMSSummary!$B94,Deviation_w_Addon_CPMS2!$C$24:$C$5000,Deviation_w_Addon_CPMSSummary!$C94))","v":""},""]
[null,null,null,null,{"$f":"IF($B95=\"\",\"\",SUMIFS(Deviation_w_Addon_CPMS2!$G$24:$G$5000,Deviation_w_Addon_CPMS2!$A$24:$A$5000,Deviation_w_Addon_CPMSSummary!$A95,Deviation_w_Addon_CPMS2!$B$24:$B$5000,Deviation_w_Addon_CPMSSummary!$B95,Deviation_w_Addon_CPMS2!$C$24:$C$5000,Deviation_w_Addon_CPMSSummary!$C95))","v":""},""]
[null,null,null,null,{"$f":"IF($B96=\"\",\"\",SUMIFS(Deviation_w_Addon_CPMS2!$G$24:$G$5000,Deviation_w_Addon_CPMS2!$A$24:$A$5000,Deviation_w_Addon_CPMSSummary!$A96,Deviation_w_Addon_CPMS2!$B$24:$B$5000,Deviation_w_Addon_CPMSSummary!$B96,Deviation_w_Addon_CPMS2!$C$24:$C$5000,Deviation_w_Addon_CPMSSummary!$C96))","v":""},""]
[null,null,null,null,{"$f":"IF($B97=\"\",\"\",SUMIFS(Deviation_w_Addon_CPMS2!$G$24:$G$5000,Deviation_w_Addon_CPMS2!$A$24:$A$5000,Deviation_w_Addon_CPMSSummary!$A97,Deviation_w_Addon_CPMS2!$B$24:$B$5000,Deviation_w_Addon_CPMSSummary!$B97,Deviation_w_Addon_CPMS2!$C$24:$C$5000,Deviation_w_Addon_CPMSSummary!$C97))","v":""},""]
[null,null,null,null,{"$f":"IF($B98=\"\",\"\",SUMIFS(Deviation_w_Addon_CPMS2!$G$24:$G$5000,Deviation_w_Addon_CPMS2!$A$24:$A$5000,Deviation_w_Addon_CPMSSummary!$A98,Deviation_w_Addon_CPMS2!$B$24:$B$5000,Deviation_w_Addon_CPMSSummary!$B98,Deviation_w_Addon_CPMS2!$C$24:$C$5000,Deviation_w_Addon_CPMSSummary!$C98))","v":""},""]
[null,null,null,null,{"$f":"IF($B99=\"\",\"\",SUMIFS(Deviation_w_Addon_CPMS2!$G$24:$G$5000,Deviation_w_Addon_CPMS2!$A$24:$A$5000,Deviation_w_Addon_CPMSSummary!$A99,Deviation_w_Addon_CPMS2!$B$24:$B$5000,Deviation_w_Addon_CPMSSummary!$B99,Deviation_w_Addon_CPMS2!$C$24:$C$5000,Deviation_w_Addon_CPMSSummary!$C99))","v":""},""]
[null,null,null,null,{"$f":"IF($B100=\"\",\"\",SUMIFS(Deviation_w_Addon_CPMS2!$G$24:$G$5000,Deviation_w_Addon_CPMS2!$A$24:$A$5000,Deviation_w_Addon_CPMSSummary!$A100,Deviation_w_Addon_CPMS2!$B$24:$B$5000,Deviation_w_Addon_CPMSSummary!$B100,Deviation_w_Addon_CPMS2!$C$24:$C$5000,Deviation_w_Addon_CPMSSummary!$C100))","v":""},""]

{"sheet":"Deviation_w_Addon_OpLimit","index":15,"n_rows":14,"n_cols":7,"rows_kept":14,"cut":false,"hidden":false,"merged":[]}
["DO NOT REMOVE OR EDIT INFORMATION IN THIS SECTION\nFOR INTERNAL USE ONLY"]
["Template Name",{"$f":"+Welcome!B2","v":"63.4310(c) and 63.4311(a) Notification of Compliance and Semiannual Compliance Report (Spreadsheet Template)"}]
["CitationID",{"$f":"+Welcome!B3","v":"63.4310(c) and 63.4311(a)"}]
["Template Version",{"$f":"+Welcome!B4","v":"v1.00"}]
["Last Updated Date",{"$f":"+Welcome!B5","v":43537}]
[{"$f":"+Welcome!B6","v":"OMB Control Number: 2060-0522, Expiration: March 31, 2019"}]
["40 CFR Part 63, Subpart OOOO National Emission Standards for Hazardous Air Pollutants: Printing, Coating, and Dyeing of Fabrics and Other Textiles - §63.4311(a) Semiannual Compliance Report Spreadsheet Template"]
["\n"]
[]
[]
[]
["Company Record No. *\n(Select from dropdown)","Name of Operation \n(§63. 4311(a)(3)(iv))\n(Select from dropdown)","Deviation from Operating Limit or Bypass of Control Device\n(§63.4311(a)(7)(ii)(I))\n(Select from dropdown)","Starting Date Deviation from Operating Limit or Bypass of Control Device \n(§63.4311(a)(7)(ii)(I))","Starting Time Deviation from Operating Limit or Bypass of Control Device \n(§63.4311(a)(7)(ii)(I))","Duration Deviation from Operating Limit or Bypass of Control Device (hours) \n(§63.4311(a)(7)(ii)I))","Cause of Deviation from Operating Limit or Bypass of Control Device \n(§63.4311(a)(7)(ii)(K))"]
["XML Tag: ","OperationName","DeviceDeviationBypass","DeviationStartDate","DeviationStartTime","DeviationDuration","DeviationCause"]
["e.g.: 1","e.g.: South Web Coating","e.g.: Deviation from Operating Limit","e.g.: 3/2/2017","e.g.: 15:00","e.g. 36.2","e.g.: Control Equipment Problems"]

{"sheet":"Deviation_w_Addon_OpLimSummary","index":16,"n_rows":100,"n_cols":10,"rows_kept":100,"cut":false,"hidden":false,"merged":[]}
["DO NOT REMOVE OR EDIT INFORMATION IN THIS SECTION FOR INTERNAL USE ONLY"]
["Template Name",{"$f":"+Welcome!B2","v":"63.4310(c) and 63.4311(a) Notification of Compliance and Semiannual Compliance Report (Spreadsheet Template)"}]
["CitationID",{"$f":"+Welcome!B3","v":"63.4310(c) and 63.4311(a)"}]
["Template Version",{"$f":"+Welcome!B4","v":"v1.00"}]
["Last Updated Date",{"$f":"+Welcome!B5","v":43537}]
[{"$f":"+Welcome!B6","v":"OMB Control Number: 2060-0522, Expiration: March 31, 2019"}]
["40 CFR Part 63, Subpart OOOO National Emission Standards for Hazardous Air Pollutants: Printing, Coating, and Dyeing of Fabrics and Other Textiles - §63.4311(a) Semiannual Compliance Report Spreadsheet Template"]
["\n"]
[]
[]
[]
["Company Record No. *\n(Select from dropdown)","Name of Operation \n(§63. 4311(a)(3)(iv))\n(Select from dropdown)","Deviation from Operating Limit or Bypass of Control Device\n(§63.4311(a)(7)(ii)(I))\n(Select from dropdown)","Total Source Operating Time (hours)\n(Optional for autocalculation of % Total Source Operating Time)","Total Duration of Deviations from Operating Limit or Bypass of Control Device (hours) (§63.4311(a)(7)(ii)(J))","Total Duration of Deviations from Operating Limit or Bypass of Control Device as a per cent of Total Source Operating Time  \n(§63.4311(a)(7)(ii)(J))\n(Autocalculation or manual entry)","Total Duration of Deviations from Operating Limit or Bypass of Control Device Due to Control Equipment Problems (hours)  (§63.4311(a)(7)(ii)(K))","Total Duration of Deviations from Operating Limit or Bypass of Control Device Due to Process Problems (hours)  (§63.4311(a)(7)(ii)(K))","Total Duration of Deviations from Operating Limit or Bypass of Control Device Due to Other Known Causes (hours)  \n(§63.4311(a)(7)(ii)(K))","Total Duration of Deviations from Operating Limit or Bypass of Control Device Due to Other Unknown Causes (hours)  \n(§63.4311(a)(7)(ii)(K))"]
["XML Tag: ","OperationName","DeviceDeviationBypass","TotalOperatingTime","TotalDeviationDuration","TotalDeviationPercent","EquipmentCausedDeviation","ProcessCausedDeviation","OtherCausedDeviation","UnknownCausedDeviation"]
["e.g.: 1","e.g.: South Web Coating","e.g.: Combustion Temperature","e.g.: 6240","e.g.: 36.2","e.g.: 0.58%","e.g.: 36.2","e.g.: 0","e.g.: 0","e.g.: 0"]
[null,null,null,null,null,{"$f":"IF($B15=\"\",\"\",E15/$D15)","v":""},{"$f":"IF($B15=\"\",\"\",SUMIFS(Deviation_w_Addon_OpLimit!$F$24:$F$5000,Deviation_w_Addon_OpLimit!$B$24:$B$5000,Deviation_w_Addon_OpLimSummary!$B15,Deviation_w_Addon_OpLimit!$C$24:$C$5000,\"Deviation from Operating Limit\",Deviation_w_Addon_OpLimit!$G$24:$G$5000,\"Control Equipment Problems\"))","v":""},{"$f":"IF($B15=\"\",\"\",SUMIFS(Deviation_w_Addon_OpLimit!$F$24:$F$5000,Deviation_w_Addon_OpLimit!$B$24:$B$5000,Deviation_w_Addon_OpLimSummary!$B15,Deviation_w_Addon_OpLimit!$C$24:$C$5000,\"Deviation from Operating Limit\",Deviation_w_Addon_OpLimit!$G$24:$G$5000,\"Process Problems\"))","v":""},{"$f":"IF($B15=\"\",\"\",SUMIFS(Deviation_w_Addon_OpLimit!$F$24:$F$5000,Deviation_w_Addon_OpLimit!$B$24:$B$5000,Deviation_w_Addon_OpLimSummary!$B15,Deviation_w_Addon_OpLimit!$C$24:$C$5000,\"Deviation from Operating Limit\",Deviation_w_Addon_OpLimit!$G$24:$G$5000,\"Other Known Problems\"))","v":""},{"$f":"IF($B15=\"\",\"\",SUMIFS(Deviation_w_Addon_OpLimit!$F$24:$F$5000,Deviation_w_Addon_OpLimit!$B$24:$B$5000,Deviation_w_Addon_OpLimSummary!$B15,Deviation_w_Addon_OpLimit!$C$24:$C$5000,\"Deviation from Operating Limit\",Deviation_w_Addon_OpLimit!$G$24:$G$5000,\"Other Unknown Causes\"))","v":""}]
[null,null,null,null,null,"",{"$f":"IF($B16=\"\",\"\",SUMIFS(Deviation_w_Addon_OpLimit!$F$24:$F$5000,Deviation_w_Addon_OpLimit!$B$24:$B$5000,Deviation_w_Addon_OpLimSummary!$B16,Deviation_w_Addon_OpLimit!$C$24:$C$5000,\"Deviation from Operating Limit\",Deviation_w_Addon_OpLimit!$G$24:$G$5000,\"Control Equipment Problems\"))","v":""},{"$f":"IF($B16=\"\",\"\",SUMIFS(Deviation_w_Addon_OpLimit!$F$24:$F$5000,Deviation_w_Addon_OpLimit!$B$24:$B$5000,Deviation_w_Addon_OpLimSummary!$B16,Deviation_w_Addon_OpLimit!$C$24:$C$5000,\"Deviation from Operating Limit\",Deviation_w_Addon_OpLimit!$G$24:$G$5000,\"Process Problems\"))","v":""},{"$f":"IF($B16=\"\",\"\",SUMIFS(Deviation_w_Addon_OpLimit!$F$24:$F$5000,Deviation_w_Addon_OpLimit!$B$24:$B$5000,Deviation_w_Addon_OpLimSummary!$B16,Deviation_w_Addon_OpLimit!$C$24:$C$5000,\"Deviation from Operating Limit\",Deviation_w_Addon_OpLimit!$G$24:$G$5000,\"Other Known Problems\"))","v":""},{"$f":"IF($B16=\"\",\"\",SUMIFS(Deviation_w_Addon_OpLimit!$F$24:$F$5000,Deviation_w_Addon_OpLimit!$B$24:$B$5000,Deviation_w_Addon_OpLimSummary!$B16,Deviation_w_Addon_OpLimit!$C$24:$C$5000,\"Deviation from Operating Limit\",Deviation_w_Addon_OpLimit!$G$24:$G$5000,\"Other Unknown Causes\"))","v":""}]
[null,null,null,null,null,"",{"$f":"IF($B17=\"\",\"\",SUMIFS(Deviation_w_Addon_OpLimit!$F$24:$F$5000,Deviation_w_Addon_OpLimit!$B$24:$B$5000,Deviation_w_Addon_OpLimSummary!$B17,Deviation_w_Addon_OpLimit!$C$24:$C$5000,\"Deviation from Operating Limit\",Deviation_w_Addon_OpLimit!$G$24:$G$5000,\"Control Equipment Problems\"))","v":""},{"$f":"IF($B17=\"\",\"\",SUMIFS(Deviation_w_Addon_OpLimit!$F$24:$F$5000,Deviation_w_Addon_OpLimit!$B$24:$B$5000,Deviation_w_Addon_OpLimSummary!$B17,Deviation_w_Addon_OpLimit!$C$24:$C$5000,\"Deviation from Operating Limit\",Deviation_w_Addon_OpLimit!$G$24:$G$5000,\"Process Problems\"))","v":""},{"$f":"IF($B17=\"\",\"\",SUMIFS(Deviation_w_Addon_OpLimit!$F$24:$F$5000,Deviation_w_Addon_OpLimit!$B$24:$B$5000,Deviation_w_Addon_OpLimSummary!$B17,Deviation_w_Addon_OpLimit!$C$24:$C$5000,\"Deviation from Operating Limit\",Deviation_w_Addon_OpLimit!$G$24:$G$5000,\"Other Known Problems\"))","v":""},{"$f":"IF($B17=\"\",\"\",SUMIFS(Deviation_w_Addon_OpLimit!$F$24:$F$5000,Deviation_w_Addon_OpLimit!$B$24:$B$5000,Deviation_w_Addon_OpLimSummary!$B17,Deviation_w_Addon_OpLimit!$C$24:$C$5000,\"Deviation from Operating Limit\",Deviation_w_Addon_OpLimit!$G$24:$G$5000,\"Other Unknown Causes\"))","v":""}]
[null,null,null,null,null,"",{"$f":"IF($B18=\"\",\"\",SUMIFS(Deviation_w_Addon_OpLimit!$F$24:$F$5000,Deviation_w_Addon_OpLimit!$B$24:$B$5000,Deviation_w_Addon_OpLimSummary!$B18,Deviation_w_Addon_OpLimit!$C$24:$C$5000,\"Deviation from Operating Limit\",Deviation_w_Addon_OpLimit!$G$24:$G$5000,\"Control Equipment Problems\"))","v":""},{"$f":"IF($B18=\"\",\"\",SUMIFS(Deviation_w_Addon_OpLimit!$F$24:$F$5000,Deviation_w_Addon_OpLimit!$B$24:$B$5000,Deviation_w_Addon_OpLimSummary!$B18,Deviation_w_Addon_OpLimit!$C$24:$C$5000,\"Deviation from Operating Limit\",Deviation_w_Addon_OpLimit!$G$24:$G$5000,\"Process Problems\"))","v":""},{"$f":"IF($B18=\"\",\"\",SUMIFS(Deviation_w_Addon_OpLimit!$F$24:$F$5000,Deviation_w_Addon_OpLimit!$B$24:$B$5000,Deviation_w_Addon_OpLimSummary!$B18,Deviation_w_Addon_OpLimit!$C$24:$C$5000,\"Deviation from Operating Limit\",Deviation_w_Addon_OpLimit!$G$24:$G$5000,\"Other Known Problems\"))","v":""},{"$f":"IF($B18=\"\",\"\",SUMIFS(Deviation_w_Addon_OpLimit!$F$24:$F$5000,Deviation_w_Addon_OpLimit!$B$24:$B$5000,Deviation_w_Addon_OpLimSummary!$B18,Deviation_w_Addon_OpLimit!$C$24:$C$5000,\"Deviation from Operating Limit\",Deviation_w_Addon_OpLimit!$G$24:$G$5000,\"Other Unknown Causes\"))","v":""}]
[null,null,null,null,null,"",{"$f":"IF($B19=\"\",\"\",SUMIFS(Deviation_w_Addon_OpLimit!$F$24:$F$5000,Deviation_w_Addon_OpLimit!$B$24:$B$5000,Deviation_w_Addon_OpLimSummary!$B19,Deviation_w_Addon_OpLimit!$C$24:$C$5000,\"Deviation from Operating Limit\",Deviation_w_Addon_OpLimit!$G$24:$G$5000,\"Control Equipment Problems\"))","v":""},{"$f":"IF($B19=\"\",\"\",SUMIFS(Deviation_w_Addon_OpLimit!$F$24:$F$5000,Deviation_w_Addon_OpLimit!$B$24:$B$5000,Deviation_w_Addon_OpLimSummary!$B19,Deviation_w_Addon_OpLimit!$C$24:$C$5000,\"Deviation from Operating Limit\",Deviation_w_Addon_OpLimit!$G$24:$G$5000,\"Process Problems\"))","v":""},{"$f":"IF($B19=\"\",\"\",SUMIFS(Deviation_w_Addon_OpLimit!$F$24:$F$5000,Deviation_w_Addon_OpLimit!$B$24:$B$5000,Deviation_w_Addon_OpLimSummary!$B19,Deviation_w_Addon_OpLimit!$C$24:$C$5000,\"Deviation from Operating Limit\",Deviation_w_Addon_OpLimit!$G$24:$G$5000,\"Other Known Problems\"))","v":""},{"$f":"IF($B19=\"\",\"\",SUMIFS(Deviation_w_Addon_OpLimit!$F$24:$F$5000,Deviation_w_Addon_OpLimit!$B$24:$B$5000,Deviation_w_Addon_OpLimSummary!$B19,Deviation_w_Addon_OpLimit!$C$24:$C$5000,\"Deviation from Operating Limit\",Deviation_w_Addon_OpLimit!$G$24:$G$5000,\"Other Unknown Causes\"))","v":""}]
[null,null,null,null,null,"",{"$f":"IF($B20=\"\",\"\",SUMIFS(Deviation_w_Addon_OpLimit!$F$24:$F$5000,Deviation_w_Addon_OpLimit!$B$24:$B$5000,Deviation_w_Addon_OpLimSummary!$B20,Deviation_w_Addon_OpLimit!$C$24:$C$5000,\"Deviation from Operating Limit\",Deviation_w_Addon_OpLimit!$G$24:$G$5000,\"Control Equipment Problems\"))","v":""},{"$f":"IF($B20=\"\",\"\",SUMIFS(Deviation_w_Addon_OpLimit!$F$24:$F$5000,Deviation_w_Addon_OpLimit!$B$24:$B$5000,Deviation_w_Addon_OpLimSummary!$B20,Deviation_w_Addon_OpLimit!$C$24:$C$5000,\"Deviation from Operating Limit\",Deviation_w_Addon_OpLimit!$G$24:$G$5000,\"Process Problems\"))","v":""},{"$f":"IF($B20=\"\",\"\",SUMIFS(Deviation_w_Addon_OpLimit!$F$24:$F$5000,Deviation_w_Addon_OpLimit!$B$24:$B$5000,Deviation_w_Addon_OpLimSummary!$B20,Deviation_w_Addon_OpLimit!$C$24:$C$5000,\"Deviation from Operating Limit\",Deviation_w_Addon_OpLimit!$G$24:$G$5000,\"Other Known Problems\"))","v":""},{"$f":"IF($B20=\"\",\"\",SUMIFS(Deviation_w_Addon_OpLimit!$F$24:$F$5000,Deviation_w_Addon_OpLimit!$B$24:$B$5000,Deviation_w_Addon_OpLimSummary!$B20,Deviation_w_Addon_OpLimit!$C$24:$C$5000,\"Deviation from Operating Limit\",Deviation_w_Addon_OpLimit!$G$24:$G$5000,\"Other Unknown Causes\"))","v":""}]
[null,null,null,null,null,"",{"$f":"IF($B21=\"\",\"\",SUMIFS(Deviation_w_Addon_OpLimit!$F$24:$F$5000,Deviation_w_Addon_OpLimit!$B$24:$B$5000,Deviation_w_Addon_OpLimSummary!$B21,Deviation_w_Addon_OpLimit!$C$24:$C$5000,\"Deviation from Operating Limit\",Deviation_w_Addon_OpLimit!$G$24:$G$5000,\"Control Equipment Problems\"))","v":""},{"$f":"IF($B21=\"\",\"\",SUMIFS(Deviation_w_Addon_OpLimit!$F$24:$F$5000,Deviation_w_Addon_OpLimit!$B$24:$B$5000,Deviation_w_Addon_OpLimSummary!$B21,Deviation_w_Addon_OpLimit!$C$24:$C$5000,\"Deviation from Operating Limit\",Deviation_w_Addon_OpLimit!$G$24:$G$5000,\"Process Problems\"))","v":""},{"$f":"IF($B21=\"\",\"\",SUMIFS(Deviation_w_Addon_OpLimit!$F$24:$F$5000,Deviation_w_Addon_OpLimit!$B$24:$B$5000,Deviation_w_Addon_OpLimSummary!$B21,Deviation_w_Addon_OpLimit!$C$24:$C$5000,\"Deviation from Operating Limit\",Deviation_w_Addon_OpLimit!$G$24:$G$5000,\"Other Known Problems\"))","v":""},{"$f":"IF($B21=\"\",\"\",SUMIFS(Deviation_w_Addon_OpLimit!$F$24:$F$5000,Deviation_w_Addon_OpLimit!$B$24:$B$5000,Deviation_w_Addon_OpLimSummary!$B21,Deviation_w_Addon_OpLimit!$C$24:$C$5000,\"Deviation from Operating Limit\",Deviation_w_Addon_OpLimit!$G$24:$G$5000,\"Other Unknown Causes\"))","v":""}]
[null,null,null,null,null,"",{"$f":"IF($B22=\"\",\"\",SUMIFS(Deviation_w_Addon_OpLimit!$F$24:$F$5000,Deviation_w_Addon_OpLimit!$B$24:$B$5000,Deviation_w_Addon_OpLimSummary!$B22,Deviation_w_Addon_OpLimit!$C$24:$C$5000,\"Deviation from Operating Limit\",Deviation_w_Addon_OpLimit!$G$24:$G$5000,\"Control Equipment Problems\"))","v":""},{"$f":"IF($B22=\"\",\"\",SUMIFS(Deviation_w_Addon_OpLimit!$F$24:$F$5000,Deviation_w_Addon_OpLimit!$B$24:$B$5000,Deviation_w_Addon_OpLimSummary!$B22,Deviation_w_Addon_OpLimit!$C$24:$C$5000,\"Deviation from Operating Limit\",Deviation_w_Addon_OpLimit!$G$24:$G$5000,\"Process Problems\"))","v":""},{"$f":"IF($B22=\"\",\"\",SUMIFS(Deviation_w_Addon_OpLimit!$F$24:$F$5000,Deviation_w_Addon_OpLimit!$B$24:$B$5000,Deviation_w_Addon_OpLimSummary!$B22,Deviation_w_Addon_OpLimit!$C$24:$C$5000,\"Deviation from Operating Limit\",Deviation_w_Addon_OpLimit!$G$24:$G$5000,\"Other Known Problems\"))","v":""},{"$f":"IF($B22=\"\",\"\",SUMIFS(Deviation_w_Addon_OpLimit!$F$24:$F$5000,Deviation_w_Addon_OpLimit!$B$24:$B$5000,Deviation_w_Addon_OpLimSummary!$B22,Deviation_w_Addon_OpLimit!$C$24:$C$5000,\"Deviation from Operating Limit\",Deviation_w_Addon_OpLimit!$G$24:$G$5000,\"Other Unknown Causes\"))","v":""}]
[null,null,null,null,null,"",{"$f":"IF($B23=\"\",\"\",SUMIFS(Deviation_w_Addon_OpLimit!$F$24:$F$5000,Deviation_w_Addon_OpLimit!$B$24:$B$5000,Deviation_w_Addon_OpLimSummary!$B23,Deviation_w_Addon_OpLimit!$C$24:$C$5000,\"Deviation from Operating Limit\",Deviation_w_Addon_OpLimit!$G$24:$G$5000,\"Control Equipment Problems\"))","v":""},{"$f":"IF($B23=\"\",\"\",SUMIFS(Deviation_w_Addon_OpLimit!$F$24:$F$5000,Deviation_w_Addon_OpLimit!$B$24:$B$5000,Deviation_w_Addon_OpLimSummary!$B23,Deviation_w_Addon_OpLimit!$C$24:$C$5000,\"Deviation from Operating Limit\",Deviation_w_Addon_OpLimit!$G$24:$G$5000,\"Process Problems\"))","v":""},{"$f":"IF($B23=\"\",\"\",SUMIFS(Deviation_w_Addon_OpLimit!$F$24:$F$5000,Deviation_w_Addon_OpLimit!$B$24:$B$5000,Deviation_w_Addon_OpLimSummary!$B23,Deviation_w_Addon_OpLimit!$C$24:$C$5000,\"Deviation from Operating Limit\",Deviation_w_Addon_OpLimit!$G$24:$G$5000,\"Other Known Problems\"))","v":""},{"$f":"IF($B23=\"\",\"\",SUMIFS(Deviation_w_Addon_OpLimit!$F$24:$F$5000,Deviation_w_Addon_OpLimit!$B$24:$B$5000,Deviation_w_Addon_OpLimSummary!$B23,Deviation_w_Addon_OpLimit!$C$24:$C$5000,\"Deviation from Operating Limit\",Deviation_w_Addon_OpLimit!$G$24:$G$5000,\"Other Unknown Causes\"))","v":""}]
[null,null,null,null,{"$f":"IF($B24=\"\",\"\",SUM(G24:J24))","v":""},{"$f":"IF($B24=\"\",\"\",IF(E24=0,\"N/A\",E24/$D24))","v":""},{"$f":"IF($B24=\"\",\"\",SUMIFS(Deviation_w_Addon_OpLimit!$F$24:$F$5000,Deviation_w_Addon_OpLimit!$A$24:$A$5000,Deviation_w_Addon_OpLimSummary!$A24,Deviation_w_Addon_OpLimit!$B$24:$B$5000,Deviation_w_Addon_OpLimSummary!$B24,Deviation_w_Addon_OpLimit!$C$24:$C$5000,C24,Deviation_w_Addon_OpLimit!$G$24:$G$5000,\"Control Equipment Problems\"))","v":""},{"$f":"IF($B24=\"\",\"\",SUMIFS(Deviation_w_Addon_OpLimit!$F$24:$F$5000,Deviation_w_Addon_OpLimit!$A$24:$A$5000,Deviation_w_Addon_OpLimSummary!$A24,Deviation_w_Addon_OpLimit!$B$24:$B$5000,Deviation_w_Addon_OpLimSummary!$B24,Deviation_w_Addon_OpLimit!$C$24:$C$5000,C24,Deviation_w_Addon_OpLimit!$G$24:$G$5000,\"Process Problems\"))","v":""},{"$f":"IF($B24=\"\",\"\",SUMIFS(Deviation_w_Addon_OpLimit!$F$24:$F$5000,Deviation_w_Addon_OpLimit!$A$24:$A$5000,Deviation_w_Addon_OpLimSummary!$A24,Deviation_w_Addon_OpLimit!$B$24:$B$5000,Deviation_w_Addon_OpLimSummary!$B24,Deviation_w_Addon_OpLimit!$C$24:$C$5000,C24,Deviation_w_Addon_OpLimit!$G$24:$G$5000,\"Other Known Problems\"))","v":""},{"$f":"IF($B24=\"\",\"\",SUMIFS(Deviation_w_Addon_OpLimit!$F$24:$F$5000,Deviation_w_Addon_OpLimit!$A$24:$A$5000,Deviation_w_Addon_OpLimSummary!$A24,Deviation_w_Addon_OpLimit!$B$24:$B$5000,Deviation_w_Addon_OpLimSummary!$B24,Deviation_w_Addon_OpLimit!$C$24:$C$5000,C24,Deviation_w_Addon_OpLimit!$G$24:$G$5000,\"Other Unknown Causes\"))","v":""}]
[null,null,null,null,{"$f":"IF($B25=\"\",\"\",SUM(G25:J25))","v":""},{"$f":"IF($B25=\"\",\"\",IF(E25=0,\"N/A\",E25/$D25))","v":""},{"$f":"IF($B25=\"\",\"\",SUMIFS(Deviation_w_Addon_OpLimit!$F$24:$F$5000,Deviation_w_Addon_OpLimit!$A$24:$A$5000,Deviation_w_Addon_OpLimSummary!$A25,Deviation_w_Addon_OpLimit!$B$24:$B$5000,Deviation_w_Addon_OpLimSummary!$B25,Deviation_w_Addon_OpLimit!$C$24:$C$5000,C25,Deviation_w_Addon_OpLimit!$G$24:$G$5000,\"Control Equipment Problems\"))","v":""},{"$f":"IF($B25=\"\",\"\",SUMIFS(Deviation_w_Addon_OpLimit!$F$24:$F$5000,Deviation_w_Addon_OpLimit!$A$24:$A$5000,Deviation_w_Addon_OpLimSummary!$A25,Deviation_w_Addon_OpLimit!$B$24:$B$5000,Deviation_w_Addon_OpLimSummary!$B25,Deviation_w_Addon_OpLimit!$C$24:$C$5000,C25,Deviation_w_Addon_OpLimit!$G$24:$G$5000,\"Process Problems\"))","v":""},{"$f":"IF($B25=\"\",\"\",SUMIFS(Deviation_w_Addon_OpLimit!$F$24:$F$5000,Deviation_w_Addon_OpLimit!$A$24:$A$5000,Deviation_w_Addon_OpLimSummary!$A25,Deviation_w_Addon_OpLimit!$B$24:$B$5000,Deviation_w_Addon_OpLimSummary!$B25,Deviation_w_Addon_OpLimit!$C$24:$C$5000,C25,Deviation_w_Addon_OpLimit!$G$24:$G$5000,\"Other Known Problems\"))","v":""},{"$f":"IF($B25=\"\",\"\",SUMIFS(Deviation_w_Addon_OpLimit!$F$24:$F$5000,Deviation_w_Addon_OpLimit!$A$24:$A$5000,Deviation_w_Addon_OpLimSummary!$A25,Deviation_w_Addon_OpLimit!$B$24:$B$5000,Deviation_w_Addon_OpLimSummary!$B25,Deviation_w_Addon_OpLimit!$C$24:$C$5000,C25,Deviation_w_Addon_OpLimit!$G$24:$G$5000,\"Other Unknown Causes\"))","v":""}]
[null,null,null,null,"","",{"$f":"IF($B26=\"\",\"\",SUMIFS(Deviation_w_Addon_OpLimit!$F$24:$F$5000,Deviation_w_Addon_OpLimit!$A$24:$A$5000,Deviation_w_Addon_OpLimSummary!$A26,Deviation_w_Addon_OpLimit!$B$24:$B$5000,Deviation_w_Addon_OpLimSummary!$B26,Deviation_w_Addon_OpLimit!$C$24:$C$5000,C26,Deviation_w_Addon_OpLimit!$G$24:$G$5000,\"Control Equipment Problems\"))","v":""},{"$f":"IF($B26=\"\",\"\",SUMIFS(Deviation_w_Addon_OpLimit!$F$24:$F$5000,Deviation_w_Addon_OpLimit!$A$24:$A$5000,Deviation_w_Addon_OpLimSummary!$A26,Deviation_w_Addon_OpLimit!$B$24:$B$5000,Deviation_w_Addon_OpLimSummary!$B26,Deviation_w_Addon_OpLimit!$C$24:$C$5000,C26,Deviation_w_Addon_OpLimit!$G$24:$G$5000,\"Process Problems\"))","v":""},{"$f":"IF($B26=\"\",\"\",SUMIFS(Deviation_w_Addon_OpLimit!$F$24:$F$5000,Deviation_w_Addon_OpLimit!$A$24:$A$5000,Deviation_w_Addon_OpLimSummary!$A26,Deviation_w_Addon_OpLimit!$B$24:$B$5000,Deviation_w_Addon_OpLimSummary!$B26,Deviation_w_Addon_OpLimit!$C$24:$C$5000,C26,Deviation_w_Addon_OpLimit!$G$24:$G$5000,\"Other Known Problems\"))","v":""},{"$f":"IF($B26=\"\",\"\",SUMIFS(Deviation_w_Addon_OpLimit!$F$24:$F$5000,Deviation_w_Addon_OpLimit!$A$24:$A$5000,Deviation_w_Addon_OpLimSummary!$A26,Deviation_w_Addon_OpLimit!$B$24:$B$5000,Deviation_w_Addon_OpLimSummary!$B26,Deviation_w_Addon_OpLimit!$C$24:$C$5000,C26,Deviation_w_Addon_OpLimit!$G$24:$G$5000,\"Other Unknown Causes\"))","v":""}]
[null,null,null,null,"","",{"$f":"IF($B27=\"\",\"\",SUMIFS(Deviation_w_Addon_OpLimit!$F$24:$F$5000,Deviation_w_Addon_OpLimit!$A$24:$A$5000,Deviation_w_Addon_OpLimSummary!$A27,Deviation_w_Addon_OpLimit!$B$24:$B$5000,Deviation_w_Addon_OpLimSummary!$B27,Deviation_w_Addon_OpLimit!$C$24:$C$5000,C27,Deviation_w_Addon_OpLimit!$G$24:$G$5000,\"Control Equipment Problems\"))","v":""},{"$f":"IF($B27=\"\",\"\",SUMIFS(Deviation_w_Addon_OpLimit!$F$24:$F$5000,Deviation_w_Addon_OpLimit!$A$24:$A$5000,Deviation_w_Addon_OpLimSummary!$A27,Deviation_w_Addon_OpLimit!$B$24:$B$5000,Deviation_w_Addon_OpLimSummary!$B27,Deviation_w_Addon_OpLimit!$C$24:$C$5000,C27,Deviation_w_Addon_OpLimit!$G$24:$G$5000,\"Process Problems\"))","v":""},{"$f":"IF($B27=\"\",\"\",SUMIFS(Deviation_w_Addon_OpLimit!$F$24:$F$5000,Deviation_w_Addon_OpLimit!$A$24:$A$5000,Deviation_w_Addon_OpLimSummary!$A27,Deviation_w_Addon_OpLimit!$B$24:$B$5000,Deviation_w_Addon_OpLimSummary!$B27,Deviation_w_Addon_OpLimit!$C$24:$C$5000,C27,Deviation_w_Addon_OpLimit!$G$24:$G$5000,\"Other Known Problems\"))","v":""},{"$f":"IF($B27=\"\",\"\",SUMIFS(Deviation_w_Addon_OpLimit!$F$24:$F$5000,Deviation_w_Addon_OpLimit!$A$24:$A$5000,Deviation_w_Addon_OpLimSummary!$A27,Deviation_w_Addon_OpLimit!$B$24:$B$5000,Deviation_w_Addon_OpLimSummary!$B27,Deviation_w_Addon_OpLimit!$C$24:$C$5000,C27,Deviation_w_Addon_OpLimit!$G$24:$G$5000,\"Other Unknown Causes\"))","v":""}]
[null,null,null,null,"","",{"$f":"IF($B28=\"\",\"\",SUMIFS(Deviation_w_Addon_OpLimit!$F$24:$F$5000,Deviation_w_Addon_OpLimit!$A$24:$A$5000,Deviation_w_Addon_OpLimSummary!$A28,Deviation_w_Addon_OpLimit!$B$24:$B$5000,Deviation_w_Addon_OpLimSummary!$B28,Deviation_w_Addon_OpLimit!$C$24:$C$5000,C28,Deviation_w_Addon_OpLimit!$G$24:$G$5000,\"Control Equipment Problems\"))","v":""},{"$f":"IF($B28=\"\",\"\",SUMIFS(Deviation_w_Addon_OpLimit!$F$24:$F$5000,Deviation_w_Addon_OpLimit!$A$24:$A$5000,Deviation_w_Addon_OpLimSummary!$A28,Deviation_w_Addon_OpLimit!$B$24:$B$5000,Deviation_w_Addon_OpLimSummary!$B28,Deviation_w_Addon_OpLimit!$C$24:$C$5000,C28,Deviation_w_Addon_OpLimit!$G$24:$G$5000,\"Process Problems\"))","v":""},{"$f":"IF($B28=\"\",\"\",SUMIFS(Deviation_w_Addon_OpLimit!$F$24:$F$5000,Deviation_w_Addon_OpLimit!$A$24:$A$5000,Deviation_w_Addon_OpLimSummary!$A28,Deviation_w_Addon_OpLimit!$B$24:$B$5000,Deviation_w_Addon_OpLimSummary!$B28,Deviation_w_Addon_OpLimit!$C$24:$C$5000,C28,Deviation_w_Addon_OpLimit!$G$24:$G$5000,\"Other Known Problems\"))","v":""},{"$f":"IF($B28=\"\",\"\",SUMIFS(Deviation_w_Addon_OpLimit!$F$24:$F$5000,Deviation_w_Addon_OpLimit!$A$24:$A$5000,Deviation_w_Addon_OpLimSummary!$A28,Deviation_w_Addon_OpLimit!$B$24:$B$5000,Deviation_w_Addon_OpLimSummary!$B28,Deviation_w_Addon_OpLimit!$C$24:$C$5000,C28,Deviation_w_Addon_OpLimit!$G$24:$G$5000,\"Other Unknown Causes\"))","v":""}]
[null,null,null,null,"","",{"$f":"IF($B29=\"\",\"\",SUMIFS(Deviation_w_Addon_OpLimit!$F$24:$F$5000,Deviation_w_Addon_OpLimit!$A$24:$A$5000,Deviation_w_Addon_OpLimSummary!$A29,Deviation_w_Addon_OpLimit!$B$24:$B$5000,Deviation_w_Addon_OpLimSummary!$B29,Deviation_w_Addon_OpLimit!$C$24:$C$5000,C29,Deviation_w_Addon_OpLimit!$G$24:$G$5000,\"Control Equipment Problems\"))","v":""},{"$f":"IF($B29=\"\",\"\",SUMIFS(Deviation_w_Addon_OpLimit!$F$24:$F$5000,Deviation_w_Addon_OpLimit!$A$24:$A$5000,Deviation_w_Addon_OpLimSummary!$A29,Deviation_w_Addon_OpLimit!$B$24:$B$5000,Deviation_w_Addon_OpLimSummary!$B29,Deviation_w_Addon_OpLimit!$C$24:$C$5000,C29,Deviation_w_Addon_OpLimit!$G$24:$G$5000,\"Process Problems\"))","v":""},{"$f":"IF($B29=\"\",\"\",SUMIFS(Deviation_w_Addon_OpLimit!$F$24:$F$5000,Deviation_w_Addon_OpLimit!$A$24:$A$5000,Deviation_w_Addon_OpLimSummary!$A29,Deviation_w_Addon_OpLimit!$B$24:$B$5000,Deviation_w_Addon_OpLimSummary!$B29,Deviation_w_Addon_OpLimit!$C$24:$C$5000,C29,Deviation_w_Addon_OpLimit!$G$24:$G$5000,\"Other Known Problems\"))","v":""},{"$f":"IF($B29=\"\",\"\",SUMIFS(Deviation_w_Addon_OpLimit!$F$24:$F$5000,Deviation_w_Addon_OpLimit!$A$24:$A$5000,Deviation_w_Addon_OpLimSummary!$A29,Deviation_w_Addon_OpLimit!$B$24:$B$5000,Deviation_w_Addon_OpLimSummary!$B29,Deviation_w_Addon_OpLimit!$C$24:$C$5000,C29,Deviation_w_Addon_OpLimit!$G$24:$G$5000,\"Other Unknown Causes\"))","v":""}]
[null,null,null,null,"","",{"$f":"IF($B30=\"\",\"\",SUMIFS(Deviation_w_Addon_OpLimit!$F$24:$F$5000,Deviation_w_Addon_OpLimit!$A$24:$A$5000,Deviation_w_Addon_OpLimSummary!$A30,Deviation_w_Addon_OpLimit!$B$24:$B$5000,Deviation_w_Addon_OpLimSummary!$B30,Deviation_w_Addon_OpLimit!$C$24:$C$5000,C30,Deviation_w_Addon_OpLimit!$G$24:$G$5000,\"Control Equipment Problems\"))","v":""},{"$f":"IF($B30=\"\",\"\",SUMIFS(Deviation_w_Addon_OpLimit!$F$24:$F$5000,Deviation_w_Addon_OpLimit!$A$24:$A$5000,Deviation_w_Addon_OpLimSummary!$A30,Deviation_w_Addon_OpLimit!$B$24:$B$5000,Deviation_w_Addon_OpLimSummary!$B30,Deviation_w_Addon_OpLimit!$C$24:$C$5000,C30,Deviation_w_Addon_OpLimit!$G$24:$G$5000,\"Process Problems\"))","v":""},{"$f":"IF($B30=\"\",\"\",SUMIFS(Deviation_w_Addon_OpLimit!$F$24:$F$5000,Deviation_w_Addon_OpLimit!$A$24:$A$5000,Deviation_w_Addon_OpLimSummary!$A30,Deviation_w_Addon_OpLimit!$B$24:$B$5000,Deviation_w_Addon_OpLimSummary!$B30,Deviation_w_Addon_OpLimit!$C$24:$C$5000,C30,Deviation_w_Addon_OpLimit!$G$24:$G$5000,\"Other Known Problems\"))","v":""},{"$f":"IF($B30=\"\",\"\",SUMIFS(Deviation_w_Addon_OpLimit!$F$24:$F$5000,Deviation_w_Addon_OpLimit!$A$24:$A$5000,Deviation_w_Addon_OpLimSummary!$A30,Deviation_w_Addon_OpLimit!$B$24:$B$5000,Deviation_w_Addon_OpLimSummary!$B30,Deviation_w_Addon_OpLimit!$C$24:$C$5000,C30,Deviation_w_Addon_OpLimit!$G$24:$G$5000,\"Other Unknown Causes\"))","v":""}]
[null,null,null,null,"","",{"$f":"IF($B31=\"\",\"\",SUMIFS(Deviation_w_Addon_OpLimit!$F$24:$F$5000,Deviation_w_Addon_OpLimit!$A$24:$A$5000,Deviation_w_Addon_OpLimSummary!$A31,Deviation_w_Addon_OpLimit!$B$24:$B$5000,Deviation_w_Addon_OpLimSummary!$B31,Deviation_w_Addon_OpLimit!$C$24:$C$5000,C31,Deviation_w_Addon_OpLimit!$G$24:$G$5000,\"Control Equipment Problems\"))","v":""},{"$f":"IF($B31=\"\",\"\",SUMIFS(Deviation_w_Addon_OpLimit!$F$24:$F$5000,Deviation_w_Addon_OpLimit!$A$24:$A$5000,Deviation_w_Addon_OpLimSummary!$A31,Deviation_w_Addon_OpLimit!$B$24:$B$5000,Deviation_w_Addon_OpLimSummary!$B31,Deviation_w_Addon_OpLimit!$C$24:$C$5000,C31,Deviation_w_Addon_OpLimit!$G$24:$G$5000,\"Process Problems\"))","v":""},{"$f":"IF($B31=\"\",\"\",SUMIFS(Deviation_w_Addon_OpLimit!$F$24:$F$5000,Deviation_w_Addon_OpLimit!$A$24:$A$5000,Deviation_w_Addon_OpLimSummary!$A31,Deviation_w_Addon_OpLimit!$B$24:$B$5000,Deviation_w_Addon_OpLimSummary!$B31,Deviation_w_Addon_OpLimit!$C$24:$C$5000,C31,Deviation_w_Addon_OpLimit!$G$24:$G$5000,\"Other Known Problems\"))","v":""},{"$f":"IF($B31=\"\",\"\",SUMIFS(Deviation_w_Addon_OpLimit!$F$24:$F$5000,Deviation_w_Addon_OpLimit!$A$24:$A$5000,Deviation_w_Addon_OpLimSummary!$A31,Deviation_w_Addon_OpLimit!$B$24:$B$5000,Deviation_w_Addon_OpLimSummary!$B31,Deviation_w_Addon_OpLimit!$C$24:$C$5000,C31,Deviation_w_Addon_OpLimit!$G$24:$G$5000,\"Other Unknown Causes\"))","v":""}]
[null,null,null,null,"","",{"$f":"IF($B32=\"\",\"\",SUMIFS(Deviation_w_Addon_OpLimit!$F$24:$F$5000,Deviation_w_Addon_OpLimit!$A$24:$A$5000,Deviation_w_Addon_OpLimSummary!$A32,Deviation_w_Addon_OpLimit!$B$24:$B$5000,Deviation_w_Addon_OpLimSummary!$B32,Deviation_w_Addon_OpLimit!$C$24:$C$5000,C32,Deviation_w_Addon_OpLimit!$G$24:$G$5000,\"Control Equipment Problems\"))","v":""},{"$f":"IF($B32=\"\",\"\",SUMIFS(Deviation_w_Addon_OpLimit!$F$24:$F$5000,Deviation_w_Addon_OpLimit!$A$24:$A$5000,Deviation_w_Addon_OpLimSummary!$A32,Deviation_w_Addon_OpLimit!$B$24:$B$5000,Deviation_w_Addon_OpLimSummary!$B32,Deviation_w_Addon_OpLimit!$C$24:$C$5000,C32,Deviation_w_Addon_OpLimit!$G$24:$G$5000,\"Process Problems\"))","v":""},{"$f":"IF($B32=\"\",\"\",SUMIFS(Deviation_w_Addon_OpLimit!$F$24:$F$5000,Deviation_w_Addon_OpLimit!$A$24:$A$5000,Deviation_w_Addon_OpLimSummary!$A32,Deviation_w_Addon_OpLimit!$B$24:$B$5000,Deviation_w_Addon_OpLimSummary!$B32,Deviation_w_Addon_OpLimit!$C$24:$C$5000,C32,Deviation_w_Addon_OpLimit!$G$24:$G$5000,\"Other Known Problems\"))","v":""},{"$f":"IF($B32=\"\",\"\",SUMIFS(Deviation_w_Addon_OpLimit!$F$24:$F$5000,Deviation_w_Addon_OpLimit!$A$24:$A$5000,Deviation_w_Addon_OpLimSummary!$A32,Deviation_w_Addon_OpLimit!$B$24:$B$5000,Deviation_w_Addon_OpLimSummary!$B32,Deviation_w_Addon_OpLimit!$C$24:$C$5000,C32,Deviation_w_Addon_OpLimit!$G$24:$G$5000,\"Other Unknown Causes\"))","v":""}]
[null,null,null,null,"","",{"$f":"IF($B33=\"\",\"\",SUMIFS(Deviation_w_Addon_OpLimit!$F$24:$F$5000,Deviation_w_Addon_OpLimit!$A$24:$A$5000,Deviation_w_Addon_OpLimSummary!$A33,Deviation_w_Addon_OpLimit!$B$24:$B$5000,Deviation_w_Addon_OpLimSummary!$B33,Deviation_w_Addon_OpLimit!$C$24:$C$5000,C33,Deviation_w_Addon_OpLimit!$G$24:$G$5000,\"Control Equipment Problems\"))","v":""},{"$f":"IF($B33=\"\",\"\",SUMIFS(Deviation_w_Addon_OpLimit!$F$24:$F$5000,Deviation_w_Addon_OpLimit!$A$24:$A$5000,Deviation_w_Addon_OpLimSummary!$A33,Deviation_w_Addon_OpLimit!$B$24:$B$5000,Deviation_w_Addon_OpLimSummary!$B33,Deviation_w_Addon_OpLimit!$C$24:$C$5000,C33,Deviation_w_Addon_OpLimit!$G$24:$G$5000,\"Process Problems\"))","v":""},{"$f":"IF($B33=\"\",\"\",SUMIFS(Deviation_w_Addon_OpLimit!$F$24:$F$5000,Deviation_w_Addon_OpLimit!$A$24:$A$5000,Deviation_w_Addon_OpLimSummary!$A33,Deviation_w_Addon_OpLimit!$B$24:$B$5000,Deviation_w_Addon_OpLimSummary!$B33,Deviation_w_Addon_OpLimit!$C$24:$C$5000,C33,Deviation_w_Addon_OpLimit!$G$24:$G$5000,\"Other Known Problems\"))","v":""},{"$f":"IF($B33=\"\",\"\",SUMIFS(Deviation_w_Addon_OpLimit!$F$24:$F$5000,Deviation_w_Addon_OpLimit!$A$24:$A$5000,Deviation_w_Addon_OpLimSummary!$A33,Deviation_w_Addon_OpLimit!$B$24:$B$5000,Deviation_w_Addon_OpLimSummary!$B33,Deviation_w_Addon_OpLimit!$C$24:$C$5000,C33,Deviation_w_Addon_OpLimit!$G$24:$G$5000,\"Other Unknown Causes\"))","v":""}]
[null,null,null,null,"","",{"$f":"IF($B34=\"\",\"\",SUMIFS(Deviation_w_Addon_OpLimit!$F$24:$F$5000,Deviation_w_Addon_OpLimit!$A$24:$A$5000,Deviation_w_Addon_OpLimSummary!$A34,Deviation_w_Addon_OpLimit!$B$24:$B$5000,Deviation_w_Addon_OpLimSummary!$B34,Deviation_w_Addon_OpLimit!$C$24:$C$5000,C34,Deviation_w_Addon_OpLimit!$G$24:$G$5000,\"Control Equipment Problems\"))","v":""},{"$f":"IF($B34=\"\",\"\",SUMIFS(Deviation_w_Addon_OpLimit!$F$24:$F$5000,Deviation_w_Addon_OpLimit!$A$24:$A$5000,Deviation_w_Addon_OpLimSummary!$A34,Deviation_w_Addon_OpLimit!$B$24:$B$5000,Deviation_w_Addon_OpLimSummary!$B34,Deviation_w_Addon_OpLimit!$C$24:$C$5000,C34,Deviation_w_Addon_OpLimit!$G$24:$G$5000,\"Process Problems\"))","v":""},{"$f":"IF($B34=\"\",\"\",SUMIFS(Deviation_w_Addon_OpLimit!$F$24:$F$5000,Deviation_w_Addon_OpLimit!$A$24:$A$5000,Deviation_w_Addon_OpLimSummary!$A34,Deviation_w_Addon_OpLimit!$B$24:$B$5000,Deviation_w_Addon_OpLimSummary!$B34,Deviation_w_Addon_OpLimit!$C$24:$C$5000,C34,Deviation_w_Addon_OpLimit!$G$24:$G$5000,\"Other Known Problems\"))","v":""},{"$f":"IF($B34=\"\",\"\",SUMIFS(Deviation_w_Addon_OpLimit!$F$24:$F$5000,Deviation_w_Addon_OpLimit!$A$24:$A$5000,Deviation_w_Addon_OpLimSummary!$A34,Deviation_w_Addon_OpLimit!$B$24:$B$5000,Deviation_w_Addon_OpLimSummary!$B34,Deviation_w_Addon_OpLimit!$C$24:$C$5000,C34,Deviation_w_Addon_OpLimit!$G$24:$G$5000,\"Other Unknown Causes\"))","v":""}]
[null,null,null,null,"","",{"$f":"IF($B35=\"\",\"\",SUMIFS(Deviation_w_Addon_OpLimit!$F$24:$F$5000,Deviation_w_Addon_OpLimit!$A$24:$A$5000,Deviation_w_Addon_OpLimSummary!$A35,Deviation_w_Addon_OpLimit!$B$24:$B$5000,Deviation_w_Addon_OpLimSummary!$B35,Deviation_w_Addon_OpLimit!$C$24:$C$5000,C35,Deviation_w_Addon_OpLimit!$G$24:$G$5000,\"Control Equipment Problems\"))","v":""},{"$f":"IF($B35=\"\",\"\",SUMIFS(Deviation_w_Addon_OpLimit!$F$24:$F$5000,Deviation_w_Addon_OpLimit!$A$24:$A$5000,Deviation_w_Addon_OpLimSummary!$A35,Deviation_w_Addon_OpLimit!$B$24:$B$5000,Deviation_w_Addon_OpLimSummary!$B35,Deviation_w_Addon_OpLimit!$C$24:$C$5000,C35,Deviation_w_Addon_OpLimit!$G$24:$G$5000,\"Process Problems\"))","v":""},{"$f":"IF($B35=\"\",\"\",SUMIFS(Deviation_w_Addon_OpLimit!$F$24:$F$5000,Deviation_w_Addon_OpLimit!$A$24:$A$5000,Deviation_w_Addon_OpLimSummary!$A35,Deviation_w_Addon_OpLimit!$B$24:$B$5000,Deviation_w_Addon_OpLimSummary!$B35,Deviation_w_Addon_OpLimit!$C$24:$C$5000,C35,Deviation_w_Addon_OpLimit!$G$24:$G$5000,\"Other Known Problems\"))","v":""},{"$f":"IF($B35=\"\",\"\",SUMIFS(Deviation_w_Addon_OpLimit!$F$24:$F$5000,Deviation_w_Addon_OpLimit!$A$24:$A$5000,Deviation_w_Addon_OpLimSummary!$A35,Deviation_w_Addon_OpLimit!$B$24:$B$5000,Deviation_w_Addon_OpLimSummary!$B35,Deviation_w_Addon_OpLimit!$C$24:$C$5000,C35,Deviation_w_Addon_OpLimit!$G$24:$G$5000,\"Other Unknown Causes\"))","v":""}]
[null,null,null,null,"","",{"$f":"IF($B36=\"\",\"\",SUMIFS(Deviation_w_Addon_OpLimit!$F$24:$F$5000,Deviation_w_Addon_OpLimit!$A$24:$A$5000,Deviation_w_Addon_OpLimSummary!$A36,Deviation_w_Addon_OpLimit!$B$24:$B$5000,Deviation_w_Addon_OpLimSummary!$B36,Deviation_w_Addon_OpLimit!$C$24:$C$5000,C36,Deviation_w_Addon_OpLimit!$G$24:$G$5000,\"Control Equipment Problems\"))","v":""},{"$f":"IF($B36=\"\",\"\",SUMIFS(Deviation_w_Addon_OpLimit!$F$24:$F$5000,Deviation_w_Addon_OpLimit!$A$24:$A$5000,Deviation_w_Addon_OpLimSummary!$A36,Deviation_w_Addon_OpLimit!$B$24:$B$5000,Deviation_w_Addon_OpLimSummary!$B36,Deviation_w_Addon_OpLimit!$C$24:$C$5000,C36,Deviation_w_Addon_OpLimit!$G$24:$G$5000,\"Process Problems\"))","v":""},{"$f":"IF($B36=\"\",\"\",SUMIFS(Deviation_w_Addon_OpLimit!$F$24:$F$5000,Deviation_w_Addon_OpLimit!$A$24:$A$5000,Deviation_w_Addon_OpLimSummary!$A36,Deviation_w_Addon_OpLimit!$B$24:$B$5000,Deviation_w_Addon_OpLimSummary!$B36,Deviation_w_Addon_OpLimit!$C$24:$C$5000,C36,Deviation_w_Addon_OpLimit!$G$24:$G$5000,\"Other Known Problems\"))","v":""},{"$f":"IF($B36=\"\",\"\",SUMIFS(Deviation_w_Addon_OpLimit!$F$24:$F$5000,Deviation_w_Addon_OpLimit!$A$24:$A$5000,Deviation_w_Addon_OpLimSummary!$A36,Deviation_w_Addon_OpLimit!$B$24:$B$5000,Deviation_w_Addon_OpLimSummary!$B36,Deviation_w_Addon_OpLimit!$C$24:$C$5000,C36,Deviation_w_Addon_OpLimit!$G$24:$G$5000,\"Other Unknown Causes\"))","v":""}]
[null,null,null,null,"","",{"$f":"IF($B37=\"\",\"\",SUMIFS(Deviation_w_Addon_OpLimit!$F$24:$F$5000,Deviation_w_Addon_OpLimit!$A$24:$A$5000,Deviation_w_Addon_OpLimSummary!$A37,Deviation_w_Addon_OpLimit!$B$24:$B$5000,Deviation_w_Addon_OpLimSummary!$B37,Deviation_w_Addon_OpLimit!$C$24:$C$5000,C37,Deviation_w_Addon_OpLimit!$G$24:$G$5000,\"Control Equipment Problems\"))","v":""},{"$f":"IF($B37=\"\",\"\",SUMIFS(Deviation_w_Addon_OpLimit!$F$24:$F$5000,Deviation_w_Addon_OpLimit!$A$24:$A$5000,Deviation_w_Addon_OpLimSummary!$A37,Deviation_w_Addon_OpLimit!$B$24:$B$5000,Deviation_w_Addon_OpLimSummary!$B37,Deviation_w_Addon_OpLimit!$C$24:$C$5000,C37,Deviation_w_Addon_OpLimit!$G$24:$G$5000,\"Process Problems\"))","v":""},{"$f":"IF($B37=\"\",\"\",SUMIFS(Deviation_w_Addon_OpLimit!$F$24:$F$5000,Deviation_w_Addon_OpLimit!$A$24:$A$5000,Deviation_w_Addon_OpLimSummary!$A37,Deviation_w_Addon_OpLimit!$B$24:$B$5000,Deviation_w_Addon_OpLimSummary!$B37,Deviation_w_Addon_OpLimit!$C$24:$C$5000,C37,Deviation_w_Addon_OpLimit!$G$24:$G$5000,\"Other Known Problems\"))","v":""},{"$f":"IF($B37=\"\",\"\",SUMIFS(Deviation_w_Addon_OpLimit!$F$24:$F$5000,Deviation_w_Addon_OpLimit!$A$24:$A$5000,Deviation_w_Addon_OpLimSummary!$A37,Deviation_w_Addon_OpLimit!$B$24:$B$5000,Deviation_w_Addon_OpLimSummary!$B37,Deviation_w_Addon_OpLimit!$C$24:$C$5000,C37,Deviation_w_Addon_OpLimit!$G$24:$G$5000,\"Other Unknown Causes\"))","v":""}]
[null,null,null,null,"","",{"$f":"IF($B38=\"\",\"\",SUMIFS(Deviation_w_Addon_OpLimit!$F$24:$F$5000,Deviation_w_Addon_OpLimit!$A$24:$A$5000,Deviation_w_Addon_OpLimSummary!$A38,Deviation_w_Addon_OpLimit!$B$24:$B$5000,Deviation_w_Addon_OpLimSummary!$B38,Deviation_w_Addon_OpLimit!$C$24:$C$5000,C38,Deviation_w_Addon_OpLimit!$G$24:$G$5000,\"Control Equipment Problems\"))","v":""},{"$f":"IF($B38=\"\",\"\",SUMIFS(Deviation_w_Addon_OpLimit!$F$24:$F$5000,Deviation_w_Addon_OpLimit!$A$24:$A$5000,Deviation_w_Addon_OpLimSummary!$A38,Deviation_w_Addon_OpLimit!$B$24:$B$5000,Deviation_w_Addon_OpLimSummary!$B38,Deviation_w_Addon_OpLimit!$C$24:$C$5000,C38,Deviation_w_Addon_OpLimit!$G$24:$G$5000,\"Process Problems\"))","v":""},{"$f":"IF($B38=\"\",\"\",SUMIFS(Deviation_w_Addon_OpLimit!$F$24:$F$5000,Deviation_w_Addon_OpLimit!$A$24:$A$5000,Deviation_w_Addon_OpLimSummary!$A38,Deviation_w_Addon_OpLimit!$B$24:$B$5000,Deviation_w_Addon_OpLimSummary!$B38,Deviation_w_Addon_OpLimit!$C$24:$C$5000,C38,Deviation_w_Addon_OpLimit!$G$24:$G$5000,\"Other Known Problems\"))","v":""},{"$f":"IF($B38=\"\",\"\",SUMIFS(Deviation_w_Addon_OpLimit!$F$24:$F$5000,Deviation_w_Addon_OpLimit!$A$24:$A$5000,Deviation_w_Addon_OpLimSummary!$A38,Deviation_w_Addon_OpLimit!$B$24:$B$5000,Deviation_w_Addon_OpLimSummary!$B38,Deviation_w_Addon_OpLimit!$C$24:$C$5000,C38,Deviation_w_Addon_OpLimit!$G$24:$G$5000,\"Other Unknown Causes\"))","v":""}]
[null,null,null,null,"","",{"$f":"IF($B39=\"\",\"\",SUMIFS(Deviation_w_Addon_OpLimit!$F$24:$F$5000,Deviation_w_Addon_OpLimit!$A$24:$A$5000,Deviation_w_Addon_OpLimSummary!$A39,Deviation_w_Addon_OpLimit!$B$24:$B$5000,Deviation_w_Addon_OpLimSummary!$B39,Deviation_w_Addon_OpLimit!$C$24:$C$5000,C39,Deviation_w_Addon_OpLimit!$G$24:$G$5000,\"Control Equipment Problems\"))","v":""},{"$f":"IF($B39=\"\",\"\",SUMIFS(Deviation_w_Addon_OpLimit!$F$24:$F$5000,Deviation_w_Addon_OpLimit!$A$24:$A$5000,Deviation_w_Addon_OpLimSummary!$A39,Deviation_w_Addon_OpLimit!$B$24:$B$5000,Deviation_w_Addon_OpLimSummary!$B39,Deviation_w_Addon_OpLimit!$C$24:$C$5000,C39,Deviation_w_Addon_OpLimit!$G$24:$G$5000,\"Process Problems\"))","v":""},{"$f":"IF($B39=\"\",\"\",SUMIFS(Deviation_w_Addon_OpLimit!$F$24:$F$5000,Deviation_w_Addon_OpLimit!$A$24:$A$5000,Deviation_w_Addon_OpLimSummary!$A39,Deviation_w_Addon_OpLimit!$B$24:$B$5000,Deviation_w_Addon_OpLimSummary!$B39,Deviation_w_Addon_OpLimit!$C$24:$C$5000,C39,Deviation_w_Addon_OpLimit!$G$24:$G$5000,\"Other Known Problems\"))","v":""},{"$f":"IF($B39=\"\",\"\",SUMIFS(Deviation_w_Addon_OpLimit!$F$24:$F$5000,Deviation_w_Addon_OpLimit!$A$24:$A$5000,Deviation_w_Addon_OpLimSummary!$A39,Deviation_w_Addon_OpLimit!$B$24:$B$5000,Deviation_w_Addon_OpLimSummary!$B39,Deviation_w_Addon_OpLimit!$C$24:$C$5000,C39,Deviation_w_Addon_OpLimit!$G$24:$G$5000,\"Other Unknown Causes\"))","v":""}]
[null,null,null,null,"","",{"$f":"IF($B40=\"\",\"\",SUMIFS(Deviation_w_Addon_OpLimit!$F$24:$F$5000,Deviation_w_Addon_OpLimit!$A$24:$A$5000,Deviation_w_Addon_OpLimSummary!$A40,Deviation_w_Addon_OpLimit!$B$24:$B$5000,Deviation_w_Addon_OpLimSummary!$B40,Deviation_w_Addon_OpLimit!$C$24:$C$5000,C40,Deviation_w_Addon_OpLimit!$G$24:$G$5000,\"Control Equipment Problems\"))","v":""},{"$f":"IF($B40=\"\",\"\",SUMIFS(Deviation_w_Addon_OpLimit!$F$24:$F$5000,Deviation_w_Addon_OpLimit!$A$24:$A$5000,Deviation_w_Addon_OpLimSummary!$A40,Deviation_w_Addon_OpLimit!$B$24:$B$5000,Deviation_w_Addon_OpLimSummary!$B40,Deviation_w_Addon_OpLimit!$C$24:$C$5000,C40,Deviation_w_Addon_OpLimit!$G$24:$G$5000,\"Process Problems\"))","v":""},{"$f":"IF($B40=\"\",\"\",SUMIFS(Deviation_w_Addon_OpLimit!$F$24:$F$5000,Deviation_w_Addon_OpLimit!$A$24:$A$5000,Deviation_w_Addon_OpLimSummary!$A40,Deviation_w_Addon_OpLimit!$B$24:$B$5000,Deviation_w_Addon_OpLimSummary!$B40,Deviation_w_Addon_OpLimit!$C$24:$C$5000,C40,Deviation_w_Addon_OpLimit!$G$24:$G$5000,\"Other Known Problems\"))","v":""},{"$f":"IF($B40=\"\",\"\",SUMIFS(Deviation_w_Addon_OpLimit!$F$24:$F$5000,Deviation_w_Addon_OpLimit!$A$24:$A$5000,Deviation_w_Addon_OpLimSummary!$A40,Deviation_w_Addon_OpLimit!$B$24:$B$5000,Deviation_w_Addon_OpLimSummary!$B40,Deviation_w_Addon_OpLimit!$C$24:$C$5000,C40,Deviation_w_Addon_OpLimit!$G$24:$G$5000,\"Other Unknown Causes\"))","v":""}]
[null,null,null,null,"","",{"$f":"IF($B41=\"\",\"\",SUMIFS(Deviation_w_Addon_OpLimit!$F$24:$F$5000,Deviation_w_Addon_OpLimit!$A$24:$A$5000,Deviation_w_Addon_OpLimSummary!$A41,Deviation_w_Addon_OpLimit!$B$24:$B$5000,Deviation_w_Addon_OpLimSummary!$B41,Deviation_w_Addon_OpLimit!$C$24:$C$5000,C41,Deviation_w_Addon_OpLimit!$G$24:$G$5000,\"Control Equipment Problems\"))","v":""},{"$f":"IF($B41=\"\",\"\",SUMIFS(Deviation_w_Addon_OpLimit!$F$24:$F$5000,Deviation_w_Addon_OpLimit!$A$24:$A$5000,Deviation_w_Addon_OpLimSummary!$A41,Deviation_w_Addon_OpLimit!$B$24:$B$5000,Deviation_w_Addon_OpLimSummary!$B41,Deviation_w_Addon_OpLimit!$C$24:$C$5000,C41,Deviation_w_Addon_OpLimit!$G$24:$G$5000,\"Process Problems\"))","v":""},{"$f":"IF($B41=\"\",\"\",SUMIFS(Deviation_w_Addon_OpLimit!$F$24:$F$5000,Deviation_w_Addon_OpLimit!$A$24:$A$5000,Deviation_w_Addon_OpLimSummary!$A41,Deviation_w_Addon_OpLimit!$B$24:$B$5000,Deviation_w_Addon_OpLimSummary!$B41,Deviation_w_Addon_OpLimit!$C$24:$C$5000,C41,Deviation_w_Addon_OpLimit!$G$24:$G$5000,\"Other Known Problems\"))","v":""},{"$f":"IF($B41=\"\",\"\",SUMIFS(Deviation_w_Addon_OpLimit!$F$24:$F$5000,Deviation_w_Addon_OpLimit!$A$24:$A$5000,Deviation_w_Addon_OpLimSummary!$A41,Deviation_w_Addon_OpLimit!$B$24:$B$5000,Deviation_w_Addon_OpLimSummary!$B41,Deviation_w_Addon_OpLimit!$C$24:$C$5000,C41,Deviation_w_Addon_OpLimit!$G$24:$G$5000,\"Other Unknown Causes\"))","v":""}]
[null,null,null,null,"","",{"$f":"IF($B42=\"\",\"\",SUMIFS(Deviation_w_Addon_OpLimit!$F$24:$F$5000,Deviation_w_Addon_OpLimit!$A$24:$A$5000,Deviation_w_Addon_OpLimSummary!$A42,Deviation_w_Addon_OpLimit!$B$24:$B$5000,Deviation_w_Addon_OpLimSummary!$B42,Deviation_w_Addon_OpLimit!$C$24:$C$5000,C42,Deviation_w_Addon_OpLimit!$G$24:$G$5000,\"Control Equipment Problems\"))","v":""},{"$f":"IF($B42=\"\",\"\",SUMIFS(Deviation_w_Addon_OpLimit!$F$24:$F$5000,Deviation_w_Addon_OpLimit!$A$24:$A$5000,Deviation_w_Addon_OpLimSummary!$A42,Deviation_w_Addon_OpLimit!$B$24:$B$5000,Deviation_w_Addon_OpLimSummary!$B42,Deviation_w_Addon_OpLimit!$C$24:$C$5000,C42,Deviation_w_Addon_OpLimit!$G$24:$G$5000,\"Process Problems\"))","v":""},{"$f":"IF($B42=\"\",\"\",SUMIFS(Deviation_w_Addon_OpLimit!$F$24:$F$5000,Deviation_w_Addon_OpLimit!$A$24:$A$5000,Deviation_w_Addon_OpLimSummary!$A42,Deviation_w_Addon_OpLimit!$B$24:$B$5000,Deviation_w_Addon_OpLimSummary!$B42,Deviation_w_Addon_OpLimit!$C$24:$C$5000,C42,Deviation_w_Addon_OpLimit!$G$24:$G$5000,\"Other Known Problems\"))","v":""},{"$f":"IF($B42=\"\",\"\",SUMIFS(Deviation_w_Addon_OpLimit!$F$24:$F$5000,Deviation_w_Addon_OpLimit!$A$24:$A$5000,Deviation_w_Addon_OpLimSummary!$A42,Deviation_w_Addon_OpLimit!$B$24:$B$5000,Deviation_w_Addon_OpLimSummary!$B42,Deviation_w_Addon_OpLimit!$C$24:$C$5000,C42,Deviation_w_Addon_OpLimit!$G$24:$G$5000,\"Other Unknown Causes\"))","v":""}]
[null,null,null,null,"","",{"$f":"IF($B43=\"\",\"\",SUMIFS(Deviation_w_Addon_OpLimit!$F$24:$F$5000,Deviation_w_Addon_OpLimit!$A$24:$A$5000,Deviation_w_Addon_OpLimSummary!$A43,Deviation_w_Addon_OpLimit!$B$24:$B$5000,Deviation_w_Addon_OpLimSummary!$B43,Deviation_w_Addon_OpLimit!$C$24:$C$5000,C43,Deviation_w_Addon_OpLimit!$G$24:$G$5000,\"Control Equipment Problems\"))","v":""},{"$f":"IF($B43=\"\",\"\",SUMIFS(Deviation_w_Addon_OpLimit!$F$24:$F$5000,Deviation_w_Addon_OpLimit!$A$24:$A$5000,Deviation_w_Addon_OpLimSummary!$A43,Deviation_w_Addon_OpLimit!$B$24:$B$5000,Deviation_w_Addon_OpLimSummary!$B43,Deviation_w_Addon_OpLimit!$C$24:$C$5000,C43,Deviation_w_Addon_OpLimit!$G$24:$G$5000,\"Process Problems\"))","v":""},{"$f":"IF($B43=\"\",\"\",SUMIFS(Deviation_w_Addon_OpLimit!$F$24:$F$5000,Deviation_w_Addon_OpLimit!$A$24:$A$5000,Deviation_w_Addon_OpLimSummary!$A43,Deviation_w_Addon_OpLimit!$B$24:$B$5000,Deviation_w_Addon_OpLimSummary!$B43,Deviation_w_Addon_OpLimit!$C$24:$C$5000,C43,Deviation_w_Addon_OpLimit!$G$24:$G$5000,\"Other Known Problems\"))","v":""},{"$f":"IF($B43=\"\",\"\",SUMIFS(Deviation_w_Addon_OpLimit!$F$24:$F$5000,Deviation_w_Addon_OpLimit!$A$24:$A$5000,Deviation_w_Addon_OpLimSummary!$A43,Deviation_w_Addon_OpLimit!$B$24:$B$5000,Deviation_w_Addon_OpLimSummary!$B43,Deviation_w_Addon_OpLimit!$C$24:$C$5000,C43,Deviation_w_Addon_OpLimit!$G$24:$G$5000,\"Other Unknown Causes\"))","v":""}]
[null,null,null,null,"","",{"$f":"IF($B44=\"\",\"\",SUMIFS(Deviation_w_Addon_OpLimit!$F$24:$F$5000,Deviation_w_Addon_OpLimit!$A$24:$A$5000,Deviation_w_Addon_OpLimSummary!$A44,Deviation_w_Addon_OpLimit!$B$24:$B$5000,Deviation_w_Addon_OpLimSummary!$B44,Deviation_w_Addon_OpLimit!$C$24:$C$5000,C44,Deviation_w_Addon_OpLimit!$G$24:$G$5000,\"Control Equipment Problems\"))","v":""},{"$f":"IF($B44=\"\",\"\",SUMIFS(Deviation_w_Addon_OpLimit!$F$24:$F$5000,Deviation_w_Addon_OpLimit!$A$24:$A$5000,Deviation_w_Addon_OpLimSummary!$A44,Deviation_w_Addon_OpLimit!$B$24:$B$5000,Deviation_w_Addon_OpLimSummary!$B44,Deviation_w_Addon_OpLimit!$C$24:$C$5000,C44,Deviation_w_Addon_OpLimit!$G$24:$G$5000,\"Process Problems\"))","v":""},{"$f":"IF($B44=\"\",\"\",SUMIFS(Deviation_w_Addon_OpLimit!$F$24:$F$5000,Deviation_w_Addon_OpLimit!$A$24:$A$5000,Deviation_w_Addon_OpLimSummary!$A44,Deviation_w_Addon_OpLimit!$B$24:$B$5000,Deviation_w_Addon_OpLimSummary!$B44,Deviation_w_Addon_OpLimit!$C$24:$C$5000,C44,Deviation_w_Addon_OpLimit!$G$24:$G$5000,\"Other Known Problems\"))","v":""},{"$f":"IF($B44=\"\",\"\",SUMIFS(Deviation_w_Addon_OpLimit!$F$24:$F$5000,Deviation_w_Addon_OpLimit!$A$24:$A$5000,Deviation_w_Addon_OpLimSummary!$A44,Deviation_w_Addon_OpLimit!$B$24:$B$5000,Deviation_w_Addon_OpLimSummary!$B44,Deviation_w_Addon_OpLimit!$C$24:$C$5000,C44,Deviation_w_Addon_OpLimit!$G$24:$G$5000,\"Other Unknown Causes\"))","v":""}]
[null,null,null,null,"","",{"$f":"IF($B45=\"\",\"\",SUMIFS(Deviation_w_Addon_OpLimit!$F$24:$F$5000,Deviation_w_Addon_OpLimit!$A$24:$A$5000,Deviation_w_Addon_OpLimSummary!$A45,Deviation_w_Addon_OpLimit!$B$24:$B$5000,Deviation_w_Addon_OpLimSummary!$B45,Deviation_w_Addon_OpLimit!$C$24:$C$5000,C45,Deviation_w_Addon_OpLimit!$G$24:$G$5000,\"Control Equipment Problems\"))","v":""},{"$f":"IF($B45=\"\",\"\",SUMIFS(Deviation_w_Addon_OpLimit!$F$24:$F$5000,Deviation_w_Addon_OpLimit!$A$24:$A$5000,Deviation_w_Addon_OpLimSummary!$A45,Deviation_w_Addon_OpLimit!$B$24:$B$5000,Deviation_w_Addon_OpLimSummary!$B45,Deviation_w_Addon_OpLimit!$C$24:$C$5000,C45,Deviation_w_Addon_OpLimit!$G$24:$G$5000,\"Process Problems\"))","v":""},{"$f":"IF($B45=\"\",\"\",SUMIFS(Deviation_w_Addon_OpLimit!$F$24:$F$5000,Deviation_w_Addon_OpLimit!$A$24:$A$5000,Deviation_w_Addon_OpLimSummary!$A45,Deviation_w_Addon_OpLimit!$B$24:$B$5000,Deviation_w_Addon_OpLimSummary!$B45,Deviation_w_Addon_OpLimit!$C$24:$C$5000,C45,Deviation_w_Addon_OpLimit!$G$24:$G$5000,\"Other Known Problems\"))","v":""},{"$f":"IF($B45=\"\",\"\",SUMIFS(Deviation_w_Addon_OpLimit!$F$24:$F$5000,Deviation_w_Addon_OpLimit!$A$24:$A$5000,Deviation_w_Addon_OpLimSummary!$A45,Deviation_w_Addon_OpLimit!$B$24:$B$5000,Deviation_w_Addon_OpLimSummary!$B45,Deviation_w_Addon_OpLimit!$C$24:$C$5000,C45,Deviation_w_Addon_OpLimit!$G$24:$G$5000,\"Other Unknown Causes\"))","v":""}]
[null,null,null,null,"","",{"$f":"IF($B46=\"\",\"\",SUMIFS(Deviation_w_Addon_OpLimit!$F$24:$F$5000,Deviation_w_Addon_OpLimit!$A$24:$A$5000,Deviation_w_Addon_OpLimSummary!$A46,Deviation_w_Addon_OpLimit!$B$24:$B$5000,Deviation_w_Addon_OpLimSummary!$B46,Deviation_w_Addon_OpLimit!$C$24:$C$5000,C46,Deviation_w_Addon_OpLimit!$G$24:$G$5000,\"Control Equipment Problems\"))","v":""},{"$f":"IF($B46=\"\",\"\",SUMIFS(Deviation_w_Addon_OpLimit!$F$24:$F$5000,Deviation_w_Addon_OpLimit!$A$24:$A$5000,Deviation_w_Addon_OpLimSummary!$A46,Deviation_w_Addon_OpLimit!$B$24:$B$5000,Deviation_w_Addon_OpLimSummary!$B46,Deviation_w_Addon_OpLimit!$C$24:$C$5000,C46,Deviation_w_Addon_OpLimit!$G$24:$G$5000,\"Process Problems\"))","v":""},{"$f":"IF($B46=\"\",\"\",SUMIFS(Deviation_w_Addon_OpLimit!$F$24:$F$5000,Deviation_w_Addon_OpLimit!$A$24:$A$5000,Deviation_w_Addon_OpLimSummary!$A46,Deviation_w_Addon_OpLimit!$B$24:$B$5000,Deviation_w_Addon_OpLimSummary!$B46,Deviation_w_Addon_OpLimit!$C$24:$C$5000,C46,Deviation_w_Addon_OpLimit!$G$24:$G$5000,\"Other Known Problems\"))","v":""},{"$f":"IF($B46=\"\",\"\",SUMIFS(Deviation_w_Addon_OpLimit!$F$24:$F$5000,Deviation_w_Addon_OpLimit!$A$24:$A$5000,Deviation_w_Addon_OpLimSummary!$A46,Deviation_w_Addon_OpLimit!$B$24:$B$5000,Deviation_w_Addon_OpLimSummary!$B46,Deviation_w_Addon_OpLimit!$C$24:$C$5000,C46,Deviation_w_Addon_OpLimit!$G$24:$G$5000,\"Other Unknown Causes\"))","v":""}]
[null,null,null,null,"","",{"$f":"IF($B47=\"\",\"\",SUMIFS(Deviation_w_Addon_OpLimit!$F$24:$F$5000,Deviation_w_Addon_OpLimit!$A$24:$A$5000,Deviation_w_Addon_OpLimSummary!$A47,Deviation_w_Addon_OpLimit!$B$24:$B$5000,Deviation_w_Addon_OpLimSummary!$B47,Deviation_w_Addon_OpLimit!$C$24:$C$5000,C47,Deviation_w_Addon_OpLimit!$G$24:$G$5000,\"Control Equipment Problems\"))","v":""},{"$f":"IF($B47=\"\",\"\",SUMIFS(Deviation_w_Addon_OpLimit!$F$24:$F$5000,Deviation_w_Addon_OpLimit!$A$24:$A$5000,Deviation_w_Addon_OpLimSummary!$A47,Deviation_w_Addon_OpLimit!$B$24:$B$5000,Deviation_w_Addon_OpLimSummary!$B47,Deviation_w_Addon_OpLimit!$C$24:$C$5000,C47,Deviation_w_Addon_OpLimit!$G$24:$G$5000,\"Process Problems\"))","v":""},{"$f":"IF($B47=\"\",\"\",SUMIFS(Deviation_w_Addon_OpLimit!$F$24:$F$5000,Deviation_w_Addon_OpLimit!$A$24:$A$5000,Deviation_w_Addon_OpLimSummary!$A47,Deviation_w_Addon_OpLimit!$B$24:$B$5000,Deviation_w_Addon_OpLimSummary!$B47,Deviation_w_Addon_OpLimit!$C$24:$C$5000,C47,Deviation_w_Addon_OpLimit!$G$24:$G$5000,\"Other Known Problems\"))","v":""},{"$f":"IF($B47=\"\",\"\",SUMIFS(Deviation_w_Addon_OpLimit!$F$24:$F$5000,Deviation_w_Addon_OpLimit!$A$24:$A$5000,Deviation_w_Addon_OpLimSummary!$A47,Deviation_w_Addon_OpLimit!$B$24:$B$5000,Deviation_w_Addon_OpLimSummary!$B47,Deviation_w_Addon_OpLimit!$C$24:$C$5000,C47,Deviation_w_Addon_OpLimit!$G$24:$G$5000,\"Other Unknown Causes\"))","v":""}]
[null,null,null,null,"","",{"$f":"IF($B48=\"\",\"\",SUMIFS(Deviation_w_Addon_OpLimit!$F$24:$F$5000,Deviation_w_Addon_OpLimit!$A$24:$A$5000,Deviation_w_Addon_OpLimSummary!$A48,Deviation_w_Addon_OpLimit!$B$24:$B$5000,Deviation_w_Addon_OpLimSummary!$B48,Deviation_w_Addon_OpLimit!$C$24:$C$5000,C48,Deviation_w_Addon_OpLimit!$G$24:$G$5000,\"Control Equipment Problems\"))","v":""},{"$f":"IF($B48=\"\",\"\",SUMIFS(Deviation_w_Addon_OpLimit!$F$24:$F$5000,Deviation_w_Addon_OpLimit!$A$24:$A$5000,Deviation_w_Addon_OpLimSummary!$A48,Deviation_w_Addon_OpLimit!$B$24:$B$5000,Deviation_w_Addon_OpLimSummary!$B48,Deviation_w_Addon_OpLimit!$C$24:$C$5000,C48,Deviation_w_Addon_OpLimit!$G$24:$G$5000,\"Process Problems\"))","v":""},{"$f":"IF($B48=\"\",\"\",SUMIFS(Deviation_w_Addon_OpLimit!$F$24:$F$5000,Deviation_w_Addon_OpLimit!$A$24:$A$5000,Deviation_w_Addon_OpLimSummary!$A48,Deviation_w_Addon_OpLimit!$B$24:$B$5000,Deviation_w_Addon_OpLimSummary!$B48,Deviation_w_Addon_OpLimit!$C$24:$C$5000,C48,Deviation_w_Addon_OpLimit!$G$24:$G$5000,\"Other Known Problems\"))","v":""},{"$f":"IF($B48=\"\",\"\",SUMIFS(Deviation_w_Addon_OpLimit!$F$24:$F$5000,Deviation_w_Addon_OpLimit!$A$24:$A$5000,Deviation_w_Addon_OpLimSummary!$A48,Deviation_w_Addon_OpLimit!$B$24:$B$5000,Deviation_w_Addon_OpLimSummary!$B48,Deviation_w_Addon_OpLimit!$C$24:$C$5000,C48,Deviation_w_Addon_OpLimit!$G$24:$G$5000,\"Other Unknown Causes\"))","v":""}]
[null,null,null,null,"","",{"$f":"IF($B49=\"\",\"\",SUMIFS(Deviation_w_Addon_OpLimit!$F$24:$F$5000,Deviation_w_Addon_OpLimit!$A$24:$A$5000,Deviation_w_Addon_OpLimSummary!$A49,Deviation_w_Addon_OpLimit!$B$24:$B$5000,Deviation_w_Addon_OpLimSummary!$B49,Deviation_w_Addon_OpLimit!$C$24:$C$5000,C49,Deviation_w_Addon_OpLimit!$G$24:$G$5000,\"Control Equipment Problems\"))","v":""},{"$f":"IF($B49=\"\",\"\",SUMIFS(Deviation_w_Addon_OpLimit!$F$24:$F$5000,Deviation_w_Addon_OpLimit!$A$24:$A$5000,Deviation_w_Addon_OpLimSummary!$A49,Deviation_w_Addon_OpLimit!$B$24:$B$5000,Deviation_w_Addon_OpLimSummary!$B49,Deviation_w_Addon_OpLimit!$C$24:$C$5000,C49,Deviation_w_Addon_OpLimit!$G$24:$G$5000,\"Process Problems\"))","v":""},{"$f":"IF($B49=\"\",\"\",SUMIFS(Deviation_w_Addon_OpLimit!$F$24:$F$5000,Deviation_w_Addon_OpLimit!$A$24:$A$5000,Deviation_w_Addon_OpLimSummary!$A49,Deviation_w_Addon_OpLimit!$B$24:$B$5000,Deviation_w_Addon_OpLimSummary!$B49,Deviation_w_Addon_OpLimit!$C$24:$C$5000,C49,Deviation_w_Addon_OpLimit!$G$24:$G$5000,\"Other Known Problems\"))","v":""},{"$f":"IF($B49=\"\",\"\",SUMIFS(Deviation_w_Addon_OpLimit!$F$24:$F$5000,Deviation_w_Addon_OpLimit!$A$24:$A$5000,Deviation_w_Addon_OpLimSummary!$A49,Deviation_w_Addon_OpLimit!$B$24:$B$5000,Deviation_w_Addon_OpLimSummary!$B49,Deviation_w_Addon_OpLimit!$C$24:$C$5000,C49,Deviation_w_Addon_OpLimit!$G$24:$G$5000,\"Other Unknown Causes\"))","v":""}]
[null,null,null,null,"","",{"$f":"IF($B50=\"\",\"\",SUMIFS(Deviation_w_Addon_OpLimit!$F$24:$F$5000,Deviation_w_Addon_OpLimit!$A$24:$A$5000,Deviation_w_Addon_OpLimSummary!$A50,Deviation_w_Addon_OpLimit!$B$24:$B$5000,Deviation_w_Addon_OpLimSummary!$B50,Deviation_w_Addon_OpLimit!$C$24:$C$5000,C50,Deviation_w_Addon_OpLimit!$G$24:$G$5000,\"Control Equipment Problems\"))","v":""},{"$f":"IF($B50=\"\",\"\",SUMIFS(Deviation_w_Addon_OpLimit!$F$24:$F$5000,Deviation_w_Addon_OpLimit!$A$24:$A$5000,Deviation_w_Addon_OpLimSummary!$A50,Deviation_w_Addon_OpLimit!$B$24:$B$5000,Deviation_w_Addon_OpLimSummary!$B50,Deviation_w_Addon_OpLimit!$C$24:$C$5000,C50,Deviation_w_Addon_OpLimit!$G$24:$G$5000,\"Process Problems\"))","v":""},{"$f":"IF($B50=\"\",\"\",SUMIFS(Deviation_w_Addon_OpLimit!$F$24:$F$5000,Deviation_w_Addon_OpLimit!$A$24:$A$5000,Deviation_w_Addon_OpLimSummary!$A50,Deviation_w_Addon_OpLimit!$B$24:$B$5000,Deviation_w_Addon_OpLimSummary!$B50,Deviation_w_Addon_OpLimit!$C$24:$C$5000,C50,Deviation_w_Addon_OpLimit!$G$24:$G$5000,\"Other Known Problems\"))","v":""},{"$f":"IF($B50=\"\",\"\",SUMIFS(Deviation_w_Addon_OpLimit!$F$24:$F$5000,Deviation_w_Addon_OpLimit!$A$24:$A$5000,Deviation_w_Addon_OpLimSummary!$A50,Deviation_w_Addon_OpLimit!$B$24:$B$5000,Deviation_w_Addon_OpLimSummary!$B50,Deviation_w_Addon_OpLimit!$C$24:$C$5000,C50,Deviation_w_Addon_OpLimit!$G$24:$G$5000,\"Other Unknown Causes\"))","v":""}]
[null,null,null,null,"","",{"$f":"IF($B51=\"\",\"\",SUMIFS(Deviation_w_Addon_OpLimit!$F$24:$F$5000,Deviation_w_Addon_OpLimit!$A$24:$A$5000,Deviation_w_Addon_OpLimSummary!$A51,Deviation_w_Addon_OpLimit!$B$24:$B$5000,Deviation_w_Addon_OpLimSummary!$B51,Deviation_w_Addon_OpLimit!$C$24:$C$5000,C51,Deviation_w_Addon_OpLimit!$G$24:$G$5000,\"Control Equipment Problems\"))","v":""},{"$f":"IF($B51=\"\",\"\",SUMIFS(Deviation_w_Addon_OpLimit!$F$24:$F$5000,Deviation_w_Addon_OpLimit!$A$24:$A$5000,Deviation_w_Addon_OpLimSummary!$A51,Deviation_w_Addon_OpLimit!$B$24:$B$5000,Deviation_w_Addon_OpLimSummary!$B51,Deviation_w_Addon_OpLimit!$C$24:$C$5000,C51,Deviation_w_Addon_OpLimit!$G$24:$G$5000,\"Process Problems\"))","v":""},{"$f":"IF($B51=\"\",\"\",SUMIFS(Deviation_w_Addon_OpLimit!$F$24:$F$5000,Deviation_w_Addon_OpLimit!$A$24:$A$5000,Deviation_w_Addon_OpLimSummary!$A51,Deviation_w_Addon_OpLimit!$B$24:$B$5000,Deviation_w_Addon_OpLimSummary!$B51,Deviation_w_Addon_OpLimit!$C$24:$C$5000,C51,Deviation_w_Addon_OpLimit!$G$24:$G$5000,\"Other Known Problems\"))","v":""},{"$f":"IF($B51=\"\",\"\",SUMIFS(Deviation_w_Addon_OpLimit!$F$24:$F$5000,Deviation_w_Addon_OpLimit!$A$24:$A$5000,Deviation_w_Addon_OpLimSummary!$A51,Deviation_w_Addon_OpLimit!$B$24:$B$5000,Deviation_w_Addon_OpLimSummary!$B51,Deviation_w_Addon_OpLimit!$C$24:$C$5000,C51,Deviation_w_Addon_OpLimit!$G$24:$G$5000,\"Other Unknown Causes\"))","v":""}]
[null,null,null,null,"","",{"$f":"IF($B52=\"\",\"\",SUMIFS(Deviation_w_Addon_OpLimit!$F$24:$F$5000,Deviation_w_Addon_OpLimit!$A$24:$A$5000,Deviation_w_Addon_OpLimSummary!$A52,Deviation_w_Addon_OpLimit!$B$24:$B$5000,Deviation_w_Addon_OpLimSummary!$B52,Deviation_w_Addon_OpLimit!$C$24:$C$5000,C52,Deviation_w_Addon_OpLimit!$G$24:$G$5000,\"Control Equipment Problems\"))","v":""},{"$f":"IF($B52=\"\",\"\",SUMIFS(Deviation_w_Addon_OpLimit!$F$24:$F$5000,Deviation_w_Addon_OpLimit!$A$24:$A$5000,Deviation_w_Addon_OpLimSummary!$A52,Deviation_w_Addon_OpLimit!$B$24:$B$5000,Deviation_w_Addon_OpLimSummary!$B52,Deviation_w_Addon_OpLimit!$C$24:$C$5000,C52,Deviation_w_Addon_OpLimit!$G$24:$G$5000,\"Process Problems\"))","v":""},{"$f":"IF($B52=\"\",\"\",SUMIFS(Deviation_w_Addon_OpLimit!$F$24:$F$5000,Deviation_w_Addon_OpLimit!$A$24:$A$5000,Deviation_w_Addon_OpLimSummary!$A52,Deviation_w_Addon_OpLimit!$B$24:$B$5000,Deviation_w_Addon_OpLimSummary!$B52,Deviation_w_Addon_OpLimit!$C$24:$C$5000,C52,Deviation_w_Addon_OpLimit!$G$24:$G$5000,\"Other Known Problems\"))","v":""},{"$f":"IF($B52=\"\",\"\",SUMIFS(Deviation_w_Addon_OpLimit!$F$24:$F$5000,Deviation_w_Addon_OpLimit!$A$24:$A$5000,Deviation_w_Addon_OpLimSummary!$A52,Deviation_w_Addon_OpLimit!$B$24:$B$5000,Deviation_w_Addon_OpLimSummary!$B52,Deviation_w_Addon_OpLimit!$C$24:$C$5000,C52,Deviation_w_Addon_OpLimit!$G$24:$G$5000,\"Other Unknown Causes\"))","v":""}]
[null,null,null,null,"","",{"$f":"IF($B53=\"\",\"\",SUMIFS(Deviation_w_Addon_OpLimit!$F$24:$F$5000,Deviation_w_Addon_OpLimit!$A$24:$A$5000,Deviation_w_Addon_OpLimSummary!$A53,Deviation_w_Addon_OpLimit!$B$24:$B$5000,Deviation_w_Addon_OpLimSummary!$B53,Deviation_w_Addon_OpLimit!$C$24:$C$5000,C53,Deviation_w_Addon_OpLimit!$G$24:$G$5000,\"Control Equipment Problems\"))","v":""},{"$f":"IF($B53=\"\",\"\",SUMIFS(Deviation_w_Addon_OpLimit!$F$24:$F$5000,Deviation_w_Addon_OpLimit!$A$24:$A$5000,Deviation_w_Addon_OpLimSummary!$A53,Deviation_w_Addon_OpLimit!$B$24:$B$5000,Deviation_w_Addon_OpLimSummary!$B53,Deviation_w_Addon_OpLimit!$C$24:$C$5000,C53,Deviation_w_Addon_OpLimit!$G$24:$G$5000,\"Process Problems\"))","v":""},{"$f":"IF($B53=\"\",\"\",SUMIFS(Deviation_w_Addon_OpLimit!$F$24:$F$5000,Deviation_w_Addon_OpLimit!$A$24:$A$5000,Deviation_w_Addon_OpLimSummary!$A53,Deviation_w_Addon_OpLimit!$B$24:$B$5000,Deviation_w_Addon_OpLimSummary!$B53,Deviation_w_Addon_OpLimit!$C$24:$C$5000,C53,Deviation_w_Addon_OpLimit!$G$24:$G$5000,\"Other Known Problems\"))","v":""},{"$f":"IF($B53=\"\",\"\",SUMIFS(Deviation_w_Addon_OpLimit!$F$24:$F$5000,Deviation_w_Addon_OpLimit!$A$24:$A$5000,Deviation_w_Addon_OpLimSummary!$A53,Deviation_w_Addon_OpLimit!$B$24:$B$5000,Deviation_w_Addon_OpLimSummary!$B53,Deviation_w_Addon_OpLimit!$C$24:$C$5000,C53,Deviation_w_Addon_OpLimit!$G$24:$G$5000,\"Other Unknown Causes\"))","v":""}]
[null,null,null,null,"","",{"$f":"IF($B54=\"\",\"\",SUMIFS(Deviation_w_Addon_OpLimit!$F$24:$F$5000,Deviation_w_Addon_OpLimit!$A$24:$A$5000,Deviation_w_Addon_OpLimSummary!$A54,Deviation_w_Addon_OpLimit!$B$24:$B$5000,Deviation_w_Addon_OpLimSummary!$B54,Deviation_w_Addon_OpLimit!$C$24:$C$5000,C54,Deviation_w_Addon_OpLimit!$G$24:$G$5000,\"Control Equipment Problems\"))","v":""},{"$f":"IF($B54=\"\",\"\",SUMIFS(Deviation_w_Addon_OpLimit!$F$24:$F$5000,Deviation_w_Addon_OpLimit!$A$24:$A$5000,Deviation_w_Addon_OpLimSummary!$A54,Deviation_w_Addon_OpLimit!$B$24:$B$5000,Deviation_w_Addon_OpLimSummary!$B54,Deviation_w_Addon_OpLimit!$C$24:$C$5000,C54,Deviation_w_Addon_OpLimit!$G$24:$G$5000,\"Process Problems\"))","v":""},{"$f":"IF($B54=\"\",\"\",SUMIFS(Deviation_w_Addon_OpLimit!$F$24:$F$5000,Deviation_w_Addon_OpLimit!$A$24:$A$5000,Deviation_w_Addon_OpLimSummary!$A54,Deviation_w_Addon_OpLimit!$B$24:$B$5000,Deviation_w_Addon_OpLimSummary!$B54,Deviation_w_Addon_OpLimit!$C$24:$C$5000,C54,Deviation_w_Addon_OpLimit!$G$24:$G$5000,\"Other Known Problems\"))","v":""},{"$f":"IF($B54=\"\",\"\",SUMIFS(Deviation_w_Addon_OpLimit!$F$24:$F$5000,Deviation_w_Addon_OpLimit!$A$24:$A$5000,Deviation_w_Addon_OpLimSummary!$A54,Deviation_w_Addon_OpLimit!$B$24:$B$5000,Deviation_w_Addon_OpLimSummary!$B54,Deviation_w_Addon_OpLimit!$C$24:$C$5000,C54,Deviation_w_Addon_OpLimit!$G$24:$G$5000,\"Other Unknown Causes\"))","v":""}]
[null,null,null,null,"","",{"$f":"IF($B55=\"\",\"\",SUMIFS(Deviation_w_Addon_OpLimit!$F$24:$F$5000,Deviation_w_Addon_OpLimit!$A$24:$A$5000,Deviation_w_Addon_OpLimSummary!$A55,Deviation_w_Addon_OpLimit!$B$24:$B$5000,Deviation_w_Addon_OpLimSummary!$B55,Deviation_w_Addon_OpLimit!$C$24:$C$5000,C55,Deviation_w_Addon_OpLimit!$G$24:$G$5000,\"Control Equipment Problems\"))","v":""},{"$f":"IF($B55=\"\",\"\",SUMIFS(Deviation_w_Addon_OpLimit!$F$24:$F$5000,Deviation_w_Addon_OpLimit!$A$24:$A$5000,Deviation_w_Addon_OpLimSummary!$A55,Deviation_w_Addon_OpLimit!$B$24:$B$5000,Deviation_w_Addon_OpLimSummary!$B55,Deviation_w_Addon_OpLimit!$C$24:$C$5000,C55,Deviation_w_Addon_OpLimit!$G$24:$G$5000,\"Process Problems\"))","v":""},{"$f":"IF($B55=\"\",\"\",SUMIFS(Deviation_w_Addon_OpLimit!$F$24:$F$5000,Deviation_w_Addon_OpLimit!$A$24:$A$5000,Deviation_w_Addon_OpLimSummary!$A55,Deviation_w_Addon_OpLimit!$B$24:$B$5000,Deviation_w_Addon_OpLimSummary!$B55,Deviation_w_Addon_OpLimit!$C$24:$C$5000,C55,Deviation_w_Addon_OpLimit!$G$24:$G$5000,\"Other Known Problems\"))","v":""},{"$f":"IF($B55=\"\",\"\",SUMIFS(Deviation_w_Addon_OpLimit!$F$24:$F$5000,Deviation_w_Addon_OpLimit!$A$24:$A$5000,Deviation_w_Addon_OpLimSummary!$A55,Deviation_w_Addon_OpLimit!$B$24:$B$5000,Deviation_w_Addon_OpLimSummary!$B55,Deviation_w_Addon_OpLimit!$C$24:$C$5000,C55,Deviation_w_Addon_OpLimit!$G$24:$G$5000,\"Other Unknown Causes\"))","v":""}]
[null,null,null,null,"","",{"$f":"IF($B56=\"\",\"\",SUMIFS(Deviation_w_Addon_OpLimit!$F$24:$F$5000,Deviation_w_Addon_OpLimit!$A$24:$A$5000,Deviation_w_Addon_OpLimSummary!$A56,Deviation_w_Addon_OpLimit!$B$24:$B$5000,Deviation_w_Addon_OpLimSummary!$B56,Deviation_w_Addon_OpLimit!$C$24:$C$5000,C56,Deviation_w_Addon_OpLimit!$G$24:$G$5000,\"Control Equipment Problems\"))","v":""},{"$f":"IF($B56=\"\",\"\",SUMIFS(Deviation_w_Addon_OpLimit!$F$24:$F$5000,Deviation_w_Addon_OpLimit!$A$24:$A$5000,Deviation_w_Addon_OpLimSummary!$A56,Deviation_w_Addon_OpLimit!$B$24:$B$5000,Deviation_w_Addon_OpLimSummary!$B56,Deviation_w_Addon_OpLimit!$C$24:$C$5000,C56,Deviation_w_Addon_OpLimit!$G$24:$G$5000,\"Process Problems\"))","v":""},{"$f":"IF($B56=\"\",\"\",SUMIFS(Deviation_w_Addon_OpLimit!$F$24:$F$5000,Deviation_w_Addon_OpLimit!$A$24:$A$5000,Deviation_w_Addon_OpLimSummary!$A56,Deviation_w_Addon_OpLimit!$B$24:$B$5000,Deviation_w_Addon_OpLimSummary!$B56,Deviation_w_Addon_OpLimit!$C$24:$C$5000,C56,Deviation_w_Addon_OpLimit!$G$24:$G$5000,\"Other Known Problems\"))","v":""},{"$f":"IF($B56=\"\",\"\",SUMIFS(Deviation_w_Addon_OpLimit!$F$24:$F$5000,Deviation_w_Addon_OpLimit!$A$24:$A$5000,Deviation_w_Addon_OpLimSummary!$A56,Deviation_w_Addon_OpLimit!$B$24:$B$5000,Deviation_w_Addon_OpLimSummary!$B56,Deviation_w_Addon_OpLimit!$C$24:$C$5000,C56,Deviation_w_Addon_OpLimit!$G$24:$G$5000,\"Other Unknown Causes\"))","v":""}]
[null,null,null,null,"","",{"$f":"IF($B57=\"\",\"\",SUMIFS(Deviation_w_Addon_OpLimit!$F$24:$F$5000,Deviation_w_Addon_OpLimit!$A$24:$A$5000,Deviation_w_Addon_OpLimSummary!$A57,Deviation_w_Addon_OpLimit!$B$24:$B$5000,Deviation_w_Addon_OpLimSummary!$B57,Deviation_w_Addon_OpLimit!$C$24:$C$5000,C57,Deviation_w_Addon_OpLimit!$G$24:$G$5000,\"Control Equipment Problems\"))","v":""},{"$f":"IF($B57=\"\",\"\",SUMIFS(Deviation_w_Addon_OpLimit!$F$24:$F$5000,Deviation_w_Addon_OpLimit!$A$24:$A$5000,Deviation_w_Addon_OpLimSummary!$A57,Deviation_w_Addon_OpLimit!$B$24:$B$5000,Deviation_w_Addon_OpLimSummary!$B57,Deviation_w_Addon_OpLimit!$C$24:$C$5000,C57,Deviation_w_Addon_OpLimit!$G$24:$G$5000,\"Process Problems\"))","v":""},{"$f":"IF($B57=\"\",\"\",SUMIFS(Deviation_w_Addon_OpLimit!$F$24:$F$5000,Deviation_w_Addon_OpLimit!$A$24:$A$5000,Deviation_w_Addon_OpLimSummary!$A57,Deviation_w_Addon_OpLimit!$B$24:$B$5000,Deviation_w_Addon_OpLimSummary!$B57,Deviation_w_Addon_OpLimit!$C$24:$C$5000,C57,Deviation_w_Addon_OpLimit!$G$24:$G$5000,\"Other Known Problems\"))","v":""},{"$f":"IF($B57=\"\",\"\",SUMIFS(Deviation_w_Addon_OpLimit!$F$24:$F$5000,Deviation_w_Addon_OpLimit!$A$24:$A$5000,Deviation_w_Addon_OpLimSummary!$A57,Deviation_w_Addon_OpLimit!$B$24:$B$5000,Deviation_w_Addon_OpLimSummary!$B57,Deviation_w_Addon_OpLimit!$C$24:$C$5000,C57,Deviation_w_Addon_OpLimit!$G$24:$G$5000,\"Other Unknown Causes\"))","v":""}]
[null,null,null,null,"","",{"$f":"IF($B58=\"\",\"\",SUMIFS(Deviation_w_Addon_OpLimit!$F$24:$F$5000,Deviation_w_Addon_OpLimit!$A$24:$A$5000,Deviation_w_Addon_OpLimSummary!$A58,Deviation_w_Addon_OpLimit!$B$24:$B$5000,Deviation_w_Addon_OpLimSummary!$B58,Deviation_w_Addon_OpLimit!$C$24:$C$5000,C58,Deviation_w_Addon_OpLimit!$G$24:$G$5000,\"Control Equipment Problems\"))","v":""},{"$f":"IF($B58=\"\",\"\",SUMIFS(Deviation_w_Addon_OpLimit!$F$24:$F$5000,Deviation_w_Addon_OpLimit!$A$24:$A$5000,Deviation_w_Addon_OpLimSummary!$A58,Deviation_w_Addon_OpLimit!$B$24:$B$5000,Deviation_w_Addon_OpLimSummary!$B58,Deviation_w_Addon_OpLimit!$C$24:$C$5000,C58,Deviation_w_Addon_OpLimit!$G$24:$G$5000,\"Process Problems\"))","v":""},{"$f":"IF($B58=\"\",\"\",SUMIFS(Deviation_w_Addon_OpLimit!$F$24:$F$5000,Deviation_w_Addon_OpLimit!$A$24:$A$5000,Deviation_w_Addon_OpLimSummary!$A58,Deviation_w_Addon_OpLimit!$B$24:$B$5000,Deviation_w_Addon_OpLimSummary!$B58,Deviation_w_Addon_OpLimit!$C$24:$C$5000,C58,Deviation_w_Addon_OpLimit!$G$24:$G$5000,\"Other Known Problems\"))","v":""},{"$f":"IF($B58=\"\",\"\",SUMIFS(Deviation_w_Addon_OpLimit!$F$24:$F$5000,Deviation_w_Addon_OpLimit!$A$24:$A$5000,Deviation_w_Addon_OpLimSummary!$A58,Deviation_w_Addon_OpLimit!$B$24:$B$5000,Deviation_w_Addon_OpLimSummary!$B58,Deviation_w_Addon_OpLimit!$C$24:$C$5000,C58,Deviation_w_Addon_OpLimit!$G$24:$G$5000,\"Other Unknown Causes\"))","v":""}]
[null,null,null,null,"","",{"$f":"IF($B59=\"\",\"\",SUMIFS(Deviation_w_Addon_OpLimit!$F$24:$F$5000,Deviation_w_Addon_OpLimit!$A$24:$A$5000,Deviation_w_Addon_OpLimSummary!$A59,Deviation_w_Addon_OpLimit!$B$24:$B$5000,Deviation_w_Addon_OpLimSummary!$B59,Deviation_w_Addon_OpLimit!$C$24:$C$5000,C59,Deviation_w_Addon_OpLimit!$G$24:$G$5000,\"Control Equipment Problems\"))","v":""},{"$f":"IF($B59=\"\",\"\",SUMIFS(Deviation_w_Addon_OpLimit!$F$24:$F$5000,Deviation_w_Addon_OpLimit!$A$24:$A$5000,Deviation_w_Addon_OpLimSummary!$A59,Deviation_w_Addon_OpLimit!$B$24:$B$5000,Deviation_w_Addon_OpLimSummary!$B59,Deviation_w_Addon_OpLimit!$C$24:$C$5000,C59,Deviation_w_Addon_OpLimit!$G$24:$G$5000,\"Process Problems\"))","v":""},{"$f":"IF($B59=\"\",\"\",SUMIFS(Deviation_w_Addon_OpLimit!$F$24:$F$5000,Deviation_w_Addon_OpLimit!$A$24:$A$5000,Deviation_w_Addon_OpLimSummary!$A59,Deviation_w_Addon_OpLimit!$B$24:$B$5000,Deviation_w_Addon_OpLimSummary!$B59,Deviation_w_Addon_OpLimit!$C$24:$C$5000,C59,Deviation_w_Addon_OpLimit!$G$24:$G$5000,\"Other Known Problems\"))","v":""},{"$f":"IF($B59=\"\",\"\",SUMIFS(Deviation_w_Addon_OpLimit!$F$24:$F$5000,Deviation_w_Addon_OpLimit!$A$24:$A$5000,Deviation_w_Addon_OpLimSummary!$A59,Deviation_w_Addon_OpLimit!$B$24:$B$5000,Deviation_w_Addon_OpLimSummary!$B59,Deviation_w_Addon_OpLimit!$C$24:$C$5000,C59,Deviation_w_Addon_OpLimit!$G$24:$G$5000,\"Other Unknown Causes\"))","v":""}]
[null,null,null,null,"","",{"$f":"IF($B60=\"\",\"\",SUMIFS(Deviation_w_Addon_OpLimit!$F$24:$F$5000,Deviation_w_Addon_OpLimit!$A$24:$A$5000,Deviation_w_Addon_OpLimSummary!$A60,Deviation_w_Addon_OpLimit!$B$24:$B$5000,Deviation_w_Addon_OpLimSummary!$B60,Deviation_w_Addon_OpLimit!$C$24:$C$5000,C60,Deviation_w_Addon_OpLimit!$G$24:$G$5000,\"Control Equipment Problems\"))","v":""},{"$f":"IF($B60=\"\",\"\",SUMIFS(Deviation_w_Addon_OpLimit!$F$24:$F$5000,Deviation_w_Addon_OpLimit!$A$24:$A$5000,Deviation_w_Addon_OpLimSummary!$A60,Deviation_w_Addon_OpLimit!$B$24:$B$5000,Deviation_w_Addon_OpLimSummary!$B60,Deviation_w_Addon_OpLimit!$C$24:$C$5000,C60,Deviation_w_Addon_OpLimit!$G$24:$G$5000,\"Process Problems\"))","v":""},{"$f":"IF($B60=\"\",\"\",SUMIFS(Deviation_w_Addon_OpLimit!$F$24:$F$5000,Deviation_w_Addon_OpLimit!$A$24:$A$5000,Deviation_w_Addon_OpLimSummary!$A60,Deviation_w_Addon_OpLimit!$B$24:$B$5000,Deviation_w_Addon_OpLimSummary!$B60,Deviation_w_Addon_OpLimit!$C$24:$C$5000,C60,Deviation_w_Addon_OpLimit!$G$24:$G$5000,\"Other Known Problems\"))","v":""},{"$f":"IF($B60=\"\",\"\",SUMIFS(Deviation_w_Addon_OpLimit!$F$24:$F$5000,Deviation_w_Addon_OpLimit!$A$24:$A$5000,Deviation_w_Addon_OpLimSummary!$A60,Deviation_w_Addon_OpLimit!$B$24:$B$5000,Deviation_w_Addon_OpLimSummary!$B60,Deviation_w_Addon_OpLimit!$C$24:$C$5000,C60,Deviation_w_Addon_OpLimit!$G$24:$G$5000,\"Other Unknown Causes\"))","v":""}]
[null,null,null,null,"","",{"$f":"IF($B61=\"\",\"\",SUMIFS(Deviation_w_Addon_OpLimit!$F$24:$F$5000,Deviation_w_Addon_OpLimit!$A$24:$A$5000,Deviation_w_Addon_OpLimSummary!$A61,Deviation_w_Addon_OpLimit!$B$24:$B$5000,Deviation_w_Addon_OpLimSummary!$B61,Deviation_w_Addon_OpLimit!$C$24:$C$5000,C61,Deviation_w_Addon_OpLimit!$G$24:$G$5000,\"Control Equipment Problems\"))","v":""},{"$f":"IF($B61=\"\",\"\",SUMIFS(Deviation_w_Addon_OpLimit!$F$24:$F$5000,Deviation_w_Addon_OpLimit!$A$24:$A$5000,Deviation_w_Addon_OpLimSummary!$A61,Deviation_w_Addon_OpLimit!$B$24:$B$5000,Deviation_w_Addon_OpLimSummary!$B61,Deviation_w_Addon_OpLimit!$C$24:$C$5000,C61,Deviation_w_Addon_OpLimit!$G$24:$G$5000,\"Process Problems\"))","v":""},{"$f":"IF($B61=\"\",\"\",SUMIFS(Deviation_w_Addon_OpLimit!$F$24:$F$5000,Deviation_w_Addon_OpLimit!$A$24:$A$5000,Deviation_w_Addon_OpLimSummary!$A61,Deviation_w_Addon_OpLimit!$B$24:$B$5000,Deviation_w_Addon_OpLimSummary!$B61,Deviation_w_Addon_OpLimit!$C$24:$C$5000,C61,Deviation_w_Addon_OpLimit!$G$24:$G$5000,\"Other Known Problems\"))","v":""},{"$f":"IF($B61=\"\",\"\",SUMIFS(Deviation_w_Addon_OpLimit!$F$24:$F$5000,Deviation_w_Addon_OpLimit!$A$24:$A$5000,Deviation_w_Addon_OpLimSummary!$A61,Deviation_w_Addon_OpLimit!$B$24:$B$5000,Deviation_w_Addon_OpLimSummary!$B61,Deviation_w_Addon_OpLimit!$C$24:$C$5000,C61,Deviation_w_Addon_OpLimit!$G$24:$G$5000,\"Other Unknown Causes\"))","v":""}]
[null,null,null,null,"","",{"$f":"IF($B62=\"\",\"\",SUMIFS(Deviation_w_Addon_OpLimit!$F$24:$F$5000,Deviation_w_Addon_OpLimit!$A$24:$A$5000,Deviation_w_Addon_OpLimSummary!$A62,Deviation_w_Addon_OpLimit!$B$24:$B$5000,Deviation_w_Addon_OpLimSummary!$B62,Deviation_w_Addon_OpLimit!$C$24:$C$5000,C62,Deviation_w_Addon_OpLimit!$G$24:$G$5000,\"Control Equipment Problems\"))","v":""},{"$f":"IF($B62=\"\",\"\",SUMIFS(Deviation_w_Addon_OpLimit!$F$24:$F$5000,Deviation_w_Addon_OpLimit!$A$24:$A$5000,Deviation_w_Addon_OpLimSummary!$A62,Deviation_w_Addon_OpLimit!$B$24:$B$5000,Deviation_w_Addon_OpLimSummary!$B62,Deviation_w_Addon_OpLimit!$C$24:$C$5000,C62,Deviation_w_Addon_OpLimit!$G$24:$G$5000,\"Process Problems\"))","v":""},{"$f":"IF($B62=\"\",\"\",SUMIFS(Deviation_w_Addon_OpLimit!$F$24:$F$5000,Deviation_w_Addon_OpLimit!$A$24:$A$5000,Deviation_w_Addon_OpLimSummary!$A62,Deviation_w_Addon_OpLimit!$B$24:$B$5000,Deviation_w_Addon_OpLimSummary!$B62,Deviation_w_Addon_OpLimit!$C$24:$C$5000,C62,Deviation_w_Addon_OpLimit!$G$24:$G$5000,\"Other Known Problems\"))","v":""},{"$f":"IF($B62=\"\",\"\",SUMIFS(Deviation_w_Addon_OpLimit!$F$24:$F$5000,Deviation_w_Addon_OpLimit!$A$24:$A$5000,Deviation_w_Addon_OpLimSummary!$A62,Deviation_w_Addon_OpLimit!$B$24:$B$5000,Deviation_w_Addon_OpLimSummary!$B62,Deviation_w_Addon_OpLimit!$C$24:$C$5000,C62,Deviation_w_Addon_OpLimit!$G$24:$G$5000,\"Other Unknown Causes\"))","v":""}]
[null,null,null,null,"","",{"$f":"IF($B63=\"\",\"\",SUMIFS(Deviation_w_Addon_OpLimit!$F$24:$F$5000,Deviation_w_Addon_OpLimit!$A$24:$A$5000,Deviation_w_Addon_OpLimSummary!$A63,Deviation_w_Addon_OpLimit!$B$24:$B$5000,Deviation_w_Addon_OpLimSummary!$B63,Deviation_w_Addon_OpLimit!$C$24:$C$5000,C63,Deviation_w_Addon_OpLimit!$G$24:$G$5000,\"Control Equipment Problems\"))","v":""},{"$f":"IF($B63=\"\",\"\",SUMIFS(Deviation_w_Addon_OpLimit!$F$24:$F$5000,Deviation_w_Addon_OpLimit!$A$24:$A$5000,Deviation_w_Addon_OpLimSummary!$A63,Deviation_w_Addon_OpLimit!$B$24:$B$5000,Deviation_w_Addon_OpLimSummary!$B63,Deviation_w_Addon_OpLimit!$C$24:$C$5000,C63,Deviation_w_Addon_OpLimit!$G$24:$G$5000,\"Process Problems\"))","v":""},{"$f":"IF($B63=\"\",\"\",SUMIFS(Deviation_w_Addon_OpLimit!$F$24:$F$5000,Deviation_w_Addon_OpLimit!$A$24:$A$5000,Deviation_w_Addon_OpLimSummary!$A63,Deviation_w_Addon_OpLimit!$B$24:$B$5000,Deviation_w_Addon_OpLimSummary!$B63,Deviation_w_Addon_OpLimit!$C$24:$C$5000,C63,Deviation_w_Addon_OpLimit!$G$24:$G$5000,\"Other Known Problems\"))","v":""},{"$f":"IF($B63=\"\",\"\",SUMIFS(Deviation_w_Addon_OpLimit!$F$24:$F$5000,Deviation_w_Addon_OpLimit!$A$24:$A$5000,Deviation_w_Addon_OpLimSummary!$A63,Deviation_w_Addon_OpLimit!$B$24:$B$5000,Deviation_w_Addon_OpLimSummary!$B63,Deviation_w_Addon_OpLimit!$C$24:$C$5000,C63,Deviation_w_Addon_OpLimit!$G$24:$G$5000,\"Other Unknown Causes\"))","v":""}]
[null,null,null,null,"","",{"$f":"IF($B64=\"\",\"\",SUMIFS(Deviation_w_Addon_OpLimit!$F$24:$F$5000,Deviation_w_Addon_OpLimit!$A$24:$A$5000,Deviation_w_Addon_OpLimSummary!$A64,Deviation_w_Addon_OpLimit!$B$24:$B$5000,Deviation_w_Addon_OpLimSummary!$B64,Deviation_w_Addon_OpLimit!$C$24:$C$5000,C64,Deviation_w_Addon_OpLimit!$G$24:$G$5000,\"Control Equipment Problems\"))","v":""},{"$f":"IF($B64=\"\",\"\",SUMIFS(Deviation_w_Addon_OpLimit!$F$24:$F$5000,Deviation_w_Addon_OpLimit!$A$24:$A$5000,Deviation_w_Addon_OpLimSummary!$A64,Deviation_w_Addon_OpLimit!$B$24:$B$5000,Deviation_w_Addon_OpLimSummary!$B64,Deviation_w_Addon_OpLimit!$C$24:$C$5000,C64,Deviation_w_Addon_OpLimit!$G$24:$G$5000,\"Process Problems\"))","v":""},{"$f":"IF($B64=\"\",\"\",SUMIFS(Deviation_w_Addon_OpLimit!$F$24:$F$5000,Deviation_w_Addon_OpLimit!$A$24:$A$5000,Deviation_w_Addon_OpLimSummary!$A64,Deviation_w_Addon_OpLimit!$B$24:$B$5000,Deviation_w_Addon_OpLimSummary!$B64,Deviation_w_Addon_OpLimit!$C$24:$C$5000,C64,Deviation_w_Addon_OpLimit!$G$24:$G$5000,\"Other Known Problems\"))","v":""},{"$f":"IF($B64=\"\",\"\",SUMIFS(Deviation_w_Addon_OpLimit!$F$24:$F$5000,Deviation_w_Addon_OpLimit!$A$24:$A$5000,Deviation_w_Addon_OpLimSummary!$A64,Deviation_w_Addon_OpLimit!$B$24:$B$5000,Deviation_w_Addon_OpLimSummary!$B64,Deviation_w_Addon_OpLimit!$C$24:$C$5000,C64,Deviation_w_Addon_OpLimit!$G$24:$G$5000,\"Other Unknown Causes\"))","v":""}]
[null,null,null,null,"","",{"$f":"IF($B65=\"\",\"\",SUMIFS(Deviation_w_Addon_OpLimit!$F$24:$F$5000,Deviation_w_Addon_OpLimit!$A$24:$A$5000,Deviation_w_Addon_OpLimSummary!$A65,Deviation_w_Addon_OpLimit!$B$24:$B$5000,Deviation_w_Addon_OpLimSummary!$B65,Deviation_w_Addon_OpLimit!$C$24:$C$5000,C65,Deviation_w_Addon_OpLimit!$G$24:$G$5000,\"Control Equipment Problems\"))","v":""},{"$f":"IF($B65=\"\",\"\",SUMIFS(Deviation_w_Addon_OpLimit!$F$24:$F$5000,Deviation_w_Addon_OpLimit!$A$24:$A$5000,Deviation_w_Addon_OpLimSummary!$A65,Deviation_w_Addon_OpLimit!$B$24:$B$5000,Deviation_w_Addon_OpLimSummary!$B65,Deviation_w_Addon_OpLimit!$C$24:$C$5000,C65,Deviation_w_Addon_OpLimit!$G$24:$G$5000,\"Process Problems\"))","v":""},{"$f":"IF($B65=\"\",\"\",SUMIFS(Deviation_w_Addon_OpLimit!$F$24:$F$5000,Deviation_w_Addon_OpLimit!$A$24:$A$5000,Deviation_w_Addon_OpLimSummary!$A65,Deviation_w_Addon_OpLimit!$B$24:$B$5000,Deviation_w_Addon_OpLimSummary!$B65,Deviation_w_Addon_OpLimit!$C$24:$C$5000,C65,Deviation_w_Addon_OpLimit!$G$24:$G$5000,\"Other Known Problems\"))","v":""},{"$f":"IF($B65=\"\",\"\",SUMIFS(Deviation_w_Addon_OpLimit!$F$24:$F$5000,Deviation_w_Addon_OpLimit!$A$24:$A$5000,Deviation_w_Addon_OpLimSummary!$A65,Deviation_w_Addon_OpLimit!$B$24:$B$5000,Deviation_w_Addon_OpLimSummary!$B65,Deviation_w_Addon_OpLimit!$C$24:$C$5000,C65,Deviation_w_Addon_OpLimit!$G$24:$G$5000,\"Other Unknown Causes\"))","v":""}]
[null,null,null,null,"","",{"$f":"IF($B66=\"\",\"\",SUMIFS(Deviation_w_Addon_OpLimit!$F$24:$F$5000,Deviation_w_Addon_OpLimit!$A$24:$A$5000,Deviation_w_Addon_OpLimSummary!$A66,Deviation_w_Addon_OpLimit!$B$24:$B$5000,Deviation_w_Addon_OpLimSummary!$B66,Deviation_w_Addon_OpLimit!$C$24:$C$5000,C66,Deviation_w_Addon_OpLimit!$G$24:$G$5000,\"Control Equipment Problems\"))","v":""},{"$f":"IF($B66=\"\",\"\",SUMIFS(Deviation_w_Addon_OpLimit!$F$24:$F$5000,Deviation_w_Addon_OpLimit!$A$24:$A$5000,Deviation_w_Addon_OpLimSummary!$A66,Deviation_w_Addon_OpLimit!$B$24:$B$5000,Deviation_w_Addon_OpLimSummary!$B66,Deviation_w_Addon_OpLimit!$C$24:$C$5000,C66,Deviation_w_Addon_OpLimit!$G$24:$G$5000,\"Process Problems\"))","v":""},{"$f":"IF($B66=\"\",\"\",SUMIFS(Deviation_w_Addon_OpLimit!$F$24:$F$5000,Deviation_w_Addon_OpLimit!$A$24:$A$5000,Deviation_w_Addon_OpLimSummary!$A66,Deviation_w_Addon_OpLimit!$B$24:$B$5000,Deviation_w_Addon_OpLimSummary!$B66,Deviation_w_Addon_OpLimit!$C$24:$C$5000,C66,Deviation_w_Addon_OpLimit!$G$24:$G$5000,\"Other Known Problems\"))","v":""},{"$f":"IF($B66=\"\",\"\",SUMIFS(Deviation_w_Addon_OpLimit!$F$24:$F$5000,Deviation_w_Addon_OpLimit!$A$24:$A$5000,Deviation_w_Addon_OpLimSummary!$A66,Deviation_w_Addon_OpLimit!$B$24:$B$5000,Deviation_w_Addon_OpLimSummary!$B66,Deviation_w_Addon_OpLimit!$C$24:$C$5000,C66,Deviation_w_Addon_OpLimit!$G$24:$G$5000,\"Other Unknown Causes\"))","v":""}]
[null,null,null,null,"","",{"$f":"IF($B67=\"\",\"\",SUMIFS(Deviation_w_Addon_OpLimit!$F$24:$F$5000,Deviation_w_Addon_OpLimit!$A$24:$A$5000,Deviation_w_Addon_OpLimSummary!$A67,Deviation_w_Addon_OpLimit!$B$24:$B$5000,Deviation_w_Addon_OpLimSummary!$B67,Deviation_w_Addon_OpLimit!$C$24:$C$5000,C67,Deviation_w_Addon_OpLimit!$G$24:$G$5000,\"Control Equipment Problems\"))","v":""},{"$f":"IF($B67=\"\",\"\",SUMIFS(Deviation_w_Addon_OpLimit!$F$24:$F$5000,Deviation_w_Addon_OpLimit!$A$24:$A$5000,Deviation_w_Addon_OpLimSummary!$A67,Deviation_w_Addon_OpLimit!$B$24:$B$5000,Deviation_w_Addon_OpLimSummary!$B67,Deviation_w_Addon_OpLimit!$C$24:$C$5000,C67,Deviation_w_Addon_OpLimit!$G$24:$G$5000,\"Process Problems\"))","v":""},{"$f":"IF($B67=\"\",\"\",SUMIFS(Deviation_w_Addon_OpLimit!$F$24:$F$5000,Deviation_w_Addon_OpLimit!$A$24:$A$5000,Deviation_w_Addon_OpLimSummary!$A67,Deviation_w_Addon_OpLimit!$B$24:$B$5000,Deviation_w_Addon_OpLimSummary!$B67,Deviation_w_Addon_OpLimit!$C$24:$C$5000,C67,Deviation_w_Addon_OpLimit!$G$24:$G$5000,\"Other Known Problems\"))","v":""},{"$f":"IF($B67=\"\",\"\",SUMIFS(Deviation_w_Addon_OpLimit!$F$24:$F$5000,Deviation_w_Addon_OpLimit!$A$24:$A$5000,Deviation_w_Addon_OpLimSummary!$A67,Deviation_w_Addon_OpLimit!$B$24:$B$5000,Deviation_w_Addon_OpLimSummary!$B67,Deviation_w_Addon_OpLimit!$C$24:$C$5000,C67,Deviation_w_Addon_OpLimit!$G$24:$G$5000,\"Other Unknown Causes\"))","v":""}]
[null,null,null,null,"","",{"$f":"IF($B68=\"\",\"\",SUMIFS(Deviation_w_Addon_OpLimit!$F$24:$F$5000,Deviation_w_Addon_OpLimit!$A$24:$A$5000,Deviation_w_Addon_OpLimSummary!$A68,Deviation_w_Addon_OpLimit!$B$24:$B$5000,Deviation_w_Addon_OpLimSummary!$B68,Deviation_w_Addon_OpLimit!$C$24:$C$5000,C68,Deviation_w_Addon_OpLimit!$G$24:$G$5000,\"Control Equipment Problems\"))","v":""},{"$f":"IF($B68=\"\",\"\",SUMIFS(Deviation_w_Addon_OpLimit!$F$24:$F$5000,Deviation_w_Addon_OpLimit!$A$24:$A$5000,Deviation_w_Addon_OpLimSummary!$A68,Deviation_w_Addon_OpLimit!$B$24:$B$5000,Deviation_w_Addon_OpLimSummary!$B68,Deviation_w_Addon_OpLimit!$C$24:$C$5000,C68,Deviation_w_Addon_OpLimit!$G$24:$G$5000,\"Process Problems\"))","v":""},{"$f":"IF($B68=\"\",\"\",SUMIFS(Deviation_w_Addon_OpLimit!$F$24:$F$5000,Deviation_w_Addon_OpLimit!$A$24:$A$5000,Deviation_w_Addon_OpLimSummary!$A68,Deviation_w_Addon_OpLimit!$B$24:$B$5000,Deviation_w_Addon_OpLimSummary!$B68,Deviation_w_Addon_OpLimit!$C$24:$C$5000,C68,Deviation_w_Addon_OpLimit!$G$24:$G$5000,\"Other Known Problems\"))","v":""},{"$f":"IF($B68=\"\",\"\",SUMIFS(Deviation_w_Addon_OpLimit!$F$24:$F$5000,Deviation_w_Addon_OpLimit!$A$24:$A$5000,Deviation_w_Addon_OpLimSummary!$A68,Deviation_w_Addon_OpLimit!$B$24:$B$5000,Deviation_w_Addon_OpLimSummary!$B68,Deviation_w_Addon_OpLimit!$C$24:$C$5000,C68,Deviation_w_Addon_OpLimit!$G$24:$G$5000,\"Other Unknown Causes\"))","v":""}]
[null,null,null,null,"","",{"$f":"IF($B69=\"\",\"\",SUMIFS(Deviation_w_Addon_OpLimit!$F$24:$F$5000,Deviation_w_Addon_OpLimit!$A$24:$A$5000,Deviation_w_Addon_OpLimSummary!$A69,Deviation_w_Addon_OpLimit!$B$24:$B$5000,Deviation_w_Addon_OpLimSummary!$B69,Deviation_w_Addon_OpLimit!$C$24:$C$5000,C69,Deviation_w_Addon_OpLimit!$G$24:$G$5000,\"Control Equipment Problems\"))","v":""},{"$f":"IF($B69=\"\",\"\",SUMIFS(Deviation_w_Addon_OpLimit!$F$24:$F$5000,Deviation_w_Addon_OpLimit!$A$24:$A$5000,Deviation_w_Addon_OpLimSummary!$A69,Deviation_w_Addon_OpLimit!$B$24:$B$5000,Deviation_w_Addon_OpLimSummary!$B69,Deviation_w_Addon_OpLimit!$C$24:$C$5000,C69,Deviation_w_Addon_OpLimit!$G$24:$G$5000,\"Process Problems\"))","v":""},{"$f":"IF($B69=\"\",\"\",SUMIFS(Deviation_w_Addon_OpLimit!$F$24:$F$5000,Deviation_w_Addon_OpLimit!$A$24:$A$5000,Deviation_w_Addon_OpLimSummary!$A69,Deviation_w_Addon_OpLimit!$B$24:$B$5000,Deviation_w_Addon_OpLimSummary!$B69,Deviation_w_Addon_OpLimit!$C$24:$C$5000,C69,Deviation_w_Addon_OpLimit!$G$24:$G$5000,\"Other Known Problems\"))","v":""},{"$f":"IF($B69=\"\",\"\",SUMIFS(Deviation_w_Addon_OpLimit!$F$24:$F$5000,Deviation_w_Addon_OpLimit!$A$24:$A$5000,Deviation_w_Addon_OpLimSummary!$A69,Deviation_w_Addon_OpLimit!$B$24:$B$5000,Deviation_w_Addon_OpLimSummary!$B69,Deviation_w_Addon_OpLimit!$C$24:$C$5000,C69,Deviation_w_Addon_OpLimit!$G$24:$G$5000,\"Other Unknown Causes\"))","v":""}]
[null,null,null,null,"","",{"$f":"IF($B70=\"\",\"\",SUMIFS(Deviation_w_Addon_OpLimit!$F$24:$F$5000,Deviation_w_Addon_OpLimit!$A$24:$A$5000,Deviation_w_Addon_OpLimSummary!$A70,Deviation_w_Addon_OpLimit!$B$24:$B$5000,Deviation_w_Addon_OpLimSummary!$B70,Deviation_w_Addon_OpLimit!$C$24:$C$5000,C70,Deviation_w_Addon_OpLimit!$G$24:$G$5000,\"Control Equipment Problems\"))","v":""},{"$f":"IF($B70=\"\",\"\",SUMIFS(Deviation_w_Addon_OpLimit!$F$24:$F$5000,Deviation_w_Addon_OpLimit!$A$24:$A$5000,Deviation_w_Addon_OpLimSummary!$A70,Deviation_w_Addon_OpLimit!$B$24:$B$5000,Deviation_w_Addon_OpLimSummary!$B70,Deviation_w_Addon_OpLimit!$C$24:$C$5000,C70,Deviation_w_Addon_OpLimit!$G$24:$G$5000,\"Process Problems\"))","v":""},{"$f":"IF($B70=\"\",\"\",SUMIFS(Deviation_w_Addon_OpLimit!$F$24:$F$5000,Deviation_w_Addon_OpLimit!$A$24:$A$5000,Deviation_w_Addon_OpLimSummary!$A70,Deviation_w_Addon_OpLimit!$B$24:$B$5000,Deviation_w_Addon_OpLimSummary!$B70,Deviation_w_Addon_OpLimit!$C$24:$C$5000,C70,Deviation_w_Addon_OpLimit!$G$24:$G$5000,\"Other Known Problems\"))","v":""},{"$f":"IF($B70=\"\",\"\",SUMIFS(Deviation_w_Addon_OpLimit!$F$24:$F$5000,Deviation_w_Addon_OpLimit!$A$24:$A$5000,Deviation_w_Addon_OpLimSummary!$A70,Deviation_w_Addon_OpLimit!$B$24:$B$5000,Deviation_w_Addon_OpLimSummary!$B70,Deviation_w_Addon_OpLimit!$C$24:$C$5000,C70,Deviation_w_Addon_OpLimit!$G$24:$G$5000,\"Other Unknown Causes\"))","v":""}]
[null,null,null,null,"","",{"$f":"IF($B71=\"\",\"\",SUMIFS(Deviation_w_Addon_OpLimit!$F$24:$F$5000,Deviation_w_Addon_OpLimit!$A$24:$A$5000,Deviation_w_Addon_OpLimSummary!$A71,Deviation_w_Addon_OpLimit!$B$24:$B$5000,Deviation_w_Addon_OpLimSummary!$B71,Deviation_w_Addon_OpLimit!$C$24:$C$5000,C71,Deviation_w_Addon_OpLimit!$G$24:$G$5000,\"Control Equipment Problems\"))","v":""},{"$f":"IF($B71=\"\",\"\",SUMIFS(Deviation_w_Addon_OpLimit!$F$24:$F$5000,Deviation_w_Addon_OpLimit!$A$24:$A$5000,Deviation_w_Addon_OpLimSummary!$A71,Deviation_w_Addon_OpLimit!$B$24:$B$5000,Deviation_w_Addon_OpLimSummary!$B71,Deviation_w_Addon_OpLimit!$C$24:$C$5000,C71,Deviation_w_Addon_OpLimit!$G$24:$G$5000,\"Process Problems\"))","v":""},{"$f":"IF($B71=\"\",\"\",SUMIFS(Deviation_w_Addon_OpLimit!$F$24:$F$5000,Deviation_w_Addon_OpLimit!$A$24:$A$5000,Deviation_w_Addon_OpLimSummary!$A71,Deviation_w_Addon_OpLimit!$B$24:$B$5000,Deviation_w_Addon_OpLimSummary!$B71,Deviation_w_Addon_OpLimit!$C$24:$C$5000,C71,Deviation_w_Addon_OpLimit!$G$24:$G$5000,\"Other Known Problems\"))","v":""},{"$f":"IF($B71=\"\",\"\",SUMIFS(Deviation_w_Addon_OpLimit!$F$24:$F$5000,Deviation_w_Addon_OpLimit!$A$24:$A$5000,Deviation_w_Addon_OpLimSummary!$A71,Deviation_w_Addon_OpLimit!$B$24:$B$5000,Deviation_w_Addon_OpLimSummary!$B71,Deviation_w_Addon_OpLimit!$C$24:$C$5000,C71,Deviation_w_Addon_OpLimit!$G$24:$G$5000,\"Other Unknown Causes\"))","v":""}]
[null,null,null,null,"","",{"$f":"IF($B72=\"\",\"\",SUMIFS(Deviation_w_Addon_OpLimit!$F$24:$F$5000,Deviation_w_Addon_OpLimit!$A$24:$A$5000,Deviation_w_Addon_OpLimSummary!$A72,Deviation_w_Addon_OpLimit!$B$24:$B$5000,Deviation_w_Addon_OpLimSummary!$B72,Deviation_w_Addon_OpLimit!$C$24:$C$5000,C72,Deviation_w_Addon_OpLimit!$G$24:$G$5000,\"Control Equipment Problems\"))","v":""},{"$f":"IF($B72=\"\",\"\",SUMIFS(Deviation_w_Addon_OpLimit!$F$24:$F$5000,Deviation_w_Addon_OpLimit!$A$24:$A$5000,Deviation_w_Addon_OpLimSummary!$A72,Deviation_w_Addon_OpLimit!$B$24:$B$5000,Deviation_w_Addon_OpLimSummary!$B72,Deviation_w_Addon_OpLimit!$C$24:$C$5000,C72,Deviation_w_Addon_OpLimit!$G$24:$G$5000,\"Process Problems\"))","v":""},{"$f":"IF($B72=\"\",\"\",SUMIFS(Deviation_w_Addon_OpLimit!$F$24:$F$5000,Deviation_w_Addon_OpLimit!$A$24:$A$5000,Deviation_w_Addon_OpLimSummary!$A72,Deviation_w_Addon_OpLimit!$B$24:$B$5000,Deviation_w_Addon_OpLimSummary!$B72,Deviation_w_Addon_OpLimit!$C$24:$C$5000,C72,Deviation_w_Addon_OpLimit!$G$24:$G$5000,\"Other Known Problems\"))","v":""},{"$f":"IF($B72=\"\",\"\",SUMIFS(Deviation_w_Addon_OpLimit!$F$24:$F$5000,Deviation_w_Addon_OpLimit!$A$24:$A$5000,Deviation_w_Addon_OpLimSummary!$A72,Deviation_w_Addon_OpLimit!$B$24:$B$5000,Deviation_w_Addon_OpLimSummary!$B72,Deviation_w_Addon_OpLimit!$C$24:$C$5000,C72,Deviation_w_Addon_OpLimit!$G$24:$G$5000,\"Other Unknown Causes\"))","v":""}]
[null,null,null,null,"","",{"$f":"IF($B73=\"\",\"\",SUMIFS(Deviation_w_Addon_OpLimit!$F$24:$F$5000,Deviation_w_Addon_OpLimit!$A$24:$A$5000,Deviation_w_Addon_OpLimSummary!$A73,Deviation_w_Addon_OpLimit!$B$24:$B$5000,Deviation_w_Addon_OpLimSummary!$B73,Deviation_w_Addon_OpLimit!$C$24:$C$5000,C73,Deviation_w_Addon_OpLimit!$G$24:$G$5000,\"Control Equipment Problems\"))","v":""},{"$f":"IF($B73=\"\",\"\",SUMIFS(Deviation_w_Addon_OpLimit!$F$24:$F$5000,Deviation_w_Addon_OpLimit!$A$24:$A$5000,Deviation_w_Addon_OpLimSummary!$A73,Deviation_w_Addon_OpLimit!$B$24:$B$5000,Deviation_w_Addon_OpLimSummary!$B73,Deviation_w_Addon_OpLimit!$C$24:$C$5000,C73,Deviation_w_Addon_OpLimit!$G$24:$G$5000,\"Process Problems\"))","v":""},{"$f":"IF($B73=\"\",\"\",SUMIFS(Deviation_w_Addon_OpLimit!$F$24:$F$5000,Deviation_w_Addon_OpLimit!$A$24:$A$5000,Deviation_w_Addon_OpLimSummary!$A73,Deviation_w_Addon_OpLimit!$B$24:$B$5000,Deviation_w_Addon_OpLimSummary!$B73,Deviation_w_Addon_OpLimit!$C$24:$C$5000,C73,Deviation_w_Addon_OpLimit!$G$24:$G$5000,\"Other Known Problems\"))","v":""},{"$f":"IF($B73=\"\",\"\",SUMIFS(Deviation_w_Addon_OpLimit!$F$24:$F$5000,Deviation_w_Addon_OpLimit!$A$24:$A$5000,Deviation_w_Addon_OpLimSummary!$A73,Deviation_w_Addon_OpLimit!$B$24:$B$5000,Deviation_w_Addon_OpLimSummary!$B73,Deviation_w_Addon_OpLimit!$C$24:$C$5000,C73,Deviation_w_Addon_OpLimit!$G$24:$G$5000,\"Other Unknown Causes\"))","v":""}]
[null,null,null,null,"","",{"$f":"IF($B74=\"\",\"\",SUMIFS(Deviation_w_Addon_OpLimit!$F$24:$F$5000,Deviation_w_Addon_OpLimit!$A$24:$A$5000,Deviation_w_Addon_OpLimSummary!$A74,Deviation_w_Addon_OpLimit!$B$24:$B$5000,Deviation_w_Addon_OpLimSummary!$B74,Deviation_w_Addon_OpLimit!$C$24:$C$5000,C74,Deviation_w_Addon_OpLimit!$G$24:$G$5000,\"Control Equipment Problems\"))","v":""},{"$f":"IF($B74=\"\",\"\",SUMIFS(Deviation_w_Addon_OpLimit!$F$24:$F$5000,Deviation_w_Addon_OpLimit!$A$24:$A$5000,Deviation_w_Addon_OpLimSummary!$A74,Deviation_w_Addon_OpLimit!$B$24:$B$5000,Deviation_w_Addon_OpLimSummary!$B74,Deviation_w_Addon_OpLimit!$C$24:$C$5000,C74,Deviation_w_Addon_OpLimit!$G$24:$G$5000,\"Process Problems\"))","v":""},{"$f":"IF($B74=\"\",\"\",SUMIFS(Deviation_w_Addon_OpLimit!$F$24:$F$5000,Deviation_w_Addon_OpLimit!$A$24:$A$5000,Deviation_w_Addon_OpLimSummary!$A74,Deviation_w_Addon_OpLimit!$B$24:$B$5000,Deviation_w_Addon_OpLimSummary!$B74,Deviation_w_Addon_OpLimit!$C$24:$C$5000,C74,Deviation_w_Addon_OpLimit!$G$24:$G$5000,\"Other Known Problems\"))","v":""},{"$f":"IF($B74=\"\",\"\",SUMIFS(Deviation_w_Addon_OpLimit!$F$24:$F$5000,Deviation_w_Addon_OpLimit!$A$24:$A$5000,Deviation_w_Addon_OpLimSummary!$A74,Deviation_w_Addon_OpLimit!$B$24:$B$5000,Deviation_w_Addon_OpLimSummary!$B74,Deviation_w_Addon_OpLimit!$C$24:$C$5000,C74,Deviation_w_Addon_OpLimit!$G$24:$G$5000,\"Other Unknown Causes\"))","v":""}]
[null,null,null,null,"","",{"$f":"IF($B75=\"\",\"\",SUMIFS(Deviation_w_Addon_OpLimit!$F$24:$F$5000,Deviation_w_Addon_OpLimit!$A$24:$A$5000,Deviation_w_Addon_OpLimSummary!$A75,Deviation_w_Addon_OpLimit!$B$24:$B$5000,Deviation_w_Addon_OpLimSummary!$B75,Deviation_w_Addon_OpLimit!$C$24:$C$5000,C75,Deviation_w_Addon_OpLimit!$G$24:$G$5000,\"Control Equipment Problems\"))","v":""},{"$f":"IF($B75=\"\",\"\",SUMIFS(Deviation_w_Addon_OpLimit!$F$24:$F$5000,Deviation_w_Addon_OpLimit!$A$24:$A$5000,Deviation_w_Addon_OpLimSummary!$A75,Deviation_w_Addon_OpLimit!$B$24:$B$5000,Deviation_w_Addon_OpLimSummary!$B75,Deviation_w_Addon_OpLimit!$C$24:$C$5000,C75,Deviation_w_Addon_OpLimit!$G$24:$G$5000,\"Process Problems\"))","v":""},{"$f":"IF($B75=\"\",\"\",SUMIFS(Deviation_w_Addon_OpLimit!$F$24:$F$5000,Deviation_w_Addon_OpLimit!$A$24:$A$5000,Deviation_w_Addon_OpLimSummary!$A75,Deviation_w_Addon_OpLimit!$B$24:$B$5000,Deviation_w_Addon_OpLimSummary!$B75,Deviation_w_Addon_OpLimit!$C$24:$C$5000,C75,Deviation_w_Addon_OpLimit!$G$24:$G$5000,\"Other Known Problems\"))","v":""},{"$f":"IF($B75=\"\",\"\",SUMIFS(Deviation_w_Addon_OpLimit!$F$24:$F$5000,Deviation_w_Addon_OpLimit!$A$24:$A$5000,Deviation_w_Addon_OpLimSummary!$A75,Deviation_w_Addon_OpLimit!$B$24:$B$5000,Deviation_w_Addon_OpLimSummary!$B75,Deviation_w_Addon_OpLimit!$C$24:$C$5000,C75,Deviation_w_Addon_OpLimit!$G$24:$G$5000,\"Other Unknown Causes\"))","v":""}]
[null,null,null,null,"","",{"$f":"IF($B76=\"\",\"\",SUMIFS(Deviation_w_Addon_OpLimit!$F$24:$F$5000,Deviation_w_Addon_OpLimit!$A$24:$A$5000,Deviation_w_Addon_OpLimSummary!$A76,Deviation_w_Addon_OpLimit!$B$24:$B$5000,Deviation_w_Addon_OpLimSummary!$B76,Deviation_w_Addon_OpLimit!$C$24:$C$5000,C76,Deviation_w_Addon_OpLimit!$G$24:$G$5000,\"Control Equipment Problems\"))","v":""},{"$f":"IF($B76=\"\",\"\",SUMIFS(Deviation_w_Addon_OpLimit!$F$24:$F$5000,Deviation_w_Addon_OpLimit!$A$24:$A$5000,Deviation_w_Addon_OpLimSummary!$A76,Deviation_w_Addon_OpLimit!$B$24:$B$5000,Deviation_w_Addon_OpLimSummary!$B76,Deviation_w_Addon_OpLimit!$C$24:$C$5000,C76,Deviation_w_Addon_OpLimit!$G$24:$G$5000,\"Process Problems\"))","v":""},{"$f":"IF($B76=\"\",\"\",SUMIFS(Deviation_w_Addon_OpLimit!$F$24:$F$5000,Deviation_w_Addon_OpLimit!$A$24:$A$5000,Deviation_w_Addon_OpLimSummary!$A76,Deviation_w_Addon_OpLimit!$B$24:$B$5000,Deviation_w_Addon_OpLimSummary!$B76,Deviation_w_Addon_OpLimit!$C$24:$C$5000,C76,Deviation_w_Addon_OpLimit!$G$24:$G$5000,\"Other Known Problems\"))","v":""},{"$f":"IF($B76=\"\",\"\",SUMIFS(Deviation_w_Addon_OpLimit!$F$24:$F$5000,Deviation_w_Addon_OpLimit!$A$24:$A$5000,Deviation_w_Addon_OpLimSummary!$A76,Deviation_w_Addon_OpLimit!$B$24:$B$5000,Deviation_w_Addon_OpLimSummary!$B76,Deviation_w_Addon_OpLimit!$C$24:$C$5000,C76,Deviation_w_Addon_OpLimit!$G$24:$G$5000,\"Other Unknown Causes\"))","v":""}]
[null,null,null,null,"","",{"$f":"IF($B77=\"\",\"\",SUMIFS(Deviation_w_Addon_OpLimit!$F$24:$F$5000,Deviation_w_Addon_OpLimit!$A$24:$A$5000,Deviation_w_Addon_OpLimSummary!$A77,Deviation_w_Addon_OpLimit!$B$24:$B$5000,Deviation_w_Addon_OpLimSummary!$B77,Deviation_w_Addon_OpLimit!$C$24:$C$5000,C77,Deviation_w_Addon_OpLimit!$G$24:$G$5000,\"Control Equipment Problems\"))","v":""},{"$f":"IF($B77=\"\",\"\",SUMIFS(Deviation_w_Addon_OpLimit!$F$24:$F$5000,Deviation_w_Addon_OpLimit!$A$24:$A$5000,Deviation_w_Addon_OpLimSummary!$A77,Deviation_w_Addon_OpLimit!$B$24:$B$5000,Deviation_w_Addon_OpLimSummary!$B77,Deviation_w_Addon_OpLimit!$C$24:$C$5000,C77,Deviation_w_Addon_OpLimit!$G$24:$G$5000,\"Process Problems\"))","v":""},{"$f":"IF($B77=\"\",\"\",SUMIFS(Deviation_w_Addon_OpLimit!$F$24:$F$5000,Deviation_w_Addon_OpLimit!$A$24:$A$5000,Deviation_w_Addon_OpLimSummary!$A77,Deviation_w_Addon_OpLimit!$B$24:$B$5000,Deviation_w_Addon_OpLimSummary!$B77,Deviation_w_Addon_OpLimit!$C$24:$C$5000,C77,Deviation_w_Addon_OpLimit!$G$24:$G$5000,\"Other Known Problems\"))","v":""},{"$f":"IF($B77=\"\",\"\",SUMIFS(Deviation_w_Addon_OpLimit!$F$24:$F$5000,Deviation_w_Addon_OpLimit!$A$24:$A$5000,Deviation_w_Addon_OpLimSummary!$A77,Deviation_w_Addon_OpLimit!$B$24:$B$5000,Deviation_w_Addon_OpLimSummary!$B77,Deviation_w_Addon_OpLimit!$C$24:$C$5000,C77,Deviation_w_Addon_OpLimit!$G$24:$G$5000,\"Other Unknown Causes\"))","v":""}]
[null,null,null,null,"","",{"$f":"IF($B78=\"\",\"\",SUMIFS(Deviation_w_Addon_OpLimit!$F$24:$F$5000,Deviation_w_Addon_OpLimit!$A$24:$A$5000,Deviation_w_Addon_OpLimSummary!$A78,Deviation_w_Addon_OpLimit!$B$24:$B$5000,Deviation_w_Addon_OpLimSummary!$B78,Deviation_w_Addon_OpLimit!$C$24:$C$5000,C78,Deviation_w_Addon_OpLimit!$G$24:$G$5000,\"Control Equipment Problems\"))","v":""},{"$f":"IF($B78=\"\",\"\",SUMIFS(Deviation_w_Addon_OpLimit!$F$24:$F$5000,Deviation_w_Addon_OpLimit!$A$24:$A$5000,Deviation_w_Addon_OpLimSummary!$A78,Deviation_w_Addon_OpLimit!$B$24:$B$5000,Deviation_w_Addon_OpLimSummary!$B78,Deviation_w_Addon_OpLimit!$C$24:$C$5000,C78,Deviation_w_Addon_OpLimit!$G$24:$G$5000,\"Process Problems\"))","v":""},{"$f":"IF($B78=\"\",\"\",SUMIFS(Deviation_w_Addon_OpLimit!$F$24:$F$5000,Deviation_w_Addon_OpLimit!$A$24:$A$5000,Deviation_w_Addon_OpLimSummary!$A78,Deviation_w_Addon_OpLimit!$B$24:$B$5000,Deviation_w_Addon_OpLimSummary!$B78,Deviation_w_Addon_OpLimit!$C$24:$C$5000,C78,Deviation_w_Addon_OpLimit!$G$24:$G$5000,\"Other Known Problems\"))","v":""},{"$f":"IF($B78=\"\",\"\",SUMIFS(Deviation_w_Addon_OpLimit!$F$24:$F$5000,Deviation_w_Addon_OpLimit!$A$24:$A$5000,Deviation_w_Addon_OpLimSummary!$A78,Deviation_w_Addon_OpLimit!$B$24:$B$5000,Deviation_w_Addon_OpLimSummary!$B78,Deviation_w_Addon_OpLimit!$C$24:$C$5000,C78,Deviation_w_Addon_OpLimit!$G$24:$G$5000,\"Other Unknown Causes\"))","v":""}]
[null,null,null,null,"","",{"$f":"IF($B79=\"\",\"\",SUMIFS(Deviation_w_Addon_OpLimit!$F$24:$F$5000,Deviation_w_Addon_OpLimit!$A$24:$A$5000,Deviation_w_Addon_OpLimSummary!$A79,Deviation_w_Addon_OpLimit!$B$24:$B$5000,Deviation_w_Addon_OpLimSummary!$B79,Deviation_w_Addon_OpLimit!$C$24:$C$5000,C79,Deviation_w_Addon_OpLimit!$G$24:$G$5000,\"Control Equipment Problems\"))","v":""},{"$f":"IF($B79=\"\",\"\",SUMIFS(Deviation_w_Addon_OpLimit!$F$24:$F$5000,Deviation_w_Addon_OpLimit!$A$24:$A$5000,Deviation_w_Addon_OpLimSummary!$A79,Deviation_w_Addon_OpLimit!$B$24:$B$5000,Deviation_w_Addon_OpLimSummary!$B79,Deviation_w_Addon_OpLimit!$C$24:$C$5000,C79,Deviation_w_Addon_OpLimit!$G$24:$G$5000,\"Process Problems\"))","v":""},{"$f":"IF($B79=\"\",\"\",SUMIFS(Deviation_w_Addon_OpLimit!$F$24:$F$5000,Deviation_w_Addon_OpLimit!$A$24:$A$5000,Deviation_w_Addon_OpLimSummary!$A79,Deviation_w_Addon_OpLimit!$B$24:$B$5000,Deviation_w_Addon_OpLimSummary!$B79,Deviation_w_Addon_OpLimit!$C$24:$C$5000,C79,Deviation_w_Addon_OpLimit!$G$24:$G$5000,\"Other Known Problems\"))","v":""},{"$f":"IF($B79=\"\",\"\",SUMIFS(Deviation_w_Addon_OpLimit!$F$24:$F$5000,Deviation_w_Addon_OpLimit!$A$24:$A$5000,Deviation_w_Addon_OpLimSummary!$A79,Deviation_w_Addon_OpLimit!$B$24:$B$5000,Deviation_w_Addon_OpLimSummary!$B79,Deviation_w_Addon_OpLimit!$C$24:$C$5000,C79,Deviation_w_Addon_OpLimit!$G$24:$G$5000,\"Other Unknown Causes\"))","v":""}]
[null,null,null,null,"","",{"$f":"IF($B80=\"\",\"\",SUMIFS(Deviation_w_Addon_OpLimit!$F$24:$F$5000,Deviation_w_Addon_OpLimit!$A$24:$A$5000,Deviation_w_Addon_OpLimSummary!$A80,Deviation_w_Addon_OpLimit!$B$24:$B$5000,Deviation_w_Addon_OpLimSummary!$B80,Deviation_w_Addon_OpLimit!$C$24:$C$5000,C80,Deviation_w_Addon_OpLimit!$G$24:$G$5000,\"Control Equipment Problems\"))","v":""},{"$f":"IF($B80=\"\",\"\",SUMIFS(Deviation_w_Addon_OpLimit!$F$24:$F$5000,Deviation_w_Addon_OpLimit!$A$24:$A$5000,Deviation_w_Addon_OpLimSummary!$A80,Deviation_w_Addon_OpLimit!$B$24:$B$5000,Deviation_w_Addon_OpLimSummary!$B80,Deviation_w_Addon_OpLimit!$C$24:$C$5000,C80,Deviation_w_Addon_OpLimit!$G$24:$G$5000,\"Process Problems\"))","v":""},{"$f":"IF($B80=\"\",\"\",SUMIFS(Deviation_w_Addon_OpLimit!$F$24:$F$5000,Deviation_w_Addon_OpLimit!$A$24:$A$5000,Deviation_w_Addon_OpLimSummary!$A80,Deviation_w_Addon_OpLimit!$B$24:$B$5000,Deviation_w_Addon_OpLimSummary!$B80,Deviation_w_Addon_OpLimit!$C$24:$C$5000,C80,Deviation_w_Addon_OpLimit!$G$24:$G$5000,\"Other Known Problems\"))","v":""},{"$f":"IF($B80=\"\",\"\",SUMIFS(Deviation_w_Addon_OpLimit!$F$24:$F$5000,Deviation_w_Addon_OpLimit!$A$24:$A$5000,Deviation_w_Addon_OpLimSummary!$A80,Deviation_w_Addon_OpLimit!$B$24:$B$5000,Deviation_w_Addon_OpLimSummary!$B80,Deviation_w_Addon_OpLimit!$C$24:$C$5000,C80,Deviation_w_Addon_OpLimit!$G$24:$G$5000,\"Other Unknown Causes\"))","v":""}]
[null,null,null,null,"","",{"$f":"IF($B81=\"\",\"\",SUMIFS(Deviation_w_Addon_OpLimit!$F$24:$F$5000,Deviation_w_Addon_OpLimit!$A$24:$A$5000,Deviation_w_Addon_OpLimSummary!$A81,Deviation_w_Addon_OpLimit!$B$24:$B$5000,Deviation_w_Addon_OpLimSummary!$B81,Deviation_w_Addon_OpLimit!$C$24:$C$5000,C81,Deviation_w_Addon_OpLimit!$G$24:$G$5000,\"Control Equipment Problems\"))","v":""},{"$f":"IF($B81=\"\",\"\",SUMIFS(Deviation_w_Addon_OpLimit!$F$24:$F$5000,Deviation_w_Addon_OpLimit!$A$24:$A$5000,Deviation_w_Addon_OpLimSummary!$A81,Deviation_w_Addon_OpLimit!$B$24:$B$5000,Deviation_w_Addon_OpLimSummary!$B81,Deviation_w_Addon_OpLimit!$C$24:$C$5000,C81,Deviation_w_Addon_OpLimit!$G$24:$G$5000,\"Process Problems\"))","v":""},{"$f":"IF($B81=\"\",\"\",SUMIFS(Deviation_w_Addon_OpLimit!$F$24:$F$5000,Deviation_w_Addon_OpLimit!$A$24:$A$5000,Deviation_w_Addon_OpLimSummary!$A81,Deviation_w_Addon_OpLimit!$B$24:$B$5000,Deviation_w_Addon_OpLimSummary!$B81,Deviation_w_Addon_OpLimit!$C$24:$C$5000,C81,Deviation_w_Addon_OpLimit!$G$24:$G$5000,\"Other Known Problems\"))","v":""},{"$f":"IF($B81=\"\",\"\",SUMIFS(Deviation_w_Addon_OpLimit!$F$24:$F$5000,Deviation_w_Addon_OpLimit!$A$24:$A$5000,Deviation_w_Addon_OpLimSummary!$A81,Deviation_w_Addon_OpLimit!$B$24:$B$5000,Deviation_w_Addon_OpLimSummary!$B81,Deviation_w_Addon_OpLimit!$C$24:$C$5000,C81,Deviation_w_Addon_OpLimit!$G$24:$G$5000,\"Other Unknown Causes\"))","v":""}]
[null,null,null,null,"","",{"$f":"IF($B82=\"\",\"\",SUMIFS(Deviation_w_Addon_OpLimit!$F$24:$F$5000,Deviation_w_Addon_OpLimit!$A$24:$A$5000,Deviation_w_Addon_OpLimSummary!$A82,Deviation_w_Addon_OpLimit!$B$24:$B$5000,Deviation_w_Addon_OpLimSummary!$B82,Deviation_w_Addon_OpLimit!$C$24:$C$5000,C82,Deviation_w_Addon_OpLimit!$G$24:$G$5000,\"Control Equipment Problems\"))","v":""},{"$f":"IF($B82=\"\",\"\",SUMIFS(Deviation_w_Addon_OpLimit!$F$24:$F$5000,Deviation_w_Addon_OpLimit!$A$24:$A$5000,Deviation_w_Addon_OpLimSummary!$A82,Deviation_w_Addon_OpLimit!$B$24:$B$5000,Deviation_w_Addon_OpLimSummary!$B82,Deviation_w_Addon_OpLimit!$C$24:$C$5000,C82,Deviation_w_Addon_OpLimit!$G$24:$G$5000,\"Process Problems\"))","v":""},{"$f":"IF($B82=\"\",\"\",SUMIFS(Deviation_w_Addon_OpLimit!$F$24:$F$5000,Deviation_w_Addon_OpLimit!$A$24:$A$5000,Deviation_w_Addon_OpLimSummary!$A82,Deviation_w_Addon_OpLimit!$B$24:$B$5000,Deviation_w_Addon_OpLimSummary!$B82,Deviation_w_Addon_OpLimit!$C$24:$C$5000,C82,Deviation_w_Addon_OpLimit!$G$24:$G$5000,\"Other Known Problems\"))","v":""},{"$f":"IF($B82=\"\",\"\",SUMIFS(Deviation_w_Addon_OpLimit!$F$24:$F$5000,Deviation_w_Addon_OpLimit!$A$24:$A$5000,Deviation_w_Addon_OpLimSummary!$A82,Deviation_w_Addon_OpLimit!$B$24:$B$5000,Deviation_w_Addon_OpLimSummary!$B82,Deviation_w_Addon_OpLimit!$C$24:$C$5000,C82,Deviation_w_Addon_OpLimit!$G$24:$G$5000,\"Other Unknown Causes\"))","v":""}]
[null,null,null,null,"","",{"$f":"IF($B83=\"\",\"\",SUMIFS(Deviation_w_Addon_OpLimit!$F$24:$F$5000,Deviation_w_Addon_OpLimit!$A$24:$A$5000,Deviation_w_Addon_OpLimSummary!$A83,Deviation_w_Addon_OpLimit!$B$24:$B$5000,Deviation_w_Addon_OpLimSummary!$B83,Deviation_w_Addon_OpLimit!$C$24:$C$5000,C83,Deviation_w_Addon_OpLimit!$G$24:$G$5000,\"Control Equipment Problems\"))","v":""},{"$f":"IF($B83=\"\",\"\",SUMIFS(Deviation_w_Addon_OpLimit!$F$24:$F$5000,Deviation_w_Addon_OpLimit!$A$24:$A$5000,Deviation_w_Addon_OpLimSummary!$A83,Deviation_w_Addon_OpLimit!$B$24:$B$5000,Deviation_w_Addon_OpLimSummary!$B83,Deviation_w_Addon_OpLimit!$C$24:$C$5000,C83,Deviation_w_Addon_OpLimit!$G$24:$G$5000,\"Process Problems\"))","v":""},{"$f":"IF($B83=\"\",\"\",SUMIFS(Deviation_w_Addon_OpLimit!$F$24:$F$5000,Deviation_w_Addon_OpLimit!$A$24:$A$5000,Deviation_w_Addon_OpLimSummary!$A83,Deviation_w_Addon_OpLimit!$B$24:$B$5000,Deviation_w_Addon_OpLimSummary!$B83,Deviation_w_Addon_OpLimit!$C$24:$C$5000,C83,Deviation_w_Addon_OpLimit!$G$24:$G$5000,\"Other Known Problems\"))","v":""},{"$f":"IF($B83=\"\",\"\",SUMIFS(Deviation_w_Addon_OpLimit!$F$24:$F$5000,Deviation_w_Addon_OpLimit!$A$24:$A$5000,Deviation_w_Addon_OpLimSummary!$A83,Deviation_w_Addon_OpLimit!$B$24:$B$5000,Deviation_w_Addon_OpLimSummary!$B83,Deviation_w_Addon_OpLimit!$C$24:$C$5000,C83,Deviation_w_Addon_OpLimit!$G$24:$G$5000,\"Other Unknown Causes\"))","v":""}]
[null,null,null,null,"","",{"$f":"IF($B84=\"\",\"\",SUMIFS(Deviation_w_Addon_OpLimit!$F$24:$F$5000,Deviation_w_Addon_OpLimit!$A$24:$A$5000,Deviation_w_Addon_OpLimSummary!$A84,Deviation_w_Addon_OpLimit!$B$24:$B$5000,Deviation_w_Addon_OpLimSummary!$B84,Deviation_w_Addon_OpLimit!$C$24:$C$5000,C84,Deviation_w_Addon_OpLimit!$G$24:$G$5000,\"Control Equipment Problems\"))","v":""},{"$f":"IF($B84=\"\",\"\",SUMIFS(Deviation_w_Addon_OpLimit!$F$24:$F$5000,Deviation_w_Addon_OpLimit!$A$24:$A$5000,Deviation_w_Addon_OpLimSummary!$A84,Deviation_w_Addon_OpLimit!$B$24:$B$5000,Deviation_w_Addon_OpLimSummary!$B84,Deviation_w_Addon_OpLimit!$C$24:$C$5000,C84,Deviation_w_Addon_OpLimit!$G$24:$G$5000,\"Process Problems\"))","v":""},{"$f":"IF($B84=\"\",\"\",SUMIFS(Deviation_w_Addon_OpLimit!$F$24:$F$5000,Deviation_w_Addon_OpLimit!$A$24:$A$5000,Deviation_w_Addon_OpLimSummary!$A84,Deviation_w_Addon_OpLimit!$B$24:$B$5000,Deviation_w_Addon_OpLimSummary!$B84,Deviation_w_Addon_OpLimit!$C$24:$C$5000,C84,Deviation_w_Addon_OpLimit!$G$24:$G$5000,\"Other Known Problems\"))","v":""},{"$f":"IF($B84=\"\",\"\",SUMIFS(Deviation_w_Addon_OpLimit!$F$24:$F$5000,Deviation_w_Addon_OpLimit!$A$24:$A$5000,Deviation_w_Addon_OpLimSummary!$A84,Deviation_w_Addon_OpLimit!$B$24:$B$5000,Deviation_w_Addon_OpLimSummary!$B84,Deviation_w_Addon_OpLimit!$C$24:$C$5000,C84,Deviation_w_Addon_OpLimit!$G$24:$G$5000,\"Other Unknown Causes\"))","v":""}]
[null,null,null,null,"","",{"$f":"IF($B85=\"\",\"\",SUMIFS(Deviation_w_Addon_OpLimit!$F$24:$F$5000,Deviation_w_Addon_OpLimit!$A$24:$A$5000,Deviation_w_Addon_OpLimSummary!$A85,Deviation_w_Addon_OpLimit!$B$24:$B$5000,Deviation_w_Addon_OpLimSummary!$B85,Deviation_w_Addon_OpLimit!$C$24:$C$5000,C85,Deviation_w_Addon_OpLimit!$G$24:$G$5000,\"Control Equipment Problems\"))","v":""},{"$f":"IF($B85=\"\",\"\",SUMIFS(Deviation_w_Addon_OpLimit!$F$24:$F$5000,Deviation_w_Addon_OpLimit!$A$24:$A$5000,Deviation_w_Addon_OpLimSummary!$A85,Deviation_w_Addon_OpLimit!$B$24:$B$5000,Deviation_w_Addon_OpLimSummary!$B85,Deviation_w_Addon_OpLimit!$C$24:$C$5000,C85,Deviation_w_Addon_OpLimit!$G$24:$G$5000,\"Process Problems\"))","v":""},{"$f":"IF($B85=\"\",\"\",SUMIFS(Deviation_w_Addon_OpLimit!$F$24:$F$5000,Deviation_w_Addon_OpLimit!$A$24:$A$5000,Deviation_w_Addon_OpLimSummary!$A85,Deviation_w_Addon_OpLimit!$B$24:$B$5000,Deviation_w_Addon_OpLimSummary!$B85,Deviation_w_Addon_OpLimit!$C$24:$C$5000,C85,Deviation_w_Addon_OpLimit!$G$24:$G$5000,\"Other Known Problems\"))","v":""},{"$f":"IF($B85=\"\",\"\",SUMIFS(Deviation_w_Addon_OpLimit!$F$24:$F$5000,Deviation_w_Addon_OpLimit!$A$24:$A$5000,Deviation_w_Addon_OpLimSummary!$A85,Deviation_w_Addon_OpLimit!$B$24:$B$5000,Deviation_w_Addon_OpLimSummary!$B85,Deviation_w_Addon_OpLimit!$C$24:$C$5000,C85,Deviation_w_Addon_OpLimit!$G$24:$G$5000,\"Other Unknown Causes\"))","v":""}]
[null,null,null,null,"","",{"$f":"IF($B86=\"\",\"\",SUMIFS(Deviation_w_Addon_OpLimit!$F$24:$F$5000,Deviation_w_Addon_OpLimit!$A$24:$A$5000,Deviation_w_Addon_OpLimSummary!$A86,Deviation_w_Addon_OpLimit!$B$24:$B$5000,Deviation_w_Addon_OpLimSummary!$B86,Deviation_w_Addon_OpLimit!$C$24:$C$5000,C86,Deviation_w_Addon_OpLimit!$G$24:$G$5000,\"Control Equipment Problems\"))","v":""},{"$f":"IF($B86=\"\",\"\",SUMIFS(Deviation_w_Addon_OpLimit!$F$24:$F$5000,Deviation_w_Addon_OpLimit!$A$24:$A$5000,Deviation_w_Addon_OpLimSummary!$A86,Deviation_w_Addon_OpLimit!$B$24:$B$5000,Deviation_w_Addon_OpLimSummary!$B86,Deviation_w_Addon_OpLimit!$C$24:$C$5000,C86,Deviation_w_Addon_OpLimit!$G$24:$G$5000,\"Process Problems\"))","v":""},{"$f":"IF($B86=\"\",\"\",SUMIFS(Deviation_w_Addon_OpLimit!$F$24:$F$5000,Deviation_w_Addon_OpLimit!$A$24:$A$5000,Deviation_w_Addon_OpLimSummary!$A86,Deviation_w_Addon_OpLimit!$B$24:$B$5000,Deviation_w_Addon_OpLimSummary!$B86,Deviation_w_Addon_OpLimit!$C$24:$C$5000,C86,Deviation_w_Addon_OpLimit!$G$24:$G$5000,\"Other Known Problems\"))","v":""},{"$f":"IF($B86=\"\",\"\",SUMIFS(Deviation_w_Addon_OpLimit!$F$24:$F$5000,Deviation_w_Addon_OpLimit!$A$24:$A$5000,Deviation_w_Addon_OpLimSummary!$A86,Deviation_w_Addon_OpLimit!$B$24:$B$5000,Deviation_w_Addon_OpLimSummary!$B86,Deviation_w_Addon_OpLimit!$C$24:$C$5000,C86,Deviation_w_Addon_OpLimit!$G$24:$G$5000,\"Other Unknown Causes\"))","v":""}]
[null,null,null,null,"","",{"$f":"IF($B87=\"\",\"\",SUMIFS(Deviation_w_Addon_OpLimit!$F$24:$F$5000,Deviation_w_Addon_OpLimit!$A$24:$A$5000,Deviation_w_Addon_OpLimSummary!$A87,Deviation_w_Addon_OpLimit!$B$24:$B$5000,Deviation_w_Addon_OpLimSummary!$B87,Deviation_w_Addon_OpLimit!$C$24:$C$5000,C87,Deviation_w_Addon_OpLimit!$G$24:$G$5000,\"Control Equipment Problems\"))","v":""},{"$f":"IF($B87=\"\",\"\",SUMIFS(Deviation_w_Addon_OpLimit!$F$24:$F$5000,Deviation_w_Addon_OpLimit!$A$24:$A$5000,Deviation_w_Addon_OpLimSummary!$A87,Deviation_w_Addon_OpLimit!$B$24:$B$5000,Deviation_w_Addon_OpLimSummary!$B87,Deviation_w_Addon_OpLimit!$C$24:$C$5000,C87,Deviation_w_Addon_OpLimit!$G$24:$G$5000,\"Process Problems\"))","v":""},{"$f":"IF($B87=\"\",\"\",SUMIFS(Deviation_w_Addon_OpLimit!$F$24:$F$5000,Deviation_w_Addon_OpLimit!$A$24:$A$5000,Deviation_w_Addon_OpLimSummary!$A87,Deviation_w_Addon_OpLimit!$B$24:$B$5000,Deviation_w_Addon_OpLimSummary!$B87,Deviation_w_Addon_OpLimit!$C$24:$C$5000,C87,Deviation_w_Addon_OpLimit!$G$24:$G$5000,\"Other Known Problems\"))","v":""},{"$f":"IF($B87=\"\",\"\",SUMIFS(Deviation_w_Addon_OpLimit!$F$24:$F$5000,Deviation_w_Addon_OpLimit!$A$24:$A$5000,Deviation_w_Addon_OpLimSummary!$A87,Deviation_w_Addon_OpLimit!$B$24:$B$5000,Deviation_w_Addon_OpLimSummary!$B87,Deviation_w_Addon_OpLimit!$C$24:$C$5000,C87,Deviation_w_Addon_OpLimit!$G$24:$G$5000,\"Other Unknown Causes\"))","v":""}]
[null,null,null,null,"","",{"$f":"IF($B88=\"\",\"\",SUMIFS(Deviation_w_Addon_OpLimit!$F$24:$F$5000,Deviation_w_Addon_OpLimit!$A$24:$A$5000,Deviation_w_Addon_OpLimSummary!$A88,Deviation_w_Addon_OpLimit!$B$24:$B$5000,Deviation_w_Addon_OpLimSummary!$B88,Deviation_w_Addon_OpLimit!$C$24:$C$5000,C88,Deviation_w_Addon_OpLimit!$G$24:$G$5000,\"Control Equipment Problems\"))","v":""},{"$f":"IF($B88=\"\",\"\",SUMIFS(Deviation_w_Addon_OpLimit!$F$24:$F$5000,Deviation_w_Addon_OpLimit!$A$24:$A$5000,Deviation_w_Addon_OpLimSummary!$A88,Deviation_w_Addon_OpLimit!$B$24:$B$5000,Deviation_w_Addon_OpLimSummary!$B88,Deviation_w_Addon_OpLimit!$C$24:$C$5000,C88,Deviation_w_Addon_OpLimit!$G$24:$G$5000,\"Process Problems\"))","v":""},{"$f":"IF($B88=\"\",\"\",SUMIFS(Deviation_w_Addon_OpLimit!$F$24:$F$5000,Deviation_w_Addon_OpLimit!$A$24:$A$5000,Deviation_w_Addon_OpLimSummary!$A88,Deviation_w_Addon_OpLimit!$B$24:$B$5000,Deviation_w_Addon_OpLimSummary!$B88,Deviation_w_Addon_OpLimit!$C$24:$C$5000,C88,Deviation_w_Addon_OpLimit!$G$24:$G$5000,\"Other Known Problems\"))","v":""},{"$f":"IF($B88=\"\",\"\",SUMIFS(Deviation_w_Addon_OpLimit!$F$24:$F$5000,Deviation_w_Addon_OpLimit!$A$24:$A$5000,Deviation_w_Addon_OpLimSummary!$A88,Deviation_w_Addon_OpLimit!$B$24:$B$5000,Deviation_w_Addon_OpLimSummary!$B88,Deviation_w_Addon_OpLimit!$C$24:$C$5000,C88,Deviation_w_Addon_OpLimit!$G$24:$G$5000,\"Other Unknown Causes\"))","v":""}]
[null,null,null,null,{"$f":"IF($B89=\"\",\"\",SUM(G89:J89))","v":""},{"$f":"IF($B89=\"\",\"\",IF(E89=0,\"N/A\",E89/$D89))","v":""},{"$f":"IF($B89=\"\",\"\",SUMIFS(Deviation_w_Addon_OpLimit!$F$24:$F$5000,Deviation_w_Addon_OpLimit!$A$24:$A$5000,Deviation_w_Addon_OpLimSummary!$A89,Deviation_w_Addon_OpLimit!$B$24:$B$5000,Deviation_w_Addon_OpLimSummary!$B89,Deviation_w_Addon_OpLimit!$C$24:$C$5000,C89,Deviation_w_Addon_OpLimit!$G$24:$G$5000,\"Control Equipment Problems\"))","v":""},{"$f":"IF($B89=\"\",\"\",SUMIFS(Deviation_w_Addon_OpLimit!$F$24:$F$5000,Deviation_w_Addon_OpLimit!$A$24:$A$5000,Deviation_w_Addon_OpLimSummary!$A89,Deviation_w_Addon_OpLimit!$B$24:$B$5000,Deviation_w_Addon_OpLimSummary!$B89,Deviation_w_Addon_OpLimit!$C$24:$C$5000,C89,Deviation_w_Addon_OpLimit!$G$24:$G$5000,\"Process Problems\"))","v":""},{"$f":"IF($B89=\"\",\"\",SUMIFS(Deviation_w_Addon_OpLimit!$F$24:$F$5000,Deviation_w_Addon_OpLimit!$A$24:$A$5000,Deviation_w_Addon_OpLimSummary!$A89,Deviation_w_Addon_OpLimit!$B$24:$B$5000,Deviation_w_Addon_OpLimSummary!$B89,Deviation_w_Addon_OpLimit!$C$24:$C$5000,C89,Deviation_w_Addon_OpLimit!$G$24:$G$5000,\"Other Known Problems\"))","v":""},{"$f":"IF($B89=\"\",\"\",SUMIFS(Deviation_w_Addon_OpLimit!$F$24:$F$5000,Deviation_w_Addon_OpLimit!$A$24:$A$5000,Deviation_w_Addon_OpLimSummary!$A89,Deviation_w_Addon_OpLimit!$B$24:$B$5000,Deviation_w_Addon_OpLimSummary!$B89,Deviation_w_Addon_OpLimit!$C$24:$C$5000,C89,Deviation_w_Addon_OpLimit!$G$24:$G$5000,\"Other Unknown Causes\"))","v":""}]
[null,null,null,null,"","",{"$f":"IF($B90=\"\",\"\",SUMIFS(Deviation_w_Addon_OpLimit!$F$24:$F$5000,Deviation_w_Addon_OpLimit!$A$24:$A$5000,Deviation_w_Addon_OpLimSummary!$A90,Deviation_w_Addon_OpLimit!$B$24:$B$5000,Deviation_w_Addon_OpLimSummary!$B90,Deviation_w_Addon_OpLimit!$C$24:$C$5000,C90,Deviation_w_Addon_OpLimit!$G$24:$G$5000,\"Control Equipment Problems\"))","v":""},{"$f":"IF($B90=\"\",\"\",SUMIFS(Deviation_w_Addon_OpLimit!$F$24:$F$5000,Deviation_w_Addon_OpLimit!$A$24:$A$5000,Deviation_w_Addon_OpLimSummary!$A90,Deviation_w_Addon_OpLimit!$B$24:$B$5000,Deviation_w_Addon_OpLimSummary!$B90,Deviation_w_Addon_OpLimit!$C$24:$C$5000,C90,Deviation_w_Addon_OpLimit!$G$24:$G$5000,\"Process Problems\"))","v":""},{"$f":"IF($B90=\"\",\"\",SUMIFS(Deviation_w_Addon_OpLimit!$F$24:$F$5000,Deviation_w_Addon_OpLimit!$A$24:$A$5000,Deviation_w_Addon_OpLimSummary!$A90,Deviation_w_Addon_OpLimit!$B$24:$B$5000,Deviation_w_Addon_OpLimSummary!$B90,Deviation_w_Addon_OpLimit!$C$24:$C$5000,C90,Deviation_w_Addon_OpLimit!$G$24:$G$5000,\"Other Known Problems\"))","v":""},{"$f":"IF($B90=\"\",\"\",SUMIFS(Deviation_w_Addon_OpLimit!$F$24:$F$5000,Deviation_w_Addon_OpLimit!$A$24:$A$5000,Deviation_w_Addon_OpLimSummary!$A90,Deviation_w_Addon_OpLimit!$B$24:$B$5000,Deviation_w_Addon_OpLimSummary!$B90,Deviation_w_Addon_OpLimit!$C$24:$C$5000,C90,Deviation_w_Addon_OpLimit!$G$24:$G$5000,\"Other Unknown Causes\"))","v":""}]
[null,null,null,null,"","",{"$f":"IF($B91=\"\",\"\",SUMIFS(Deviation_w_Addon_OpLimit!$F$24:$F$5000,Deviation_w_Addon_OpLimit!$A$24:$A$5000,Deviation_w_Addon_OpLimSummary!$A91,Deviation_w_Addon_OpLimit!$B$24:$B$5000,Deviation_w_Addon_OpLimSummary!$B91,Deviation_w_Addon_OpLimit!$C$24:$C$5000,C91,Deviation_w_Addon_OpLimit!$G$24:$G$5000,\"Control Equipment Problems\"))","v":""},{"$f":"IF($B91=\"\",\"\",SUMIFS(Deviation_w_Addon_OpLimit!$F$24:$F$5000,Deviation_w_Addon_OpLimit!$A$24:$A$5000,Deviation_w_Addon_OpLimSummary!$A91,Deviation_w_Addon_OpLimit!$B$24:$B$5000,Deviation_w_Addon_OpLimSummary!$B91,Deviation_w_Addon_OpLimit!$C$24:$C$5000,C91,Deviation_w_Addon_OpLimit!$G$24:$G$5000,\"Process Problems\"))","v":""},{"$f":"IF($B91=\"\",\"\",SUMIFS(Deviation_w_Addon_OpLimit!$F$24:$F$5000,Deviation_w_Addon_OpLimit!$A$24:$A$5000,Deviation_w_Addon_OpLimSummary!$A91,Deviation_w_Addon_OpLimit!$B$24:$B$5000,Deviation_w_Addon_OpLimSummary!$B91,Deviation_w_Addon_OpLimit!$C$24:$C$5000,C91,Deviation_w_Addon_OpLimit!$G$24:$G$5000,\"Other Known Problems\"))","v":""},{"$f":"IF($B91=\"\",\"\",SUMIFS(Deviation_w_Addon_OpLimit!$F$24:$F$5000,Deviation_w_Addon_OpLimit!$A$24:$A$5000,Deviation_w_Addon_OpLimSummary!$A91,Deviation_w_Addon_OpLimit!$B$24:$B$5000,Deviation_w_Addon_OpLimSummary!$B91,Deviation_w_Addon_OpLimit!$C$24:$C$5000,C91,Deviation_w_Addon_OpLimit!$G$24:$G$5000,\"Other Unknown Causes\"))","v":""}]
[null,null,null,null,"","",{"$f":"IF($B92=\"\",\"\",SUMIFS(Deviation_w_Addon_OpLimit!$F$24:$F$5000,Deviation_w_Addon_OpLimit!$A$24:$A$5000,Deviation_w_Addon_OpLimSummary!$A92,Deviation_w_Addon_OpLimit!$B$24:$B$5000,Deviation_w_Addon_OpLimSummary!$B92,Deviation_w_Addon_OpLimit!$C$24:$C$5000,C92,Deviation_w_Addon_OpLimit!$G$24:$G$5000,\"Control Equipment Problems\"))","v":""},{"$f":"IF($B92=\"\",\"\",SUMIFS(Deviation_w_Addon_OpLimit!$F$24:$F$5000,Deviation_w_Addon_OpLimit!$A$24:$A$5000,Deviation_w_Addon_OpLimSummary!$A92,Deviation_w_Addon_OpLimit!$B$24:$B$5000,Deviation_w_Addon_OpLimSummary!$B92,Deviation_w_Addon_OpLimit!$C$24:$C$5000,C92,Deviation_w_Addon_OpLimit!$G$24:$G$5000,\"Process Problems\"))","v":""},{"$f":"IF($B92=\"\",\"\",SUMIFS(Deviation_w_Addon_OpLimit!$F$24:$F$5000,Deviation_w_Addon_OpLimit!$A$24:$A$5000,Deviation_w_Addon_OpLimSummary!$A92,Deviation_w_Addon_OpLimit!$B$24:$B$5000,Deviation_w_Addon_OpLimSummary!$B92,Deviation_w_Addon_OpLimit!$C$24:$C$5000,C92,Deviation_w_Addon_OpLimit!$G$24:$G$5000,\"Other Known Problems\"))","v":""},{"$f":"IF($B92=\"\",\"\",SUMIFS(Deviation_w_Addon_OpLimit!$F$24:$F$5000,Deviation_w_Addon_OpLimit!$A$24:$A$5000,Deviation_w_Addon_OpLimSummary!$A92,Deviation_w_Addon_OpLimit!$B$24:$B$5000,Deviation_w_Addon_OpLimSummary!$B92,Deviation_w_Addon_OpLimit!$C$24:$C$5000,C92,Deviation_w_Addon_OpLimit!$G$24:$G$5000,\"Other Unknown Causes\"))","v":""}]
[null,null,null,null,"","",{"$f":"IF($B93=\"\",\"\",SUMIFS(Deviation_w_Addon_OpLimit!$F$24:$F$5000,Deviation_w_Addon_OpLimit!$A$24:$A$5000,Deviation_w_Addon_OpLimSummary!$A93,Deviation_w_Addon_OpLimit!$B$24:$B$5000,Deviation_w_Addon_OpLimSummary!$B93,Deviation_w_Addon_OpLimit!$C$24:$C$5000,C93,Deviation_w_Addon_OpLimit!$G$24:$G$5000,\"Control Equipment Problems\"))","v":""},{"$f":"IF($B93=\"\",\"\",SUMIFS(Deviation_w_Addon_OpLimit!$F$24:$F$5000,Deviation_w_Addon_OpLimit!$A$24:$A$5000,Deviation_w_Addon_OpLimSummary!$A93,Deviation_w_Addon_OpLimit!$B$24:$B$5000,Deviation_w_Addon_OpLimSummary!$B93,Deviation_w_Addon_OpLimit!$C$24:$C$5000,C93,Deviation_w_Addon_OpLimit!$G$24:$G$5000,\"Process Problems\"))","v":""},{"$f":"IF($B93=\"\",\"\",SUMIFS(Deviation_w_Addon_OpLimit!$F$24:$F$5000,Deviation_w_Addon_OpLimit!$A$24:$A$5000,Deviation_w_Addon_OpLimSummary!$A93,Deviation_w_Addon_OpLimit!$B$24:$B$5000,Deviation_w_Addon_OpLimSummary!$B93,Deviation_w_Addon_OpLimit!$C$24:$C$5000,C93,Deviation_w_Addon_OpLimit!$G$24:$G$5000,\"Other Known Problems\"))","v":""},{"$f":"IF($B93=\"\",\"\",SUMIFS(Deviation_w_Addon_OpLimit!$F$24:$F$5000,Deviation_w_Addon_OpLimit!$A$24:$A$5000,Deviation_w_Addon_OpLimSummary!$A93,Deviation_w_Addon_OpLimit!$B$24:$B$5000,Deviation_w_Addon_OpLimSummary!$B93,Deviation_w_Addon_OpLimit!$C$24:$C$5000,C93,Deviation_w_Addon_OpLimit!$G$24:$G$5000,\"Other Unknown Causes\"))","v":""}]
[null,null,null,null,"","",{"$f":"IF($B94=\"\",\"\",SUMIFS(Deviation_w_Addon_OpLimit!$F$24:$F$5000,Deviation_w_Addon_OpLimit!$A$24:$A$5000,Deviation_w_Addon_OpLimSummary!$A94,Deviation_w_Addon_OpLimit!$B$24:$B$5000,Deviation_w_Addon_OpLimSummary!$B94,Deviation_w_Addon_OpLimit!$C$24:$C$5000,C94,Deviation_w_Addon_OpLimit!$G$24:$G$5000,\"Control Equipment Problems\"))","v":""},{"$f":"IF($B94=\"\",\"\",SUMIFS(Deviation_w_Addon_OpLimit!$F$24:$F$5000,Deviation_w_Addon_OpLimit!$A$24:$A$5000,Deviation_w_Addon_OpLimSummary!$A94,Deviation_w_Addon_OpLimit!$B$24:$B$5000,Deviation_w_Addon_OpLimSummary!$B94,Deviation_w_Addon_OpLimit!$C$24:$C$5000,C94,Deviation_w_Addon_OpLimit!$G$24:$G$5000,\"Process Problems\"))","v":""},{"$f":"IF($B94=\"\",\"\",SUMIFS(Deviation_w_Addon_OpLimit!$F$24:$F$5000,Deviation_w_Addon_OpLimit!$A$24:$A$5000,Deviation_w_Addon_OpLimSummary!$A94,Deviation_w_Addon_OpLimit!$B$24:$B$5000,Deviation_w_Addon_OpLimSummary!$B94,Deviation_w_Addon_OpLimit!$C$24:$C$5000,C94,Deviation_w_Addon_OpLimit!$G$24:$G$5000,\"Other Known Problems\"))","v":""},{"$f":"IF($B94=\"\",\"\",SUMIFS(Deviation_w_Addon_OpLimit!$F$24:$F$5000,Deviation_w_Addon_OpLimit!$A$24:$A$5000,Deviation_w_Addon_OpLimSummary!$A94,Deviation_w_Addon_OpLimit!$B$24:$B$5000,Deviation_w_Addon_OpLimSummary!$B94,Deviation_w_Addon_OpLimit!$C$24:$C$5000,C94,Deviation_w_Addon_OpLimit!$G$24:$G$5000,\"Other Unknown Causes\"))","v":""}]
[null,null,null,null,"","",{"$f":"IF($B95=\"\",\"\",SUMIFS(Deviation_w_Addon_OpLimit!$F$24:$F$5000,Deviation_w_Addon_OpLimit!$A$24:$A$5000,Deviation_w_Addon_OpLimSummary!$A95,Deviation_w_Addon_OpLimit!$B$24:$B$5000,Deviation_w_Addon_OpLimSummary!$B95,Deviation_w_Addon_OpLimit!$C$24:$C$5000,C95,Deviation_w_Addon_OpLimit!$G$24:$G$5000,\"Control Equipment Problems\"))","v":""},{"$f":"IF($B95=\"\",\"\",SUMIFS(Deviation_w_Addon_OpLimit!$F$24:$F$5000,Deviation_w_Addon_OpLimit!$A$24:$A$5000,Deviation_w_Addon_OpLimSummary!$A95,Deviation_w_Addon_OpLimit!$B$24:$B$5000,Deviation_w_Addon_OpLimSummary!$B95,Deviation_w_Addon_OpLimit!$C$24:$C$5000,C95,Deviation_w_Addon_OpLimit!$G$24:$G$5000,\"Process Problems\"))","v":""},{"$f":"IF($B95=\"\",\"\",SUMIFS(Deviation_w_Addon_OpLimit!$F$24:$F$5000,Deviation_w_Addon_OpLimit!$A$24:$A$5000,Deviation_w_Addon_OpLimSummary!$A95,Deviation_w_Addon_OpLimit!$B$24:$B$5000,Deviation_w_Addon_OpLimSummary!$B95,Deviation_w_Addon_OpLimit!$C$24:$C$5000,C95,Deviation_w_Addon_OpLimit!$G$24:$G$5000,\"Other Known Problems\"))","v":""},{"$f":"IF($B95=\"\",\"\",SUMIFS(Deviation_w_Addon_OpLimit!$F$24:$F$5000,Deviation_w_Addon_OpLimit!$A$24:$A$5000,Deviation_w_Addon_OpLimSummary!$A95,Deviation_w_Addon_OpLimit!$B$24:$B$5000,Deviation_w_Addon_OpLimSummary!$B95,Deviation_w_Addon_OpLimit!$C$24:$C$5000,C95,Deviation_w_Addon_OpLimit!$G$24:$G$5000,\"Other Unknown Causes\"))","v":""}]
[null,null,null,null,"","",{"$f":"IF($B96=\"\",\"\",SUMIFS(Deviation_w_Addon_OpLimit!$F$24:$F$5000,Deviation_w_Addon_OpLimit!$A$24:$A$5000,Deviation_w_Addon_OpLimSummary!$A96,Deviation_w_Addon_OpLimit!$B$24:$B$5000,Deviation_w_Addon_OpLimSummary!$B96,Deviation_w_Addon_OpLimit!$C$24:$C$5000,C96,Deviation_w_Addon_OpLimit!$G$24:$G$5000,\"Control Equipment Problems\"))","v":""},{"$f":"IF($B96=\"\",\"\",SUMIFS(Deviation_w_Addon_OpLimit!$F$24:$F$5000,Deviation_w_Addon_OpLimit!$A$24:$A$5000,Deviation_w_Addon_OpLimSummary!$A96,Deviation_w_Addon_OpLimit!$B$24:$B$5000,Deviation_w_Addon_OpLimSummary!$B96,Deviation_w_Addon_OpLimit!$C$24:$C$5000,C96,Deviation_w_Addon_OpLimit!$G$24:$G$5000,\"Process Problems\"))","v":""},{"$f":"IF($B96=\"\",\"\",SUMIFS(Deviation_w_Addon_OpLimit!$F$24:$F$5000,Deviation_w_Addon_OpLimit!$A$24:$A$5000,Deviation_w_Addon_OpLimSummary!$A96,Deviation_w_Addon_OpLimit!$B$24:$B$5000,Deviation_w_Addon_OpLimSummary!$B96,Deviation_w_Addon_OpLimit!$C$24:$C$5000,C96,Deviation_w_Addon_OpLimit!$G$24:$G$5000,\"Other Known Problems\"))","v":""},{"$f":"IF($B96=\"\",\"\",SUMIFS(Deviation_w_Addon_OpLimit!$F$24:$F$5000,Deviation_w_Addon_OpLimit!$A$24:$A$5000,Deviation_w_Addon_OpLimSummary!$A96,Deviation_w_Addon_OpLimit!$B$24:$B$5000,Deviation_w_Addon_OpLimSummary!$B96,Deviation_w_Addon_OpLimit!$C$24:$C$5000,C96,Deviation_w_Addon_OpLimit!$G$24:$G$5000,\"Other Unknown Causes\"))","v":""}]
[null,null,null,null,"","",{"$f":"IF($B97=\"\",\"\",SUMIFS(Deviation_w_Addon_OpLimit!$F$24:$F$5000,Deviation_w_Addon_OpLimit!$A$24:$A$5000,Deviation_w_Addon_OpLimSummary!$A97,Deviation_w_Addon_OpLimit!$B$24:$B$5000,Deviation_w_Addon_OpLimSummary!$B97,Deviation_w_Addon_OpLimit!$C$24:$C$5000,C97,Deviation_w_Addon_OpLimit!$G$24:$G$5000,\"Control Equipment Problems\"))","v":""},{"$f":"IF($B97=\"\",\"\",SUMIFS(Deviation_w_Addon_OpLimit!$F$24:$F$5000,Deviation_w_Addon_OpLimit!$A$24:$A$5000,Deviation_w_Addon_OpLimSummary!$A97,Deviation_w_Addon_OpLimit!$B$24:$B$5000,Deviation_w_Addon_OpLimSummary!$B97,Deviation_w_Addon_OpLimit!$C$24:$C$5000,C97,Deviation_w_Addon_OpLimit!$G$24:$G$5000,\"Process Problems\"))","v":""},{"$f":"IF($B97=\"\",\"\",SUMIFS(Deviation_w_Addon_OpLimit!$F$24:$F$5000,Deviation_w_Addon_OpLimit!$A$24:$A$5000,Deviation_w_Addon_OpLimSummary!$A97,Deviation_w_Addon_OpLimit!$B$24:$B$5000,Deviation_w_Addon_OpLimSummary!$B97,Deviation_w_Addon_OpLimit!$C$24:$C$5000,C97,Deviation_w_Addon_OpLimit!$G$24:$G$5000,\"Other Known Problems\"))","v":""},{"$f":"IF($B97=\"\",\"\",SUMIFS(Deviation_w_Addon_OpLimit!$F$24:$F$5000,Deviation_w_Addon_OpLimit!$A$24:$A$5000,Deviation_w_Addon_OpLimSummary!$A97,Deviation_w_Addon_OpLimit!$B$24:$B$5000,Deviation_w_Addon_OpLimSummary!$B97,Deviation_w_Addon_OpLimit!$C$24:$C$5000,C97,Deviation_w_Addon_OpLimit!$G$24:$G$5000,\"Other Unknown Causes\"))","v":""}]
[null,null,null,null,"","",{"$f":"IF($B98=\"\",\"\",SUMIFS(Deviation_w_Addon_OpLimit!$F$24:$F$5000,Deviation_w_Addon_OpLimit!$A$24:$A$5000,Deviation_w_Addon_OpLimSummary!$A98,Deviation_w_Addon_OpLimit!$B$24:$B$5000,Deviation_w_Addon_OpLimSummary!$B98,Deviation_w_Addon_OpLimit!$C$24:$C$5000,C98,Deviation_w_Addon_OpLimit!$G$24:$G$5000,\"Control Equipment Problems\"))","v":""},{"$f":"IF($B98=\"\",\"\",SUMIFS(Deviation_w_Addon_OpLimit!$F$24:$F$5000,Deviation_w_Addon_OpLimit!$A$24:$A$5000,Deviation_w_Addon_OpLimSummary!$A98,Deviation_w_Addon_OpLimit!$B$24:$B$5000,Deviation_w_Addon_OpLimSummary!$B98,Deviation_w_Addon_OpLimit!$C$24:$C$5000,C98,Deviation_w_Addon_OpLimit!$G$24:$G$5000,\"Process Problems\"))","v":""},{"$f":"IF($B98=\"\",\"\",SUMIFS(Deviation_w_Addon_OpLimit!$F$24:$F$5000,Deviation_w_Addon_OpLimit!$A$24:$A$5000,Deviation_w_Addon_OpLimSummary!$A98,Deviation_w_Addon_OpLimit!$B$24:$B$5000,Deviation_w_Addon_OpLimSummary!$B98,Deviation_w_Addon_OpLimit!$C$24:$C$5000,C98,Deviation_w_Addon_OpLimit!$G$24:$G$5000,\"Other Known Problems\"))","v":""},{"$f":"IF($B98=\"\",\"\",SUMIFS(Deviation_w_Addon_OpLimit!$F$24:$F$5000,Deviation_w_Addon_OpLimit!$A$24:$A$5000,Deviation_w_Addon_OpLimSummary!$A98,Deviation_w_Addon_OpLimit!$B$24:$B$5000,Deviation_w_Addon_OpLimSummary!$B98,Deviation_w_Addon_OpLimit!$C$24:$C$5000,C98,Deviation_w_Addon_OpLimit!$G$24:$G$5000,\"Other Unknown Causes\"))","v":""}]
[null,null,null,null,"","",{"$f":"IF($B99=\"\",\"\",SUMIFS(Deviation_w_Addon_OpLimit!$F$24:$F$5000,Deviation_w_Addon_OpLimit!$A$24:$A$5000,Deviation_w_Addon_OpLimSummary!$A99,Deviation_w_Addon_OpLimit!$B$24:$B$5000,Deviation_w_Addon_OpLimSummary!$B99,Deviation_w_Addon_OpLimit!$C$24:$C$5000,C99,Deviation_w_Addon_OpLimit!$G$24:$G$5000,\"Control Equipment Problems\"))","v":""},{"$f":"IF($B99=\"\",\"\",SUMIFS(Deviation_w_Addon_OpLimit!$F$24:$F$5000,Deviation_w_Addon_OpLimit!$A$24:$A$5000,Deviation_w_Addon_OpLimSummary!$A99,Deviation_w_Addon_OpLimit!$B$24:$B$5000,Deviation_w_Addon_OpLimSummary!$B99,Deviation_w_Addon_OpLimit!$C$24:$C$5000,C99,Deviation_w_Addon_OpLimit!$G$24:$G$5000,\"Process Problems\"))","v":""},{"$f":"IF($B99=\"\",\"\",SUMIFS(Deviation_w_Addon_OpLimit!$F$24:$F$5000,Deviation_w_Addon_OpLimit!$A$24:$A$5000,Deviation_w_Addon_OpLimSummary!$A99,Deviation_w_Addon_OpLimit!$B$24:$B$5000,Deviation_w_Addon_OpLimSummary!$B99,Deviation_w_Addon_OpLimit!$C$24:$C$5000,C99,Deviation_w_Addon_OpLimit!$G$24:$G$5000,\"Other Known Problems\"))","v":""},{"$f":"IF($B99=\"\",\"\",SUMIFS(Deviation_w_Addon_OpLimit!$F$24:$F$5000,Deviation_w_Addon_OpLimit!$A$24:$A$5000,Deviation_w_Addon_OpLimSummary!$A99,Deviation_w_Addon_OpLimit!$B$24:$B$5000,Deviation_w_Addon_OpLimSummary!$B99,Deviation_w_Addon_OpLimit!$C$24:$C$5000,C99,Deviation_w_Addon_OpLimit!$G$24:$G$5000,\"Other Unknown Causes\"))","v":""}]
[null,null,null,null,"","",{"$f":"IF($B100=\"\",\"\",SUMIFS(Deviation_w_Addon_OpLimit!$F$24:$F$5000,Deviation_w_Addon_OpLimit!$A$24:$A$5000,Deviation_w_Addon_OpLimSummary!$A100,Deviation_w_Addon_OpLimit!$B$24:$B$5000,Deviation_w_Addon_OpLimSummary!$B100,Deviation_w_Addon_OpLimit!$C$24:$C$5000,C100,Deviation_w_Addon_OpLimit!$G$24:$G$5000,\"Control Equipment Problems\"))","v":""},{"$f":"IF($B100=\"\",\"\",SUMIFS(Deviation_w_Addon_OpLimit!$F$24:$F$5000,Deviation_w_Addon_OpLimit!$A$24:$A$5000,Deviation_w_Addon_OpLimSummary!$A100,Deviation_w_Addon_OpLimit!$B$24:$B$5000,Deviation_w_Addon_OpLimSummary!$B100,Deviation_w_Addon_OpLimit!$C$24:$C$5000,C100,Deviation_w_Addon_OpLimit!$G$24:$G$5000,\"Process Problems\"))","v":""},{"$f":"IF($B100=\"\",\"\",SUMIFS(Deviation_w_Addon_OpLimit!$F$24:$F$5000,Deviation_w_Addon_OpLimit!$A$24:$A$5000,Deviation_w_Addon_OpLimSummary!$A100,Deviation_w_Addon_OpLimit!$B$24:$B$5000,Deviation_w_Addon_OpLimSummary!$B100,Deviation_w_Addon_OpLimit!$C$24:$C$5000,C100,Deviation_w_Addon_OpLimit!$G$24:$G$5000,\"Other Known Problems\"))","v":""},{"$f":"IF($B100=\"\",\"\",SUMIFS(Deviation_w_Addon_OpLimit!$F$24:$F$5000,Deviation_w_Addon_OpLimit!$A$24:$A$5000,Deviation_w_Addon_OpLimSummary!$A100,Deviation_w_Addon_OpLimit!$B$24:$B$5000,Deviation_w_Addon_OpLimSummary!$B100,Deviation_w_Addon_OpLimit!$C$24:$C$5000,C100,Deviation_w_Addon_OpLimit!$G$24:$G$5000,\"Other Unknown Causes\"))","v":""}]

{"sheet":"Deviation_w_Addon_WorkPrac","index":17,"n_rows":14,"n_cols":9,"rows_kept":14,"cut":false,"hidden":false,"merged":[]}
["DO NOT REMOVE OR EDIT INFORMATION IN THIS SECTION FOR INTERNAL USE ONLY"]
["Template Name",{"$f":"+Welcome!B2","v":"63.4310(c) and 63.4311(a) Notification of Compliance and Semiannual Compliance Report (Spreadsheet Template)"}]
["CitationID",{"$f":"+Welcome!B3","v":"63.4310(c) and 63.4311(a)"}]
["Template Version",{"$f":"+Welcome!B4","v":"v1.00"}]
["Last Updated Date",{"$f":"+Welcome!B5","v":43537}]
[{"$f":"+Welcome!B6","v":"OMB Control Number: 2060-0522, Expiration: March 31, 2019"}]
["40 CFR Part 63, Subpart OOOO National Emission Standards for Hazardous Air Pollutants: Printing, Coating, and Dyeing of Fabrics and Other Textiles - §63.4311(a) Semiannual Compliance Report Spreadsheet Template"]
["\n"]
[]
[]
[]
["Company Record No. *\n(Select from dropdown)","Work Practice Standard\n(§63.4311(a)(7)(ii)(N))","Description of Deviation \n(§63.4311(a)(7)(ii)(N))","Starting Date of Deviation from Work Practice Standard \n(§63.4311(a)(7)(ii)(N))","Starting Time of Deviation from Work Practice Standard \n(§63.4311(a)(7)(ii)(N)","Duration of Deviation from Work Practice Standard (hours) (§63.4311(a)(7)(ii)(N))","Cause of Deviation from Work Practice Standard \n(§63.4311(a)(7)(ii)(N))\n(Select from dropdown)","Action(s) Taken to Minimize Emissions \n(§63.4311(a)(7)(ii)(N))","Affected Source\n(§63.4311(a)(7)(ii)(N))\n(Select from dropdown)"]
["XML Tag: ","WorkPracticeStandard","DeviationDescription","WPDeviationStartDate","WPDeviationStartTime","WPDeviationDuration","WPDeviationCause","ActionTaken","AffectedSource"]
["e.g.: 1","e.g.: Organic HAP and waste stored in closed containers","e.g.: Container left open","e.g.: 3/2/2017","e.g.: 15:30","e.g.: 12.5","e.g.: Other known causes","e.g.: replaced lid","e.g. South and west web coating"]

{"sheet":"Deviation_Equiv_ER","index":18,"n_rows":14,"n_cols":13,"rows_kept":14,"cut":false,"hidden":false,"merged":[]}
["DO NOT REMOVE OR EDIT INFORMATION IN THIS SECTION \nFOR INTERNAL USE ONLY"]
["Template Name",{"$f":"+Welcome!B2","v":"63.4310(c) and 63.4311(a) Notification of Compliance and Semiannual Compliance Report (Spreadsheet Template)"}]
["CitationID",{"$f":"+Welcome!B3","v":"63.4310(c) and 63.4311(a)"}]
["Template Version",{"$f":"+Welcome!B4","v":"v1.00"}]
["Last Updated Date",{"$f":"+Welcome!B5","v":43537}]
[{"$f":"+Welcome!B6","v":"OMB Control Number: 2060-0522, Expiration: March 31, 2019"}]
["40 CFR Part 63, Subpart OOOO National Emission Standards for Hazardous Air Pollutants: Printing, Coating, and Dyeing of Fabrics and Other Textiles - §63.4311(a) Semiannual Compliance Report Spreadsheet Template"]
["\n"]
[]
[]
[]
["Company Record No. *\n(Select from dropdown)","Name of Operation \n(§63. 4311(a)(3)(iv))\n(Select from dropdown)","Starting Date of Compliance Period with Deviation from Operating Scenario\n(§63.4311(a)(8)(i))","Ending Date of Compliance Period with Deviation from Operating Scenario (§63.4311(a)(8)(i))","Starting Date of Deviation from Operating Scenario (§63.4311(a)(8)(i))","Starting Time of Deviation from Operating Scenario (§63.4311(a)(8)(i))","Duration of Deviation from Operating Scenario (hours) (§63.4311(a)(8)(i))","Affected Source \n(§63.4311(a)(8)(i))\n(Select from dropdown)","Cause of Deviation  (§63.4311(a)(8)(i))\n(Select from dropdown)","If Deviation is a failure to treat organic HAP containing watewater; explanation of deviation \n(§63.4311(a)(8)(ii))","If Deviation is a failure to treat organic HAP containing watewater; Mass of Organic HAP discharged that was not treated (kg) \n(§63.4311(a)(8)(ii))","Fraction of organic HAP applied in dyeing/finishing affected source discharged to wastewater \n(§63.4311(a)(8)(ii))","Total organic HAP emissions from Dyeing/Finishing Affected Source by Equation 4 of §63.4331 (kg) (§63.4311(a)(8)(iv))"]
["XML Tag: ","OperationName","PeriodStartDate","PeriodEndDate","DeviationStartDate","DeviationStartTime","DeviationDuration","AffectedSource","DeviationCause","DeviationWastewaterExplanation","WastewaterHapMass","WastewaterHapFraction","TotalHapEmissions"]
["e.g.: 1","e.g.: East Dyeing","e.g.: 3/1/2017","e.g.: 3/30/2017","e.g.: 3/2/2017","e.g.: 13:50","e.g.: 22.5","e.g.: East Dyeing ","e.g.: Other Known Causes","e.g.: HAP containing material poured in drain not leading to WWTP","e.g.: 2.0","e.g.: 0.5","e.g.: 6.0"]

{"sheet":"Description_of_Changes","index":19,"n_rows":14,"n_cols":2,"rows_kept":14,"cut":false,"hidden":false,"merged":[]}
["DO NOT REMOVE OR EDIT INFORMATION IN THIS SECTION \nFOR INTERNAL USE ONLY"]
["Template Name",{"$f":"+Welcome!B2","v":"63.4310(c) and 63.4311(a) Notification of Compliance and Semiannual Compliance Report (Spreadsheet Template)"}]
["CitationID",{"$f":"+Welcome!B3","v":"63.4310(c) and 63.4311(a)"}]
["Template Version",{"$f":"+Welcome!B4","v":"v1.00"}]
["Last Updated Date",{"$f":"+Welcome!B5","v":43537}]
[{"$f":"+Welcome!B6","v":"OMB Control Number: 2060-0522, Expiration: March 31, 2019"}]
["40 CFR Part 63, Subpart OOOO National Emission Standards for Hazardous Air Pollutants: Printing, Coating, and Dyeing of Fabrics and Other Textiles - "]
["§63.4311(a) Semiannual Compliance Report Spreadsheet Template"]
[]
[]
[]
["Company Record No. *\n(Select from dropdown)","Describe any changes in the CPMS, web coating/printing or dyeing/finishing operation, emission capture system, or add-on control device since the last semiannual reporting period. (§63.4311(a)(7)(ii)(M))"]
["XML Tag: ","PeriodChangeDesc"]
["e.g.: 1"]

{"sheet":"Number_of_Deviations","index":20,"n_rows":100,"n_cols":7,"rows_kept":100,"cut":false,"hidden":false,"merged":[]}
["DO NOT REMOVE OR EDIT INFORMATION IN THIS SECTION\nFOR INTERNAL USE ONLY"]
["Template Name",{"$f":"+Welcome!B2","v":"63.4310(c) and 63.4311(a) Notification of Compliance and Semiannual Compliance Report (Spreadsheet Template)"}]
["CitationID",{"$f":"+Welcome!B3","v":"63.4310(c) and 63.4311(a)"}]
["Template Version",{"$f":"+Welcome!B4","v":"v1.00"}]
["Last Updated Date",{"$f":"+Welcome!B5","v":43537}]
[{"$f":"+Welcome!B6","v":"OMB Control Number: 2060-0522, Expiration: March 31, 2019"}]
["40 CFR Part 63, Subpart OOOO National Emission Standards for Hazardous Air Pollutants: Printing, Coating, and Dyeing of Fabrics and Other Textiles -"]
["§63.4310(c) and §63.4311(a) Notification of Compliance and  Semiannual Compliance Report Spreadsheet Template"]
[]
[]
[]
["Company Record No. *\n(Autofilled)","Name of Operation \n(§63. 4310(c)(4) and\n§63. 4311(a)(3)(iv))\n(Autofilled)","Identification of the compliance option or options used on each web coating / printing and dyeing / finishing operation during the reporting period (§63. 4310(c)(4) and §63. 4311(a)(3)(iv))\n(Autofilled)","Number of Deviations, Compliant Material Option\n(§63.4311(a)(5)(ii)(E))\n(Autofilled)","Number of Deviations, Emission Rate Without Addon Controls\n(§63.4311(a)(6)(ii)(D))\n(Autofilled)","Number of Deviations, Emission Rate With Addon Controls Workpractice Standards\n(§63.4311(a)(7)(ii)(N))\n(Autofilled)","Number of Deviations, Equivalent Emission Rate Option\n(§63.4311(a)(8))\n(Autofilled)"]
["XML Tag: ","OperationName","ComplianceOptions","DeviationMaterialCount","DeviationNoAddonCount","DeviationAddonCount","DeviationEquivalentCount"]
["e.g.: 1","e.g.: West Web Coating","e.g.: Emission Rate Without Add-on Controls 63.4291(c)(2)","e.g.: 0","e.g.: 0","e.g.: 0","e.g.: 0"]
["e.g.: 1","e.g.: West Web Coating","e.g.: Emission Rate With Add-on Controls 63.4291(c)(3)","e.g.: 0","e.g.: 0","e.g.: 0","e.g.: 0"]
[]
[]
[]
[]
[]
[]
[]
[]
[{"$f":"IF(Lists!AA2=\"\",\"\",Lists!AA2)","v":""},{"$f":"IF(Lists!AB2=\"\",\"\",Lists!AB2)","v":""},{"$f":"IF(Lists!AC2=\"\",\"\",Lists!AC2)","v":""},{"$f":"IF($B24=\"\",\"\",IF(OR($C24=\"Compliant Material 63.4291(a)(1)\",$C24=\"Compliant Material 63.4291(b)\",$C24=\"Compliant Material 63.4291(c)(1)\"),COUNTIFS(Deviation_Compliant_Coating!$A$24:$A$500,$A24,Deviation_Compliant_Coating!$B$24:$B$500,$B24),\"N/A\"))","v":""},{"$f":"IF($B24=\"\",\"\",IF(OR($C24=\"Emission Rate Without Add-On Controls 63.4291(a)(2)\",$C24=\"Emission Rate Without Add-On Controls 63.4291(c)(2)\"),COUNTIFS(Deviation_Without_Addon!$A$24:$A$500,$A24,Deviation_Without_Addon!$B$24:$B$500,$B24),\"N/A\"))","v":""},{"$f":"IF($B24=\"\",\"\",IF(OR($C24=\"Emission Rate With Add-on Controls 63.4291(a)(3)\",$C24=\"Emission Rate With Add-On Controls 63.4291(c)(3)\",$C24=\"Organic HAP Overall Control Efficiency 63.4291(a)(4)\",$C24=\"Oxidizer Outlet Organic HAP Concentration Limit 63.4291(a)(5)\"),COUNTIFS(Deviation_w_Addon_WorkPrac!$A$24:$A$500,$A24,Deviation_w_Addon_WorkPrac!$I$24:$I$500,$B24),\"N/A\"))","v":""},{"$f":"IF($B24=\"\",\"\",IF($C24=\"Equivalent Emissions Rate 63.4291(c)(4)\",COUNTIFS(Deviation_Equiv_ER!$A$24:$A$500,$A24,Deviation_Equiv_ER!$H$24:$H$500,$B24),\"N/A\"))","v":""}]
[{"$f":"IF(Lists!AA3=\"\",\"\",Lists!AA3)","v":""},{"$f":"IF(Lists!AB3=\"\",\"\",Lists!AB3)","v":""},{"$f":"IF(Lists!AC3=\"\",\"\",Lists!AC3)","v":""},{"$f":"IF($B25=\"\",\"\",IF(OR($C25=\"Compliant Material 63.4291(a)(1)\",$C25=\"Compliant Material 63.4291(b)\",$C25=\"Compliant Material 63.4291(c)(1)\"),COUNTIFS(Deviation_Compliant_Coating!$A$24:$A$500,$A25,Deviation_Compliant_Coating!$B$24:$B$500,$B25),\"N/A\"))","v":""},{"$f":"IF($B25=\"\",\"\",IF(OR($C25=\"Emission Rate Without Add-On Controls 63.4291(a)(2)\",$C25=\"Emission Rate Without Add-On Controls 63.4291(c)(2)\"),COUNTIFS(Deviation_Without_Addon!$A$24:$A$500,$A25,Deviation_Without_Addon!$B$24:$B$500,$B25),\"N/A\"))","v":""},{"$f":"IF($B25=\"\",\"\",IF(OR($C25=\"Emission Rate With Add-on Controls 63.4291(a)(3)\",$C25=\"Emission Rate With Add-On Controls 63.4291(c)(3)\",$C25=\"Organic HAP Overall Control Efficiency 63.4291(a)(4)\",$C25=\"Oxidizer Outlet Organic HAP Concentration Limit 63.4291(a)(5)\"),COUNTIFS(Deviation_w_Addon_WorkPrac!$A$24:$A$500,$A25,Deviation_w_Addon_WorkPrac!$I$24:$I$500,$B25),\"N/A\"))","v":""},{"$f":"IF($B25=\"\",\"\",IF($C25=\"Equivalent Emissions Rate 63.4291(c)(4)\",COUNTIFS(Deviation_Equiv_ER!$A$24:$A$500,$A25,Deviation_Equiv_ER!$H$24:$H$500,$B25),\"N/A\"))","v":""}]
[{"$f":"IF(Lists!AA4=\"\",\"\",Lists!AA4)","v":""},{"$f":"IF(Lists!AB4=\"\",\"\",Lists!AB4)","v":""},{"$f":"IF(Lists!AC4=\"\",\"\",Lists!AC4)","v":""},{"$f":"IF($B26=\"\",\"\",IF(OR($C26=\"Compliant Material 63.4291(a)(1)\",$C26=\"Compliant Material 63.4291(b)\",$C26=\"Compliant Material 63.4291(c)(1)\"),COUNTIFS(Deviation_Compliant_Coating!$A$24:$A$500,$A26,Deviation_Compliant_Coating!$B$24:$B$500,$B26),\"N/A\"))","v":""},{"$f":"IF($B26=\"\",\"\",IF(OR($C26=\"Emission Rate Without Add-On Controls 63.4291(a)(2)\",$C26=\"Emission Rate Without Add-On Controls 63.4291(c)(2)\"),COUNTIFS(Deviation_Without_Addon!$A$24:$A$500,$A26,Deviation_Without_Addon!$B$24:$B$500,$B26),\"N/A\"))","v":""},{"$f":"IF($B26=\"\",\"\",IF(OR($C26=\"Emission Rate With Add-on Controls 63.4291(a)(3)\",$C26=\"Emission Rate With Add-On Controls 63.4291(c)(3)\",$C26=\"Organic HAP Overall Control Efficiency 63.4291(a)(4)\",$C26=\"Oxidizer Outlet Organic HAP Concentration Limit 63.4291(a)(5)\"),COUNTIFS(Deviation_w_Addon_WorkPrac!$A$24:$A$500,$A26,Deviation_w_Addon_WorkPrac!$I$24:$I$500,$B26),\"N/A\"))","v":""},{"$f":"IF($B26=\"\",\"\",IF($C26=\"Equivalent Emissions Rate 63.4291(c)(4)\",COUNTIFS(Deviation_Equiv_ER!$A$24:$A$500,$A26,Deviation_Equiv_ER!$H$24:$H$500,$B26),\"N/A\"))","v":""}]
[{"$f":"IF(Lists!AA5=\"\",\"\",Lists!AA5)","v":""},{"$f":"IF(Lists!AB5=\"\",\"\",Lists!AB5)","v":""},{"$f":"IF(Lists!AC5=\"\",\"\",Lists!AC5)","v":""},{"$f":"IF($B27=\"\",\"\",IF(OR($C27=\"Compliant Material 63.4291(a)(1)\",$C27=\"Compliant Material 63.4291(b)\",$C27=\"Compliant Material 63.4291(c)(1)\"),COUNTIFS(Deviation_Compliant_Coating!$A$24:$A$500,$A27,Deviation_Compliant_Coating!$B$24:$B$500,$B27),\"N/A\"))","v":""},{"$f":"IF($B27=\"\",\"\",IF(OR($C27=\"Emission Rate Without Add-On Controls 63.4291(a)(2)\",$C27=\"Emission Rate Without Add-On Controls 63.4291(c)(2)\"),COUNTIFS(Deviation_Without_Addon!$A$24:$A$500,$A27,Deviation_Without_Addon!$B$24:$B$500,$B27),\"N/A\"))","v":""},{"$f":"IF($B27=\"\",\"\",IF(OR($C27=\"Emission Rate With Add-on Controls 63.4291(a)(3)\",$C27=\"Emission Rate With Add-On Controls 63.4291(c)(3)\",$C27=\"Organic HAP Overall Control Efficiency 63.4291(a)(4)\",$C27=\"Oxidizer Outlet Organic HAP Concentration Limit 63.4291(a)(5)\"),COUNTIFS(Deviation_w_Addon_WorkPrac!$A$24:$A$500,$A27,Deviation_w_Addon_WorkPrac!$I$24:$I$500,$B27),\"N/A\"))","v":""},{"$f":"IF($B27=\"\",\"\",IF($C27=\"Equivalent Emissions Rate 63.4291(c)(4)\",COUNTIFS(Deviation_Equiv_ER!$A$24:$A$500,$A27,Deviation_Equiv_ER!$H$24:$H$500,$B27),\"N/A\"))","v":""}]
[{"$f":"IF(Lists!AA6=\"\",\"\",Lists!AA6)","v":""},{"$f":"IF(Lists!AB6=\"\",\"\",Lists!AB6)","v":""},{"$f":"IF(Lists!AC6=\"\",\"\",Lists!AC6)","v":""},{"$f":"IF($B28=\"\",\"\",IF(OR($C28=\"Compliant Material 63.4291(a)(1)\",$C28=\"Compliant Material 63.4291(b)\",$C28=\"Compliant Material 63.4291(c)(1)\"),COUNTIFS(Deviation_Compliant_Coating!$A$24:$A$500,$A28,Deviation_Compliant_Coating!$B$24:$B$500,$B28),\"N/A\"))","v":""},{"$f":"IF($B28=\"\",\"\",IF(OR($C28=\"Emission Rate Without Add-On Controls 63.4291(a)(2)\",$C28=\"Emission Rate Without Add-On Controls 63.4291(c)(2)\"),COUNTIFS(Deviation_Without_Addon!$A$24:$A$500,$A28,Deviation_Without_Addon!$B$24:$B$500,$B28),\"N/A\"))","v":""},{"$f":"IF($B28=\"\",\"\",IF(OR($C28=\"Emission Rate With Add-on Controls 63.4291(a)(3)\",$C28=\"Emission Rate With Add-On Controls 63.4291(c)(3)\",$C28=\"Organic HAP Overall Control Efficiency 63.4291(a)(4)\",$C28=\"Oxidizer Outlet Organic HAP Concentration Limit 63.4291(a)(5)\"),COUNTIFS(Deviation_w_Addon_WorkPrac!$A$24:$A$500,$A28,Deviation_w_Addon_WorkPrac!$I$24:$I$500,$B28),\"N/A\"))","v":""},{"$f":"IF($B28=\"\",\"\",IF($C28=\"Equivalent Emissions Rate 63.4291(c)(4)\",COUNTIFS(Deviation_Equiv_ER!$A$24:$A$500,$A28,Deviation_Equiv_ER!$H$24:$H$500,$B28),\"N/A\"))","v":""}]
[{"$f":"IF(Lists!AA7=\"\",\"\",Lists!AA7)","v":""},{"$f":"IF(Lists!AB7=\"\",\"\",Lists!AB7)","v":""},{"$f":"IF(Lists!AC7=\"\",\"\",Lists!AC7)","v":""},{"$f":"IF($B29=\"\",\"\",IF(OR($C29=\"Compliant Material 63.4291(a)(1)\",$C29=\"Compliant Material 63.4291(b)\",$C29=\"Compliant Material 63.4291(c)(1)\"),COUNTIFS(Deviation_Compliant_Coating!$A$24:$A$500,$A29,Deviation_Compliant_Coating!$B$24:$B$500,$B29),\"N/A\"))","v":""},{"$f":"IF($B29=\"\",\"\",IF(OR($C29=\"Emission Rate Without Add-On Controls 63.4291(a)(2)\",$C29=\"Emission Rate Without Add-On Controls 63.4291(c)(2)\"),COUNTIFS(Deviation_Without_Addon!$A$24:$A$500,$A29,Deviation_Without_Addon!$B$24:$B$500,$B29),\"N/A\"))","v":""},{"$f":"IF($B29=\"\",\"\",IF(OR($C29=\"Emission Rate With Add-on Controls 63.4291(a)(3)\",$C29=\"Emission Rate With Add-On Controls 63.4291(c)(3)\",$C29=\"Organic HAP Overall Control Efficiency 63.4291(a)(4)\",$C29=\"Oxidizer Outlet Organic HAP Concentration Limit 63.4291(a)(5)\"),COUNTIFS(Deviation_w_Addon_WorkPrac!$A$24:$A$500,$A29,Deviation_w_Addon_WorkPrac!$I$24:$I$500,$B29),\"N/A\"))","v":""},{"$f":"IF($B29=\"\",\"\",IF($C29=\"Equivalent Emissions Rate 63.4291(c)(4)\",COUNTIFS(Deviation_Equiv_ER!$A$24:$A$500,$A29,Deviation_Equiv_ER!$H$24:$H$500,$B29),\"N/A\"))","v":""}]
[{"$f":"IF(Lists!AA8=\"\",\"\",Lists!AA8)","v":""},{"$f":"IF(Lists!AB8=\"\",\"\",Lists!AB8)","v":""},{"$f":"IF(Lists!AC8=\"\",\"\",Lists!AC8)","v":""},{"$f":"IF($B30=\"\",\"\",IF(OR($C30=\"Compliant Material 63.4291(a)(1)\",$C30=\"Compliant Material 63.4291(b)\",$C30=\"Compliant Material 63.4291(c)(1)\"),COUNTIFS(Deviation_Compliant_Coating!$A$24:$A$500,$A30,Deviation_Compliant_Coating!$B$24:$B$500,$B30),\"N/A\"))","v":""},{"$f":"IF($B30=\"\",\"\",IF(OR($C30=\"Emission Rate Without Add-On Controls 63.4291(a)(2)\",$C30=\"Emission Rate Without Add-On Controls 63.4291(c)(2)\"),COUNTIFS(Deviation_Without_Addon!$A$24:$A$500,$A30,Deviation_Without_Addon!$B$24:$B$500,$B30),\"N/A\"))","v":""},{"$f":"IF($B30=\"\",\"\",IF(OR($C30=\"Emission Rate With Add-on Controls 63.4291(a)(3)\",$C30=\"Emission Rate With Add-On Controls 63.4291(c)(3)\",$C30=\"Organic HAP Overall Control Efficiency 63.4291(a)(4)\",$C30=\"Oxidizer Outlet Organic HAP Concentration Limit 63.4291(a)(5)\"),COUNTIFS(Deviation_w_Addon_WorkPrac!$A$24:$A$500,$A30,Deviation_w_Addon_WorkPrac!$I$24:$I$500,$B30),\"N/A\"))","v":""},{"$f":"IF($B30=\"\",\"\",IF($C30=\"Equivalent Emissions Rate 63.4291(c)(4)\",COUNTIFS(Deviation_Equiv_ER!$A$24:$A$500,$A30,Deviation_Equiv_ER!$H$24:$H$500,$B30),\"N/A\"))","v":""}]
[{"$f":"IF(Lists!AA9=\"\",\"\",Lists!AA9)","v":""},{"$f":"IF(Lists!AB9=\"\",\"\",Lists!AB9)","v":""},{"$f":"IF(Lists!AC9=\"\",\"\",Lists!AC9)","v":""},{"$f":"IF($B31=\"\",\"\",IF(OR($C31=\"Compliant Material 63.4291(a)(1)\",$C31=\"Compliant Material 63.4291(b)\",$C31=\"Compliant Material 63.4291(c)(1)\"),COUNTIFS(Deviation_Compliant_Coating!$A$24:$A$500,$A31,Deviation_Compliant_Coating!$B$24:$B$500,$B31),\"N/A\"))","v":""},{"$f":"IF($B31=\"\",\"\",IF(OR($C31=\"Emission Rate Without Add-On Controls 63.4291(a)(2)\",$C31=\"Emission Rate Without Add-On Controls 63.4291(c)(2)\"),COUNTIFS(Deviation_Without_Addon!$A$24:$A$500,$A31,Deviation_Without_Addon!$B$24:$B$500,$B31),\"N/A\"))","v":""},{"$f":"IF($B31=\"\",\"\",IF(OR($C31=\"Emission Rate With Add-on Controls 63.4291(a)(3)\",$C31=\"Emission Rate With Add-On Controls 63.4291(c)(3)\",$C31=\"Organic HAP Overall Control Efficiency 63.4291(a)(4)\",$C31=\"Oxidizer Outlet Organic HAP Concentration Limit 63.4291(a)(5)\"),COUNTIFS(Deviation_w_Addon_WorkPrac!$A$24:$A$500,$A31,Deviation_w_Addon_WorkPrac!$I$24:$I$500,$B31),\"N/A\"))","v":""},{"$f":"IF($B31=\"\",\"\",IF($C31=\"Equivalent Emissions Rate 63.4291(c)(4)\",COUNTIFS(Deviation_Equiv_ER!$A$24:$A$500,$A31,Deviation_Equiv_ER!$H$24:$H$500,$B31),\"N/A\"))","v":""}]
[{"$f":"IF(Lists!AA10=\"\",\"\",Lists!AA10)","v":""},{"$f":"IF(Lists!AB10=\"\",\"\",Lists!AB10)","v":""},{"$f":"IF(Lists!AC10=\"\",\"\",Lists!AC10)","v":""},{"$f":"IF($B32=\"\",\"\",IF(OR($C32=\"Compliant Material 63.4291(a)(1)\",$C32=\"Compliant Material 63.4291(b)\",$C32=\"Compliant Material 63.4291(c)(1)\"),COUNTIFS(Deviation_Compliant_Coating!$A$24:$A$500,$A32,Deviation_Compliant_Coating!$B$24:$B$500,$B32),\"N/A\"))","v":""},{"$f":"IF($B32=\"\",\"\",IF(OR($C32=\"Emission Rate Without Add-On Controls 63.4291(a)(2)\",$C32=\"Emission Rate Without Add-On Controls 63.4291(c)(2)\"),COUNTIFS(Deviation_Without_Addon!$A$24:$A$500,$A32,Deviation_Without_Addon!$B$24:$B$500,$B32),\"N/A\"))","v":""},{"$f":"IF($B32=\"\",\"\",IF(OR($C32=\"Emission Rate With Add-on Controls 63.4291(a)(3)\",$C32=\"Emission Rate With Add-On Controls 63.4291(c)(3)\",$C32=\"Organic HAP Overall Control Efficiency 63.4291(a)(4)\",$C32=\"Oxidizer Outlet Organic HAP Concentration Limit 63.4291(a)(5)\"),COUNTIFS(Deviation_w_Addon_WorkPrac!$A$24:$A$500,$A32,Deviation_w_Addon_WorkPrac!$I$24:$I$500,$B32),\"N/A\"))","v":""},{"$f":"IF($B32=\"\",\"\",IF($C32=\"Equivalent Emissions Rate 63.4291(c)(4)\",COUNTIFS(Deviation_Equiv_ER!$A$24:$A$500,$A32,Deviation_Equiv_ER!$H$24:$H$500,$B32),\"N/A\"))","v":""}]
[{"$f":"IF(Lists!AA11=\"\",\"\",Lists!AA11)","v":""},{"$f":"IF(Lists!AB11=\"\",\"\",Lists!AB11)","v":""},{"$f":"IF(Lists!AC11=\"\",\"\",Lists!AC11)","v":""},{"$f":"IF($B33=\"\",\"\",IF(OR($C33=\"Compliant Material 63.4291(a)(1)\",$C33=\"Compliant Material 63.4291(b)\",$C33=\"Compliant Material 63.4291(c)(1)\"),COUNTIFS(Deviation_Compliant_Coating!$A$24:$A$500,$A33,Deviation_Compliant_Coating!$B$24:$B$500,$B33),\"N/A\"))","v":""},{"$f":"IF($B33=\"\",\"\",IF(OR($C33=\"Emission Rate Without Add-On Controls 63.4291(a)(2)\",$C33=\"Emission Rate Without Add-On Controls 63.4291(c)(2)\"),COUNTIFS(Deviation_Without_Addon!$A$24:$A$500,$A33,Deviation_Without_Addon!$B$24:$B$500,$B33),\"N/A\"))","v":""},{"$f":"IF($B33=\"\",\"\",IF(OR($C33=\"Emission Rate With Add-on Controls 63.4291(a)(3)\",$C33=\"Emission Rate With Add-On Controls 63.4291(c)(3)\",$C33=\"Organic HAP Overall Control Efficiency 63.4291(a)(4)\",$C33=\"Oxidizer Outlet Organic HAP Concentration Limit 63.4291(a)(5)\"),COUNTIFS(Deviation_w_Addon_WorkPrac!$A$24:$A$500,$A33,Deviation_w_Addon_WorkPrac!$I$24:$I$500,$B33),\"N/A\"))","v":""},{"$f":"IF($B33=\"\",\"\",IF($C33=\"Equivalent Emissions Rate 63.4291(c)(4)\",COUNTIFS(Deviation_Equiv_ER!$A$24:$A$500,$A33,Deviation_Equiv_ER!$H$24:$H$500,$B33),\"N/A\"))","v":""}]
[{"$f":"IF(Lists!AA12=\"\",\"\",Lists!AA12)","v":""},{"$f":"IF(Lists!AB12=\"\",\"\",Lists!AB12)","v":""},{"$f":"IF(Lists!AC12=\"\",\"\",Lists!AC12)","v":""},{"$f":"IF($B34=\"\",\"\",IF(OR($C34=\"Compliant Material 63.4291(a)(1)\",$C34=\"Compliant Material 63.4291(b)\",$C34=\"Compliant Material 63.4291(c)(1)\"),COUNTIFS(Deviation_Compliant_Coating!$A$24:$A$500,$A34,Deviation_Compliant_Coating!$B$24:$B$500,$B34),\"N/A\"))","v":""},{"$f":"IF($B34=\"\",\"\",IF(OR($C34=\"Emission Rate Without Add-On Controls 63.4291(a)(2)\",$C34=\"Emission Rate Without Add-On Controls 63.4291(c)(2)\"),COUNTIFS(Deviation_Without_Addon!$A$24:$A$500,$A34,Deviation_Without_Addon!$B$24:$B$500,$B34),\"N/A\"))","v":""},{"$f":"IF($B34=\"\",\"\",IF(OR($C34=\"Emission Rate With Add-on Controls 63.4291(a)(3)\",$C34=\"Emission Rate With Add-On Controls 63.4291(c)(3)\",$C34=\"Organic HAP Overall Control Efficiency 63.4291(a)(4)\",$C34=\"Oxidizer Outlet Organic HAP Concentration Limit 63.4291(a)(5)\"),COUNTIFS(Deviation_w_Addon_WorkPrac!$A$24:$A$500,$A34,Deviation_w_Addon_WorkPrac!$I$24:$I$500,$B34),\"N/A\"))","v":""},{"$f":"IF($B34=\"\",\"\",IF($C34=\"Equivalent Emissions Rate 63.4291(c)(4)\",COUNTIFS(Deviation_Equiv_ER!$A$24:$A$500,$A34,Deviation_Equiv_ER!$H$24:$H$500,$B34),\"N/A\"))","v":""}]
[{"$f":"IF(Lists!AA13=\"\",\"\",Lists!AA13)","v":""},{"$f":"IF(Lists!AB13=\"\",\"\",Lists!AB13)","v":""},{"$f":"IF(Lists!AC13=\"\",\"\",Lists!AC13)","v":""},{"$f":"IF($B35=\"\",\"\",IF(OR($C35=\"Compliant Material 63.4291(a)(1)\",$C35=\"Compliant Material 63.4291(b)\",$C35=\"Compliant Material 63.4291(c)(1)\"),COUNTIFS(Deviation_Compliant_Coating!$A$24:$A$500,$A35,Deviation_Compliant_Coating!$B$24:$B$500,$B35),\"N/A\"))","v":""},{"$f":"IF($B35=\"\",\"\",IF(OR($C35=\"Emission Rate Without Add-On Controls 63.4291(a)(2)\",$C35=\"Emission Rate Without Add-On Controls 63.4291(c)(2)\"),COUNTIFS(Deviation_Without_Addon!$A$24:$A$500,$A35,Deviation_Without_Addon!$B$24:$B$500,$B35),\"N/A\"))","v":""},{"$f":"IF($B35=\"\",\"\",IF(OR($C35=\"Emission Rate With Add-on Controls 63.4291(a)(3)\",$C35=\"Emission Rate With Add-On Controls 63.4291(c)(3)\",$C35=\"Organic HAP Overall Control Efficiency 63.4291(a)(4)\",$C35=\"Oxidizer Outlet Organic HAP Concentration Limit 63.4291(a)(5)\"),COUNTIFS(Deviation_w_Addon_WorkPrac!$A$24:$A$500,$A35,Deviation_w_Addon_WorkPrac!$I$24:$I$500,$B35),\"N/A\"))","v":""},{"$f":"IF($B35=\"\",\"\",IF($C35=\"Equivalent Emissions Rate 63.4291(c)(4)\",COUNTIFS(Deviation_Equiv_ER!$A$24:$A$500,$A35,Deviation_Equiv_ER!$H$24:$H$500,$B35),\"N/A\"))","v":""}]
[{"$f":"IF(Lists!AA14=\"\",\"\",Lists!AA14)","v":""},{"$f":"IF(Lists!AB14=\"\",\"\",Lists!AB14)","v":""},{"$f":"IF(Lists!AC14=\"\",\"\",Lists!AC14)","v":""},{"$f":"IF($B36=\"\",\"\",IF(OR($C36=\"Compliant Material 63.4291(a)(1)\",$C36=\"Compliant Material 63.4291(b)\",$C36=\"Compliant Material 63.4291(c)(1)\"),COUNTIFS(Deviation_Compliant_Coating!$A$24:$A$500,$A36,Deviation_Compliant_Coating!$B$24:$B$500,$B36),\"N/A\"))","v":""},{"$f":"IF($B36=\"\",\"\",IF(OR($C36=\"Emission Rate Without Add-On Controls 63.4291(a)(2)\",$C36=\"Emission Rate Without Add-On Controls 63.4291(c)(2)\"),COUNTIFS(Deviation_Without_Addon!$A$24:$A$500,$A36,Deviation_Without_Addon!$B$24:$B$500,$B36),\"N/A\"))","v":""},{"$f":"IF($B36=\"\",\"\",IF(OR($C36=\"Emission Rate With Add-on Controls 63.4291(a)(3)\",$C36=\"Emission Rate With Add-On Controls 63.4291(c)(3)\",$C36=\"Organic HAP Overall Control Efficiency 63.4291(a)(4)\",$C36=\"Oxidizer Outlet Organic HAP Concentration Limit 63.4291(a)(5)\"),COUNTIFS(Deviation_w_Addon_WorkPrac!$A$24:$A$500,$A36,Deviation_w_Addon_WorkPrac!$I$24:$I$500,$B36),\"N/A\"))","v":""},{"$f":"IF($B36=\"\",\"\",IF($C36=\"Equivalent Emissions Rate 63.4291(c)(4)\",COUNTIFS(Deviation_Equiv_ER!$A$24:$A$500,$A36,Deviation_Equiv_ER!$H$24:$H$500,$B36),\"N/A\"))","v":""}]
[{"$f":"IF(Lists!AA15=\"\",\"\",Lists!AA15)","v":""},{"$f":"IF(Lists!AB15=\"\",\"\",Lists!AB15)","v":""},{"$f":"IF(Lists!AC15=\"\",\"\",Lists!AC15)","v":""},{"$f":"IF($B37=\"\",\"\",IF(OR($C37=\"Compliant Material 63.4291(a)(1)\",$C37=\"Compliant Material 63.4291(b)\",$C37=\"Compliant Material 63.4291(c)(1)\"),COUNTIFS(Deviation_Compliant_Coating!$A$24:$A$500,$A37,Deviation_Compliant_Coating!$B$24:$B$500,$B37),\"N/A\"))","v":""},{"$f":"IF($B37=\"\",\"\",IF(OR($C37=\"Emission Rate Without Add-On Controls 63.4291(a)(2)\",$C37=\"Emission Rate Without Add-On Controls 63.4291(c)(2)\"),COUNTIFS(Deviation_Without_Addon!$A$24:$A$500,$A37,Deviation_Without_Addon!$B$24:$B$500,$B37),\"N/A\"))","v":""},{"$f":"IF($B37=\"\",\"\",IF(OR($C37=\"Emission Rate With Add-on Controls 63.4291(a)(3)\",$C37=\"Emission Rate With Add-On Controls 63.4291(c)(3)\",$C37=\"Organic HAP Overall Control Efficiency 63.4291(a)(4)\",$C37=\"Oxidizer Outlet Organic HAP Concentration Limit 63.4291(a)(5)\"),COUNTIFS(Deviation_w_Addon_WorkPrac!$A$24:$A$500,$A37,Deviation_w_Addon_WorkPrac!$I$24:$I$500,$B37),\"N/A\"))","v":""},{"$f":"IF($B37=\"\",\"\",IF($C37=\"Equivalent Emissions Rate 63.4291(c)(4)\",COUNTIFS(Deviation_Equiv_ER!$A$24:$A$500,$A37,Deviation_Equiv_ER!$H$24:$H$500,$B37),\"N/A\"))","v":""}]
[{"$f":"IF(Lists!AA16=\"\",\"\",Lists!AA16)","v":""},{"$f":"IF(Lists!AB16=\"\",\"\",Lists!AB16)","v":""},{"$f":"IF(Lists!AC16=\"\",\"\",Lists!AC16)","v":""},{"$f":"IF($B38=\"\",\"\",IF(OR($C38=\"Compliant Material 63.4291(a)(1)\",$C38=\"Compliant Material 63.4291(b)\",$C38=\"Compliant Material 63.4291(c)(1)\"),COUNTIFS(Deviation_Compliant_Coating!$A$24:$A$500,$A38,Deviation_Compliant_Coating!$B$24:$B$500,$B38),\"N/A\"))","v":""},{"$f":"IF($B38=\"\",\"\",IF(OR($C38=\"Emission Rate Without Add-On Controls 63.4291(a)(2)\",$C38=\"Emission Rate Without Add-On Controls 63.4291(c)(2)\"),COUNTIFS(Deviation_Without_Addon!$A$24:$A$500,$A38,Deviation_Without_Addon!$B$24:$B$500,$B38),\"N/A\"))","v":""},{"$f":"IF($B38=\"\",\"\",IF(OR($C38=\"Emission Rate With Add-on Controls 63.4291(a)(3)\",$C38=\"Emission Rate With Add-On Controls 63.4291(c)(3)\",$C38=\"Organic HAP Overall Control Efficiency 63.4291(a)(4)\",$C38=\"Oxidizer Outlet Organic HAP Concentration Limit 63.4291(a)(5)\"),COUNTIFS(Deviation_w_Addon_WorkPrac!$A$24:$A$500,$A38,Deviation_w_Addon_WorkPrac!$I$24:$I$500,$B38),\"N/A\"))","v":""},{"$f":"IF($B38=\"\",\"\",IF($C38=\"Equivalent Emissions Rate 63.4291(c)(4)\",COUNTIFS(Deviation_Equiv_ER!$A$24:$A$500,$A38,Deviation_Equiv_ER!$H$24:$H$500,$B38),\"N/A\"))","v":""}]
[{"$f":"IF(Lists!AA17=\"\",\"\",Lists!AA17)","v":""},{"$f":"IF(Lists!AB17=\"\",\"\",Lists!AB17)","v":""},{"$f":"IF(Lists!AC17=\"\",\"\",Lists!AC17)","v":""},{"$f":"IF($B39=\"\",\"\",IF(OR($C39=\"Compliant Material 63.4291(a)(1)\",$C39=\"Compliant Material 63.4291(b)\",$C39=\"Compliant Material 63.4291(c)(1)\"),COUNTIFS(Deviation_Compliant_Coating!$A$24:$A$500,$A39,Deviation_Compliant_Coating!$B$24:$B$500,$B39),\"N/A\"))","v":""},{"$f":"IF($B39=\"\",\"\",IF(OR($C39=\"Emission Rate Without Add-On Controls 63.4291(a)(2)\",$C39=\"Emission Rate Without Add-On Controls 63.4291(c)(2)\"),COUNTIFS(Deviation_Without_Addon!$A$24:$A$500,$A39,Deviation_Without_Addon!$B$24:$B$500,$B39),\"N/A\"))","v":""},{"$f":"IF($B39=\"\",\"\",IF(OR($C39=\"Emission Rate With Add-on Controls 63.4291(a)(3)\",$C39=\"Emission Rate With Add-On Controls 63.4291(c)(3)\",$C39=\"Organic HAP Overall Control Efficiency 63.4291(a)(4)\",$C39=\"Oxidizer Outlet Organic HAP Concentration Limit 63.4291(a)(5)\"),COUNTIFS(Deviation_w_Addon_WorkPrac!$A$24:$A$500,$A39,Deviation_w_Addon_WorkPrac!$I$24:$I$500,$B39),\"N/A\"))","v":""},{"$f":"IF($B39=\"\",\"\",IF($C39=\"Equivalent Emissions Rate 63.4291(c)(4)\",COUNTIFS(Deviation_Equiv_ER!$A$24:$A$500,$A39,Deviation_Equiv_ER!$H$24:$H$500,$B39),\"N/A\"))","v":""}]
[{"$f":"IF(Lists!AA18=\"\",\"\",Lists!AA18)","v":""},{"$f":"IF(Lists!AB18=\"\",\"\",Lists!AB18)","v":""},{"$f":"IF(Lists!AC18=\"\",\"\",Lists!AC18)","v":""},{"$f":"IF($B40=\"\",\"\",IF(OR($C40=\"Compliant Material 63.4291(a)(1)\",$C40=\"Compliant Material 63.4291(b)\",$C40=\"Compliant Material 63.4291(c)(1)\"),COUNTIFS(Deviation_Compliant_Coating!$A$24:$A$500,$A40,Deviation_Compliant_Coating!$B$24:$B$500,$B40),\"N/A\"))","v":""},{"$f":"IF($B40=\"\",\"\",IF(OR($C40=\"Emission Rate Without Add-On Controls 63.4291(a)(2)\",$C40=\"Emission Rate Without Add-On Controls 63.4291(c)(2)\"),COUNTIFS(Deviation_Without_Addon!$A$24:$A$500,$A40,Deviation_Without_Addon!$B$24:$B$500,$B40),\"N/A\"))","v":""},{"$f":"IF($B40=\"\",\"\",IF(OR($C40=\"Emission Rate With Add-on Controls 63.4291(a)(3)\",$C40=\"Emission Rate With Add-On Controls 63.4291(c)(3)\",$C40=\"Organic HAP Overall Control Efficiency 63.4291(a)(4)\",$C40=\"Oxidizer Outlet Organic HAP Concentration Limit 63.4291(a)(5)\"),COUNTIFS(Deviation_w_Addon_WorkPrac!$A$24:$A$500,$A40,Deviation_w_Addon_WorkPrac!$I$24:$I$500,$B40),\"N/A\"))","v":""},{"$f":"IF($B40=\"\",\"\",IF($C40=\"Equivalent Emissions Rate 63.4291(c)(4)\",COUNTIFS(Deviation_Equiv_ER!$A$24:$A$500,$A40,Deviation_Equiv_ER!$H$24:$H$500,$B40),\"N/A\"))","v":""}]
[{"$f":"IF(Lists!AA19=\"\",\"\",Lists!AA19)","v":""},{"$f":"IF(Lists!AB19=\"\",\"\",Lists!AB19)","v":""},{"$f":"IF(Lists!AC19=\"\",\"\",Lists!AC19)","v":""},{"$f":"IF($B41=\"\",\"\",IF(OR($C41=\"Compliant Material 63.4291(a)(1)\",$C41=\"Compliant Material 63.4291(b)\",$C41=\"Compliant Material 63.4291(c)(1)\"),COUNTIFS(Deviation_Compliant_Coating!$A$24:$A$500,$A41,Deviation_Compliant_Coating!$B$24:$B$500,$B41),\"N/A\"))","v":""},{"$f":"IF($B41=\"\",\"\",IF(OR($C41=\"Emission Rate Without Add-On Controls 63.4291(a)(2)\",$C41=\"Emission Rate Without Add-On Controls 63.4291(c)(2)\"),COUNTIFS(Deviation_Without_Addon!$A$24:$A$500,$A41,Deviation_Without_Addon!$B$24:$B$500,$B41),\"N/A\"))","v":""},{"$f":"IF($B41=\"\",\"\",IF(OR($C41=\"Emission Rate With Add-on Controls 63.4291(a)(3)\",$C41=\"Emission Rate With Add-On Controls 63.4291(c)(3)\",$C41=\"Organic HAP Overall Control Efficiency 63.4291(a)(4)\",$C41=\"Oxidizer Outlet Organic HAP Concentration Limit 63.4291(a)(5)\"),COUNTIFS(Deviation_w_Addon_WorkPrac!$A$24:$A$500,$A41,Deviation_w_Addon_WorkPrac!$I$24:$I$500,$B41),\"N/A\"))","v":""},{"$f":"IF($B41=\"\",\"\",IF($C41=\"Equivalent Emissions Rate 63.4291(c)(4)\",COUNTIFS(Deviation_Equiv_ER!$A$24:$A$500,$A41,Deviation_Equiv_ER!$H$24:$H$500,$B41),\"N/A\"))","v":""}]
[{"$f":"IF(Lists!AA20=\"\",\"\",Lists!AA20)","v":""},{"$f":"IF(Lists!AB20=\"\",\"\",Lists!AB20)","v":""},{"$f":"IF(Lists!AC20=\"\",\"\",Lists!AC20)","v":""},{"$f":"IF($B42=\"\",\"\",IF(OR($C42=\"Compliant Material 63.4291(a)(1)\",$C42=\"Compliant Material 63.4291(b)\",$C42=\"Compliant Material 63.4291(c)(1)\"),COUNTIFS(Deviation_Compliant_Coating!$A$24:$A$500,$A42,Deviation_Compliant_Coating!$B$24:$B$500,$B42),\"N/A\"))","v":""},{"$f":"IF($B42=\"\",\"\",IF(OR($C42=\"Emission Rate Without Add-On Controls 63.4291(a)(2)\",$C42=\"Emission Rate Without Add-On Controls 63.4291(c)(2)\"),COUNTIFS(Deviation_Without_Addon!$A$24:$A$500,$A42,Deviation_Without_Addon!$B$24:$B$500,$B42),\"N/A\"))","v":""},{"$f":"IF($B42=\"\",\"\",IF(OR($C42=\"Emission Rate With Add-on Controls 63.4291(a)(3)\",$C42=\"Emission Rate With Add-On Controls 63.4291(c)(3)\",$C42=\"Organic HAP Overall Control Efficiency 63.4291(a)(4)\",$C42=\"Oxidizer Outlet Organic HAP Concentration Limit 63.4291(a)(5)\"),COUNTIFS(Deviation_w_Addon_WorkPrac!$A$24:$A$500,$A42,Deviation_w_Addon_WorkPrac!$I$24:$I$500,$B42),\"N/A\"))","v":""},{"$f":"IF($B42=\"\",\"\",IF($C42=\"Equivalent Emissions Rate 63.4291(c)(4)\",COUNTIFS(Deviation_Equiv_ER!$A$24:$A$500,$A42,Deviation_Equiv_ER!$H$24:$H$500,$B42),\"N/A\"))","v":""}]
[{"$f":"IF(Lists!AA21=\"\",\"\",Lists!AA21)","v":""},{"$f":"IF(Lists!AB21=\"\",\"\",Lists!AB21)","v":""},{"$f":"IF(Lists!AC21=\"\",\"\",Lists!AC21)","v":""},{"$f":"IF($B43=\"\",\"\",IF(OR($C43=\"Compliant Material 63.4291(a)(1)\",$C43=\"Compliant Material 63.4291(b)\",$C43=\"Compliant Material 63.4291(c)(1)\"),COUNTIFS(Deviation_Compliant_Coating!$A$24:$A$500,$A43,Deviation_Compliant_Coating!$B$24:$B$500,$B43),\"N/A\"))","v":""},{"$f":"IF($B43=\"\",\"\",IF(OR($C43=\"Emission Rate Without Add-On Controls 63.4291(a)(2)\",$C43=\"Emission Rate Without Add-On Controls 63.4291(c)(2)\"),COUNTIFS(Deviation_Without_Addon!$A$24:$A$500,$A43,Deviation_Without_Addon!$B$24:$B$500,$B43),\"N/A\"))","v":""},{"$f":"IF($B43=\"\",\"\",IF(OR($C43=\"Emission Rate With Add-on Controls 63.4291(a)(3)\",$C43=\"Emission Rate With Add-On Controls 63.4291(c)(3)\",$C43=\"Organic HAP Overall Control Efficiency 63.4291(a)(4)\",$C43=\"Oxidizer Outlet Organic HAP Concentration Limit 63.4291(a)(5)\"),COUNTIFS(Deviation_w_Addon_WorkPrac!$A$24:$A$500,$A43,Deviation_w_Addon_WorkPrac!$I$24:$I$500,$B43),\"N/A\"))","v":""},{"$f":"IF($B43=\"\",\"\",IF($C43=\"Equivalent Emissions Rate 63.4291(c)(4)\",COUNTIFS(Deviation_Equiv_ER!$A$24:$A$500,$A43,Deviation_Equiv_ER!$H$24:$H$500,$B43),\"N/A\"))","v":""}]
[{"$f":"IF(Lists!AA22=\"\",\"\",Lists!AA22)","v":""},{"$f":"IF(Lists!AB22=\"\",\"\",Lists!AB22)","v":""},{"$f":"IF(Lists!AC22=\"\",\"\",Lists!AC22)","v":""},{"$f":"IF($B44=\"\",\"\",IF(OR($C44=\"Compliant Material 63.4291(a)(1)\",$C44=\"Compliant Material 63.4291(b)\",$C44=\"Compliant Material 63.4291(c)(1)\"),COUNTIFS(Deviation_Compliant_Coating!$A$24:$A$500,$A44,Deviation_Compliant_Coating!$B$24:$B$500,$B44),\"N/A\"))","v":""},{"$f":"IF($B44=\"\",\"\",IF(OR($C44=\"Emission Rate Without Add-On Controls 63.4291(a)(2)\",$C44=\"Emission Rate Without Add-On Controls 63.4291(c)(2)\"),COUNTIFS(Deviation_Without_Addon!$A$24:$A$500,$A44,Deviation_Without_Addon!$B$24:$B$500,$B44),\"N/A\"))","v":""},{"$f":"IF($B44=\"\",\"\",IF(OR($C44=\"Emission Rate With Add-on Controls 63.4291(a)(3)\",$C44=\"Emission Rate With Add-On Controls 63.4291(c)(3)\",$C44=\"Organic HAP Overall Control Efficiency 63.4291(a)(4)\",$C44=\"Oxidizer Outlet Organic HAP Concentration Limit 63.4291(a)(5)\"),COUNTIFS(Deviation_w_Addon_WorkPrac!$A$24:$A$500,$A44,Deviation_w_Addon_WorkPrac!$I$24:$I$500,$B44),\"N/A\"))","v":""},{"$f":"IF($B44=\"\",\"\",IF($C44=\"Equivalent Emissions Rate 63.4291(c)(4)\",COUNTIFS(Deviation_Equiv_ER!$A$24:$A$500,$A44,Deviation_Equiv_ER!$H$24:$H$500,$B44),\"N/A\"))","v":""}]
[{"$f":"IF(Lists!AA23=\"\",\"\",Lists!AA23)","v":""},{"$f":"IF(Lists!AB23=\"\",\"\",Lists!AB23)","v":""},{"$f":"IF(Lists!AC23=\"\",\"\",Lists!AC23)","v":""},{"$f":"IF($B45=\"\",\"\",IF(OR($C45=\"Compliant Material 63.4291(a)(1)\",$C45=\"Compliant Material 63.4291(b)\",$C45=\"Compliant Material 63.4291(c)(1)\"),COUNTIFS(Deviation_Compliant_Coating!$A$24:$A$500,$A45,Deviation_Compliant_Coating!$B$24:$B$500,$B45),\"N/A\"))","v":""},{"$f":"IF($B45=\"\",\"\",IF(OR($C45=\"Emission Rate Without Add-On Controls 63.4291(a)(2)\",$C45=\"Emission Rate Without Add-On Controls 63.4291(c)(2)\"),COUNTIFS(Deviation_Without_Addon!$A$24:$A$500,$A45,Deviation_Without_Addon!$B$24:$B$500,$B45),\"N/A\"))","v":""},{"$f":"IF($B45=\"\",\"\",IF(OR($C45=\"Emission Rate With Add-on Controls 63.4291(a)(3)\",$C45=\"Emission Rate With Add-On Controls 63.4291(c)(3)\",$C45=\"Organic HAP Overall Control Efficiency 63.4291(a)(4)\",$C45=\"Oxidizer Outlet Organic HAP Concentration Limit 63.4291(a)(5)\"),COUNTIFS(Deviation_w_Addon_WorkPrac!$A$24:$A$500,$A45,Deviation_w_Addon_WorkPrac!$I$24:$I$500,$B45),\"N/A\"))","v":""},{"$f":"IF($B45=\"\",\"\",IF($C45=\"Equivalent Emissions Rate 63.4291(c)(4)\",COUNTIFS(Deviation_Equiv_ER!$A$24:$A$500,$A45,Deviation_Equiv_ER!$H$24:$H$500,$B45),\"N/A\"))","v":""}]
[{"$f":"IF(Lists!AA24=\"\",\"\",Lists!AA24)","v":""},{"$f":"IF(Lists!AB24=\"\",\"\",Lists!AB24)","v":""},{"$f":"IF(Lists!AC24=\"\",\"\",Lists!AC24)","v":""},{"$f":"IF($B46=\"\",\"\",IF(OR($C46=\"Compliant Material 63.4291(a)(1)\",$C46=\"Compliant Material 63.4291(b)\",$C46=\"Compliant Material 63.4291(c)(1)\"),COUNTIFS(Deviation_Compliant_Coating!$A$24:$A$500,$A46,Deviation_Compliant_Coating!$B$24:$B$500,$B46),\"N/A\"))","v":""},{"$f":"IF($B46=\"\",\"\",IF(OR($C46=\"Emission Rate Without Add-On Controls 63.4291(a)(2)\",$C46=\"Emission Rate Without Add-On Controls 63.4291(c)(2)\"),COUNTIFS(Deviation_Without_Addon!$A$24:$A$500,$A46,Deviation_Without_Addon!$B$24:$B$500,$B46),\"N/A\"))","v":""},{"$f":"IF($B46=\"\",\"\",IF(OR($C46=\"Emission Rate With Add-on Controls 63.4291(a)(3)\",$C46=\"Emission Rate With Add-On Controls 63.4291(c)(3)\",$C46=\"Organic HAP Overall Control Efficiency 63.4291(a)(4)\",$C46=\"Oxidizer Outlet Organic HAP Concentration Limit 63.4291(a)(5)\"),COUNTIFS(Deviation_w_Addon_WorkPrac!$A$24:$A$500,$A46,Deviation_w_Addon_WorkPrac!$I$24:$I$500,$B46),\"N/A\"))","v":""},{"$f":"IF($B46=\"\",\"\",IF($C46=\"Equivalent Emissions Rate 63.4291(c)(4)\",COUNTIFS(Deviation_Equiv_ER!$A$24:$A$500,$A46,Deviation_Equiv_ER!$H$24:$H$500,$B46),\"N/A\"))","v":""}]
[{"$f":"IF(Lists!AA25=\"\",\"\",Lists!AA25)","v":""},{"$f":"IF(Lists!AB25=\"\",\"\",Lists!AB25)","v":""},{"$f":"IF(Lists!AC25=\"\",\"\",Lists!AC25)","v":""},{"$f":"IF($B47=\"\",\"\",IF(OR($C47=\"Compliant Material 63.4291(a)(1)\",$C47=\"Compliant Material 63.4291(b)\",$C47=\"Compliant Material 63.4291(c)(1)\"),COUNTIFS(Deviation_Compliant_Coating!$A$24:$A$500,$A47,Deviation_Compliant_Coating!$B$24:$B$500,$B47),\"N/A\"))","v":""},{"$f":"IF($B47=\"\",\"\",IF(OR($C47=\"Emission Rate Without Add-On Controls 63.4291(a)(2)\",$C47=\"Emission Rate Without Add-On Controls 63.4291(c)(2)\"),COUNTIFS(Deviation_Without_Addon!$A$24:$A$500,$A47,Deviation_Without_Addon!$B$24:$B$500,$B47),\"N/A\"))","v":""},{"$f":"IF($B47=\"\",\"\",IF(OR($C47=\"Emission Rate With Add-on Controls 63.4291(a)(3)\",$C47=\"Emission Rate With Add-On Controls 63.4291(c)(3)\",$C47=\"Organic HAP Overall Control Efficiency 63.4291(a)(4)\",$C47=\"Oxidizer Outlet Organic HAP Concentration Limit 63.4291(a)(5)\"),COUNTIFS(Deviation_w_Addon_WorkPrac!$A$24:$A$500,$A47,Deviation_w_Addon_WorkPrac!$I$24:$I$500,$B47),\"N/A\"))","v":""},{"$f":"IF($B47=\"\",\"\",IF($C47=\"Equivalent Emissions Rate 63.4291(c)(4)\",COUNTIFS(Deviation_Equiv_ER!$A$24:$A$500,$A47,Deviation_Equiv_ER!$H$24:$H$500,$B47),\"N/A\"))","v":""}]
[{"$f":"IF(Lists!AA26=\"\",\"\",Lists!AA26)","v":""},{"$f":"IF(Lists!AB26=\"\",\"\",Lists!AB26)","v":""},{"$f":"IF(Lists!AC26=\"\",\"\",Lists!AC26)","v":""},{"$f":"IF($B48=\"\",\"\",IF(OR($C48=\"Compliant Material 63.4291(a)(1)\",$C48=\"Compliant Material 63.4291(b)\",$C48=\"Compliant Material 63.4291(c)(1)\"),COUNTIFS(Deviation_Compliant_Coating!$A$24:$A$500,$A48,Deviation_Compliant_Coating!$B$24:$B$500,$B48),\"N/A\"))","v":""},{"$f":"IF($B48=\"\",\"\",IF(OR($C48=\"Emission Rate Without Add-On Controls 63.4291(a)(2)\",$C48=\"Emission Rate Without Add-On Controls 63.4291(c)(2)\"),COUNTIFS(Deviation_Without_Addon!$A$24:$A$500,$A48,Deviation_Without_Addon!$B$24:$B$500,$B48),\"N/A\"))","v":""},{"$f":"IF($B48=\"\",\"\",IF(OR($C48=\"Emission Rate With Add-on Controls 63.4291(a)(3)\",$C48=\"Emission Rate With Add-On Controls 63.4291(c)(3)\",$C48=\"Organic HAP Overall Control Efficiency 63.4291(a)(4)\",$C48=\"Oxidizer Outlet Organic HAP Concentration Limit 63.4291(a)(5)\"),COUNTIFS(Deviation_w_Addon_WorkPrac!$A$24:$A$500,$A48,Deviation_w_Addon_WorkPrac!$I$24:$I$500,$B48),\"N/A\"))","v":""},{"$f":"IF($B48=\"\",\"\",IF($C48=\"Equivalent Emissions Rate 63.4291(c)(4)\",COUNTIFS(Deviation_Equiv_ER!$A$24:$A$500,$A48,Deviation_Equiv_ER!$H$24:$H$500,$B48),\"N/A\"))","v":""}]
[{"$f":"IF(Lists!AA27=\"\",\"\",Lists!AA27)","v":""},{"$f":"IF(Lists!AB27=\"\",\"\",Lists!AB27)","v":""},{"$f":"IF(Lists!AC27=\"\",\"\",Lists!AC27)","v":""},{"$f":"IF($B49=\"\",\"\",IF(OR($C49=\"Compliant Material 63.4291(a)(1)\",$C49=\"Compliant Material 63.4291(b)\",$C49=\"Compliant Material 63.4291(c)(1)\"),COUNTIFS(Deviation_Compliant_Coating!$A$24:$A$500,$A49,Deviation_Compliant_Coating!$B$24:$B$500,$B49),\"N/A\"))","v":""},{"$f":"IF($B49=\"\",\"\",IF(OR($C49=\"Emission Rate Without Add-On Controls 63.4291(a)(2)\",$C49=\"Emission Rate Without Add-On Controls 63.4291(c)(2)\"),COUNTIFS(Deviation_Without_Addon!$A$24:$A$500,$A49,Deviation_Without_Addon!$B$24:$B$500,$B49),\"N/A\"))","v":""},{"$f":"IF($B49=\"\",\"\",IF(OR($C49=\"Emission Rate With Add-on Controls 63.4291(a)(3)\",$C49=\"Emission Rate With Add-On Controls 63.4291(c)(3)\",$C49=\"Organic HAP Overall Control Efficiency 63.4291(a)(4)\",$C49=\"Oxidizer Outlet Organic HAP Concentration Limit 63.4291(a)(5)\"),COUNTIFS(Deviation_w_Addon_WorkPrac!$A$24:$A$500,$A49,Deviation_w_Addon_WorkPrac!$I$24:$I$500,$B49),\"N/A\"))","v":""},{"$f":"IF($B49=\"\",\"\",IF($C49=\"Equivalent Emissions Rate 63.4291(c)(4)\",COUNTIFS(Deviation_Equiv_ER!$A$24:$A$500,$A49,Deviation_Equiv_ER!$H$24:$H$500,$B49),\"N/A\"))","v":""}]
[{"$f":"IF(Lists!AA28=\"\",\"\",Lists!AA28)","v":""},{"$f":"IF(Lists!AB28=\"\",\"\",Lists!AB28)","v":""},{"$f":"IF(Lists!AC28=\"\",\"\",Lists!AC28)","v":""},{"$f":"IF($B50=\"\",\"\",IF(OR($C50=\"Compliant Material 63.4291(a)(1)\",$C50=\"Compliant Material 63.4291(b)\",$C50=\"Compliant Material 63.4291(c)(1)\"),COUNTIFS(Deviation_Compliant_Coating!$A$24:$A$500,$A50,Deviation_Compliant_Coating!$B$24:$B$500,$B50),\"N/A\"))","v":""},{"$f":"IF($B50=\"\",\"\",IF(OR($C50=\"Emission Rate Without Add-On Controls 63.4291(a)(2)\",$C50=\"Emission Rate Without Add-On Controls 63.4291(c)(2)\"),COUNTIFS(Deviation_Without_Addon!$A$24:$A$500,$A50,Deviation_Without_Addon!$B$24:$B$500,$B50),\"N/A\"))","v":""},{"$f":"IF($B50=\"\",\"\",IF(OR($C50=\"Emission Rate With Add-on Controls 63.4291(a)(3)\",$C50=\"Emission Rate With Add-On Controls 63.4291(c)(3)\",$C50=\"Organic HAP Overall Control Efficiency 63.4291(a)(4)\",$C50=\"Oxidizer Outlet Organic HAP Concentration Limit 63.4291(a)(5)\"),COUNTIFS(Deviation_w_Addon_WorkPrac!$A$24:$A$500,$A50,Deviation_w_Addon_WorkPrac!$I$24:$I$500,$B50),\"N/A\"))","v":""},{"$f":"IF($B50=\"\",\"\",IF($C50=\"Equivalent Emissions Rate 63.4291(c)(4)\",COUNTIFS(Deviation_Equiv_ER!$A$24:$A$500,$A50,Deviation_Equiv_ER!$H$24:$H$500,$B50),\"N/A\"))","v":""}]
[{"$f":"IF(Lists!AA29=\"\",\"\",Lists!AA29)","v":""},{"$f":"IF(Lists!AB29=\"\",\"\",Lists!AB29)","v":""},{"$f":"IF(Lists!AC29=\"\",\"\",Lists!AC29)","v":""},{"$f":"IF($B51=\"\",\"\",IF(OR($C51=\"Compliant Material 63.4291(a)(1)\",$C51=\"Compliant Material 63.4291(b)\",$C51=\"Compliant Material 63.4291(c)(1)\"),COUNTIFS(Deviation_Compliant_Coating!$A$24:$A$500,$A51,Deviation_Compliant_Coating!$B$24:$B$500,$B51),\"N/A\"))","v":""},{"$f":"IF($B51=\"\",\"\",IF(OR($C51=\"Emission Rate Without Add-On Controls 63.4291(a)(2)\",$C51=\"Emission Rate Without Add-On Controls 63.4291(c)(2)\"),COUNTIFS(Deviation_Without_Addon!$A$24:$A$500,$A51,Deviation_Without_Addon!$B$24:$B$500,$B51),\"N/A\"))","v":""},{"$f":"IF($B51=\"\",\"\",IF(OR($C51=\"Emission Rate With Add-on Controls 63.4291(a)(3)\",$C51=\"Emission Rate With Add-On Controls 63.4291(c)(3)\",$C51=\"Organic HAP Overall Control Efficiency 63.4291(a)(4)\",$C51=\"Oxidizer Outlet Organic HAP Concentration Limit 63.4291(a)(5)\"),COUNTIFS(Deviation_w_Addon_WorkPrac!$A$24:$A$500,$A51,Deviation_w_Addon_WorkPrac!$I$24:$I$500,$B51),\"N/A\"))","v":""},{"$f":"IF($B51=\"\",\"\",IF($C51=\"Equivalent Emissions Rate 63.4291(c)(4)\",COUNTIFS(Deviation_Equiv_ER!$A$24:$A$500,$A51,Deviation_Equiv_ER!$H$24:$H$500,$B51),\"N/A\"))","v":""}]
[{"$f":"IF(Lists!AA30=\"\",\"\",Lists!AA30)","v":""},{"$f":"IF(Lists!AB30=\"\",\"\",Lists!AB30)","v":""},{"$f":"IF(Lists!AC30=\"\",\"\",Lists!AC30)","v":""},{"$f":"IF($B52=\"\",\"\",IF(OR($C52=\"Compliant Material 63.4291(a)(1)\",$C52=\"Compliant Material 63.4291(b)\",$C52=\"Compliant Material 63.4291(c)(1)\"),COUNTIFS(Deviation_Compliant_Coating!$A$24:$A$500,$A52,Deviation_Compliant_Coating!$B$24:$B$500,$B52),\"N/A\"))","v":""},{"$f":"IF($B52=\"\",\"\",IF(OR($C52=\"Emission Rate Without Add-On Controls 63.4291(a)(2)\",$C52=\"Emission Rate Without Add-On Controls 63.4291(c)(2)\"),COUNTIFS(Deviation_Without_Addon!$A$24:$A$500,$A52,Deviation_Without_Addon!$B$24:$B$500,$B52),\"N/A\"))","v":""},{"$f":"IF($B52=\"\",\"\",IF(OR($C52=\"Emission Rate With Add-on Controls 63.4291(a)(3)\",$C52=\"Emission Rate With Add-On Controls 63.4291(c)(3)\",$C52=\"Organic HAP Overall Control Efficiency 63.4291(a)(4)\",$C52=\"Oxidizer Outlet Organic HAP Concentration Limit 63.4291(a)(5)\"),COUNTIFS(Deviation_w_Addon_WorkPrac!$A$24:$A$500,$A52,Deviation_w_Addon_WorkPrac!$I$24:$I$500,$B52),\"N/A\"))","v":""},{"$f":"IF($B52=\"\",\"\",IF($C52=\"Equivalent Emissions Rate 63.4291(c)(4)\",COUNTIFS(Deviation_Equiv_ER!$A$24:$A$500,$A52,Deviation_Equiv_ER!$H$24:$H$500,$B52),\"N/A\"))","v":""}]
[{"$f":"IF(Lists!AA31=\"\",\"\",Lists!AA31)","v":""},{"$f":"IF(Lists!AB31=\"\",\"\",Lists!AB31)","v":""},{"$f":"IF(Lists!AC31=\"\",\"\",Lists!AC31)","v":""},{"$f":"IF($B53=\"\",\"\",IF(OR($C53=\"Compliant Material 63.4291(a)(1)\",$C53=\"Compliant Material 63.4291(b)\",$C53=\"Compliant Material 63.4291(c)(1)\"),COUNTIFS(Deviation_Compliant_Coating!$A$24:$A$500,$A53,Deviation_Compliant_Coating!$B$24:$B$500,$B53),\"N/A\"))","v":""},{"$f":"IF($B53=\"\",\"\",IF(OR($C53=\"Emission Rate Without Add-On Controls 63.4291(a)(2)\",$C53=\"Emission Rate Without Add-On Controls 63.4291(c)(2)\"),COUNTIFS(Deviation_Without_Addon!$A$24:$A$500,$A53,Deviation_Without_Addon!$B$24:$B$500,$B53),\"N/A\"))","v":""},{"$f":"IF($B53=\"\",\"\",IF(OR($C53=\"Emission Rate With Add-on Controls 63.4291(a)(3)\",$C53=\"Emission Rate With Add-On Controls 63.4291(c)(3)\",$C53=\"Organic HAP Overall Control Efficiency 63.4291(a)(4)\",$C53=\"Oxidizer Outlet Organic HAP Concentration Limit 63.4291(a)(5)\"),COUNTIFS(Deviation_w_Addon_WorkPrac!$A$24:$A$500,$A53,Deviation_w_Addon_WorkPrac!$I$24:$I$500,$B53),\"N/A\"))","v":""},{"$f":"IF($B53=\"\",\"\",IF($C53=\"Equivalent Emissions Rate 63.4291(c)(4)\",COUNTIFS(Deviation_Equiv_ER!$A$24:$A$500,$A53,Deviation_Equiv_ER!$H$24:$H$500,$B53),\"N/A\"))","v":""}]
[{"$f":"IF(Lists!AA32=\"\",\"\",Lists!AA32)","v":""},{"$f":"IF(Lists!AB32=\"\",\"\",Lists!AB32)","v":""},{"$f":"IF(Lists!AC32=\"\",\"\",Lists!AC32)","v":""},{"$f":"IF($B54=\"\",\"\",IF(OR($C54=\"Compliant Material 63.4291(a)(1)\",$C54=\"Compliant Material 63.4291(b)\",$C54=\"Compliant Material 63.4291(c)(1)\"),COUNTIFS(Deviation_Compliant_Coating!$A$24:$A$500,$A54,Deviation_Compliant_Coating!$B$24:$B$500,$B54),\"N/A\"))","v":""},{"$f":"IF($B54=\"\",\"\",IF(OR($C54=\"Emission Rate Without Add-On Controls 63.4291(a)(2)\",$C54=\"Emission Rate Without Add-On Controls 63.4291(c)(2)\"),COUNTIFS(Deviation_Without_Addon!$A$24:$A$500,$A54,Deviation_Without_Addon!$B$24:$B$500,$B54),\"N/A\"))","v":""},{"$f":"IF($B54=\"\",\"\",IF(OR($C54=\"Emission Rate With Add-on Controls 63.4291(a)(3)\",$C54=\"Emission Rate With Add-On Controls 63.4291(c)(3)\",$C54=\"Organic HAP Overall Control Efficiency 63.4291(a)(4)\",$C54=\"Oxidizer Outlet Organic HAP Concentration Limit 63.4291(a)(5)\"),COUNTIFS(Deviation_w_Addon_WorkPrac!$A$24:$A$500,$A54,Deviation_w_Addon_WorkPrac!$I$24:$I$500,$B54),\"N/A\"))","v":""},{"$f":"IF($B54=\"\",\"\",IF($C54=\"Equivalent Emissions Rate 63.4291(c)(4)\",COUNTIFS(Deviation_Equiv_ER!$A$24:$A$500,$A54,Deviation_Equiv_ER!$H$24:$H$500,$B54),\"N/A\"))","v":""}]
[{"$f":"IF(Lists!AA33=\"\",\"\",Lists!AA33)","v":""},{"$f":"IF(Lists!AB33=\"\",\"\",Lists!AB33)","v":""},{"$f":"IF(Lists!AC33=\"\",\"\",Lists!AC33)","v":""},{"$f":"IF($B55=\"\",\"\",IF(OR($C55=\"Compliant Material 63.4291(a)(1)\",$C55=\"Compliant Material 63.4291(b)\",$C55=\"Compliant Material 63.4291(c)(1)\"),COUNTIFS(Deviation_Compliant_Coating!$A$24:$A$500,$A55,Deviation_Compliant_Coating!$B$24:$B$500,$B55),\"N/A\"))","v":""},{"$f":"IF($B55=\"\",\"\",IF(OR($C55=\"Emission Rate Without Add-On Controls 63.4291(a)(2)\",$C55=\"Emission Rate Without Add-On Controls 63.4291(c)(2)\"),COUNTIFS(Deviation_Without_Addon!$A$24:$A$500,$A55,Deviation_Without_Addon!$B$24:$B$500,$B55),\"N/A\"))","v":""},{"$f":"IF($B55=\"\",\"\",IF(OR($C55=\"Emission Rate With Add-on Controls 63.4291(a)(3)\",$C55=\"Emission Rate With Add-On Controls 63.4291(c)(3)\",$C55=\"Organic HAP Overall Control Efficiency 63.4291(a)(4)\",$C55=\"Oxidizer Outlet Organic HAP Concentration Limit 63.4291(a)(5)\"),COUNTIFS(Deviation_w_Addon_WorkPrac!$A$24:$A$500,$A55,Deviation_w_Addon_WorkPrac!$I$24:$I$500,$B55),\"N/A\"))","v":""},{"$f":"IF($B55=\"\",\"\",IF($C55=\"Equivalent Emissions Rate 63.4291(c)(4)\",COUNTIFS(Deviation_Equiv_ER!$A$24:$A$500,$A55,Deviation_Equiv_ER!$H$24:$H$500,$B55),\"N/A\"))","v":""}]
[{"$f":"IF(Lists!AA34=\"\",\"\",Lists!AA34)","v":""},{"$f":"IF(Lists!AB34=\"\",\"\",Lists!AB34)","v":""},{"$f":"IF(Lists!AC34=\"\",\"\",Lists!AC34)","v":""},{"$f":"IF($B56=\"\",\"\",IF(OR($C56=\"Compliant Material 63.4291(a)(1)\",$C56=\"Compliant Material 63.4291(b)\",$C56=\"Compliant Material 63.4291(c)(1)\"),COUNTIFS(Deviation_Compliant_Coating!$A$24:$A$500,$A56,Deviation_Compliant_Coating!$B$24:$B$500,$B56),\"N/A\"))","v":""},{"$f":"IF($B56=\"\",\"\",IF(OR($C56=\"Emission Rate Without Add-On Controls 63.4291(a)(2)\",$C56=\"Emission Rate Without Add-On Controls 63.4291(c)(2)\"),COUNTIFS(Deviation_Without_Addon!$A$24:$A$500,$A56,Deviation_Without_Addon!$B$24:$B$500,$B56),\"N/A\"))","v":""},{"$f":"IF($B56=\"\",\"\",IF(OR($C56=\"Emission Rate With Add-on Controls 63.4291(a)(3)\",$C56=\"Emission Rate With Add-On Controls 63.4291(c)(3)\",$C56=\"Organic HAP Overall Control Efficiency 63.4291(a)(4)\",$C56=\"Oxidizer Outlet Organic HAP Concentration Limit 63.4291(a)(5)\"),COUNTIFS(Deviation_w_Addon_WorkPrac!$A$24:$A$500,$A56,Deviation_w_Addon_WorkPrac!$I$24:$I$500,$B56),\"N/A\"))","v":""},{"$f":"IF($B56=\"\",\"\",IF($C56=\"Equivalent Emissions Rate 63.4291(c)(4)\",COUNTIFS(Deviation_Equiv_ER!$A$24:$A$500,$A56,Deviation_Equiv_ER!$H$24:$H$500,$B56),\"N/A\"))","v":""}]
[{"$f":"IF(Lists!AA35=\"\",\"\",Lists!AA35)","v":""},{"$f":"IF(Lists!AB35=\"\",\"\",Lists!AB35)","v":""},{"$f":"IF(Lists!AC35=\"\",\"\",Lists!AC35)","v":""},{"$f":"IF($B57=\"\",\"\",IF(OR($C57=\"Compliant Material 63.4291(a)(1)\",$C57=\"Compliant Material 63.4291(b)\",$C57=\"Compliant Material 63.4291(c)(1)\"),COUNTIFS(Deviation_Compliant_Coating!$A$24:$A$500,$A57,Deviation_Compliant_Coating!$B$24:$B$500,$B57),\"N/A\"))","v":""},{"$f":"IF($B57=\"\",\"\",IF(OR($C57=\"Emission Rate Without Add-On Controls 63.4291(a)(2)\",$C57=\"Emission Rate Without Add-On Controls 63.4291(c)(2)\"),COUNTIFS(Deviation_Without_Addon!$A$24:$A$500,$A57,Deviation_Without_Addon!$B$24:$B$500,$B57),\"N/A\"))","v":""},{"$f":"IF($B57=\"\",\"\",IF(OR($C57=\"Emission Rate With Add-on Controls 63.4291(a)(3)\",$C57=\"Emission Rate With Add-On Controls 63.4291(c)(3)\",$C57=\"Organic HAP Overall Control Efficiency 63.4291(a)(4)\",$C57=\"Oxidizer Outlet Organic HAP Concentration Limit 63.4291(a)(5)\"),COUNTIFS(Deviation_w_Addon_WorkPrac!$A$24:$A$500,$A57,Deviation_w_Addon_WorkPrac!$I$24:$I$500,$B57),\"N/A\"))","v":""},{"$f":"IF($B57=\"\",\"\",IF($C57=\"Equivalent Emissions Rate 63.4291(c)(4)\",COUNTIFS(Deviation_Equiv_ER!$A$24:$A$500,$A57,Deviation_Equiv_ER!$H$24:$H$500,$B57),\"N/A\"))","v":""}]
[{"$f":"IF(Lists!AA36=\"\",\"\",Lists!AA36)","v":""},{"$f":"IF(Lists!AB36=\"\",\"\",Lists!AB36)","v":""},{"$f":"IF(Lists!AC36=\"\",\"\",Lists!AC36)","v":""},{"$f":"IF($B58=\"\",\"\",IF(OR($C58=\"Compliant Material 63.4291(a)(1)\",$C58=\"Compliant Material 63.4291(b)\",$C58=\"Compliant Material 63.4291(c)(1)\"),COUNTIFS(Deviation_Compliant_Coating!$A$24:$A$500,$A58,Deviation_Compliant_Coating!$B$24:$B$500,$B58),\"N/A\"))","v":""},{"$f":"IF($B58=\"\",\"\",IF(OR($C58=\"Emission Rate Without Add-On Controls 63.4291(a)(2)\",$C58=\"Emission Rate Without Add-On Controls 63.4291(c)(2)\"),COUNTIFS(Deviation_Without_Addon!$A$24:$A$500,$A58,Deviation_Without_Addon!$B$24:$B$500,$B58),\"N/A\"))","v":""},{"$f":"IF($B58=\"\",\"\",IF(OR($C58=\"Emission Rate With Add-on Controls 63.4291(a)(3)\",$C58=\"Emission Rate With Add-On Controls 63.4291(c)(3)\",$C58=\"Organic HAP Overall Control Efficiency 63.4291(a)(4)\",$C58=\"Oxidizer Outlet Organic HAP Concentration Limit 63.4291(a)(5)\"),COUNTIFS(Deviation_w_Addon_WorkPrac!$A$24:$A$500,$A58,Deviation_w_Addon_WorkPrac!$I$24:$I$500,$B58),\"N/A\"))","v":""},{"$f":"IF($B58=\"\",\"\",IF($C58=\"Equivalent Emissions Rate 63.4291(c)(4)\",COUNTIFS(Deviation_Equiv_ER!$A$24:$A$500,$A58,Deviation_Equiv_ER!$H$24:$H$500,$B58),\"N/A\"))","v":""}]
[{"$f":"IF(Lists!AA37=\"\",\"\",Lists!AA37)","v":""},{"$f":"IF(Lists!AB37=\"\",\"\",Lists!AB37)","v":""},{"$f":"IF(Lists!AC37=\"\",\"\",Lists!AC37)","v":""},{"$f":"IF($B59=\"\",\"\",IF(OR($C59=\"Compliant Material 63.4291(a)(1)\",$C59=\"Compliant Material 63.4291(b)\",$C59=\"Compliant Material 63.4291(c)(1)\"),COUNTIFS(Deviation_Compliant_Coating!$A$24:$A$500,$A59,Deviation_Compliant_Coating!$B$24:$B$500,$B59),\"N/A\"))","v":""},{"$f":"IF($B59=\"\",\"\",IF(OR($C59=\"Emission Rate Without Add-On Controls 63.4291(a)(2)\",$C59=\"Emission Rate Without Add-On Controls 63.4291(c)(2)\"),COUNTIFS(Deviation_Without_Addon!$A$24:$A$500,$A59,Deviation_Without_Addon!$B$24:$B$500,$B59),\"N/A\"))","v":""},{"$f":"IF($B59=\"\",\"\",IF(OR($C59=\"Emission Rate With Add-on Controls 63.4291(a)(3)\",$C59=\"Emission Rate With Add-On Controls 63.4291(c)(3)\",$C59=\"Organic HAP Overall Control Efficiency 63.4291(a)(4)\",$C59=\"Oxidizer Outlet Organic HAP Concentration Limit 63.4291(a)(5)\"),COUNTIFS(Deviation_w_Addon_WorkPrac!$A$24:$A$500,$A59,Deviation_w_Addon_WorkPrac!$I$24:$I$500,$B59),\"N/A\"))","v":""},{"$f":"IF($B59=\"\",\"\",IF($C59=\"Equivalent Emissions Rate 63.4291(c)(4)\",COUNTIFS(Deviation_Equiv_ER!$A$24:$A$500,$A59,Deviation_Equiv_ER!$H$24:$H$500,$B59),\"N/A\"))","v":""}]
[{"$f":"IF(Lists!AA38=\"\",\"\",Lists!AA38)","v":""},{"$f":"IF(Lists!AB38=\"\",\"\",Lists!AB38)","v":""},{"$f":"IF(Lists!AC38=\"\",\"\",Lists!AC38)","v":""},{"$f":"IF($B60=\"\",\"\",IF(OR($C60=\"Compliant Material 63.4291(a)(1)\",$C60=\"Compliant Material 63.4291(b)\",$C60=\"Compliant Material 63.4291(c)(1)\"),COUNTIFS(Deviation_Compliant_Coating!$A$24:$A$500,$A60,Deviation_Compliant_Coating!$B$24:$B$500,$B60),\"N/A\"))","v":""},{"$f":"IF($B60=\"\",\"\",IF(OR($C60=\"Emission Rate Without Add-On Controls 63.4291(a)(2)\",$C60=\"Emission Rate Without Add-On Controls 63.4291(c)(2)\"),COUNTIFS(Deviation_Without_Addon!$A$24:$A$500,$A60,Deviation_Without_Addon!$B$24:$B$500,$B60),\"N/A\"))","v":""},{"$f":"IF($B60=\"\",\"\",IF(OR($C60=\"Emission Rate With Add-on Controls 63.4291(a)(3)\",$C60=\"Emission Rate With Add-On Controls 63.4291(c)(3)\",$C60=\"Organic HAP Overall Control Efficiency 63.4291(a)(4)\",$C60=\"Oxidizer Outlet Organic HAP Concentration Limit 63.4291(a)(5)\"),COUNTIFS(Deviation_w_Addon_WorkPrac!$A$24:$A$500,$A60,Deviation_w_Addon_WorkPrac!$I$24:$I$500,$B60),\"N/A\"))","v":""},{"$f":"IF($B60=\"\",\"\",IF($C60=\"Equivalent Emissions Rate 63.4291(c)(4)\",COUNTIFS(Deviation_Equiv_ER!$A$24:$A$500,$A60,Deviation_Equiv_ER!$H$24:$H$500,$B60),\"N/A\"))","v":""}]
[{"$f":"IF(Lists!AA39=\"\",\"\",Lists!AA39)","v":""},{"$f":"IF(Lists!AB39=\"\",\"\",Lists!AB39)","v":""},{"$f":"IF(Lists!AC39=\"\",\"\",Lists!AC39)","v":""},{"$f":"IF($B61=\"\",\"\",IF(OR($C61=\"Compliant Material 63.4291(a)(1)\",$C61=\"Compliant Material 63.4291(b)\",$C61=\"Compliant Material 63.4291(c)(1)\"),COUNTIFS(Deviation_Compliant_Coating!$A$24:$A$500,$A61,Deviation_Compliant_Coating!$B$24:$B$500,$B61),\"N/A\"))","v":""},{"$f":"IF($B61=\"\",\"\",IF(OR($C61=\"Emission Rate Without Add-On Controls 63.4291(a)(2)\",$C61=\"Emission Rate Without Add-On Controls 63.4291(c)(2)\"),COUNTIFS(Deviation_Without_Addon!$A$24:$A$500,$A61,Deviation_Without_Addon!$B$24:$B$500,$B61),\"N/A\"))","v":""},{"$f":"IF($B61=\"\",\"\",IF(OR($C61=\"Emission Rate With Add-on Controls 63.4291(a)(3)\",$C61=\"Emission Rate With Add-On Controls 63.4291(c)(3)\",$C61=\"Organic HAP Overall Control Efficiency 63.4291(a)(4)\",$C61=\"Oxidizer Outlet Organic HAP Concentration Limit 63.4291(a)(5)\"),COUNTIFS(Deviation_w_Addon_WorkPrac!$A$24:$A$500,$A61,Deviation_w_Addon_WorkPrac!$I$24:$I$500,$B61),\"N/A\"))","v":""},{"$f":"IF($B61=\"\",\"\",IF($C61=\"Equivalent Emissions Rate 63.4291(c)(4)\",COUNTIFS(Deviation_Equiv_ER!$A$24:$A$500,$A61,Deviation_Equiv_ER!$H$24:$H$500,$B61),\"N/A\"))","v":""}]
[{"$f":"IF(Lists!AA40=\"\",\"\",Lists!AA40)","v":""},{"$f":"IF(Lists!AB40=\"\",\"\",Lists!AB40)","v":""},{"$f":"IF(Lists!AC40=\"\",\"\",Lists!AC40)","v":""},{"$f":"IF($B62=\"\",\"\",IF(OR($C62=\"Compliant Material 63.4291(a)(1)\",$C62=\"Compliant Material 63.4291(b)\",$C62=\"Compliant Material 63.4291(c)(1)\"),COUNTIFS(Deviation_Compliant_Coating!$A$24:$A$500,$A62,Deviation_Compliant_Coating!$B$24:$B$500,$B62),\"N/A\"))","v":""},{"$f":"IF($B62=\"\",\"\",IF(OR($C62=\"Emission Rate Without Add-On Controls 63.4291(a)(2)\",$C62=\"Emission Rate Without Add-On Controls 63.4291(c)(2)\"),COUNTIFS(Deviation_Without_Addon!$A$24:$A$500,$A62,Deviation_Without_Addon!$B$24:$B$500,$B62),\"N/A\"))","v":""},{"$f":"IF($B62=\"\",\"\",IF(OR($C62=\"Emission Rate With Add-on Controls 63.4291(a)(3)\",$C62=\"Emission Rate With Add-On Controls 63.4291(c)(3)\",$C62=\"Organic HAP Overall Control Efficiency 63.4291(a)(4)\",$C62=\"Oxidizer Outlet Organic HAP Concentration Limit 63.4291(a)(5)\"),COUNTIFS(Deviation_w_Addon_WorkPrac!$A$24:$A$500,$A62,Deviation_w_Addon_WorkPrac!$I$24:$I$500,$B62),\"N/A\"))","v":""},{"$f":"IF($B62=\"\",\"\",IF($C62=\"Equivalent Emissions Rate 63.4291(c)(4)\",COUNTIFS(Deviation_Equiv_ER!$A$24:$A$500,$A62,Deviation_Equiv_ER!$H$24:$H$500,$B62),\"N/A\"))","v":""}]
[{"$f":"IF(Lists!AA41=\"\",\"\",Lists!AA41)","v":""},{"$f":"IF(Lists!AB41=\"\",\"\",Lists!AB41)","v":""},{"$f":"IF(Lists!AC41=\"\",\"\",Lists!AC41)","v":""},{"$f":"IF($B63=\"\",\"\",IF(OR($C63=\"Compliant Material 63.4291(a)(1)\",$C63=\"Compliant Material 63.4291(b)\",$C63=\"Compliant Material 63.4291(c)(1)\"),COUNTIFS(Deviation_Compliant_Coating!$A$24:$A$500,$A63,Deviation_Compliant_Coating!$B$24:$B$500,$B63),\"N/A\"))","v":""},{"$f":"IF($B63=\"\",\"\",IF(OR($C63=\"Emission Rate Without Add-On Controls 63.4291(a)(2)\",$C63=\"Emission Rate Without Add-On Controls 63.4291(c)(2)\"),COUNTIFS(Deviation_Without_Addon!$A$24:$A$500,$A63,Deviation_Without_Addon!$B$24:$B$500,$B63),\"N/A\"))","v":""},{"$f":"IF($B63=\"\",\"\",IF(OR($C63=\"Emission Rate With Add-on Controls 63.4291(a)(3)\",$C63=\"Emission Rate With Add-On Controls 63.4291(c)(3)\",$C63=\"Organic HAP Overall Control Efficiency 63.4291(a)(4)\",$C63=\"Oxidizer Outlet Organic HAP Concentration Limit 63.4291(a)(5)\"),COUNTIFS(Deviation_w_Addon_WorkPrac!$A$24:$A$500,$A63,Deviation_w_Addon_WorkPrac!$I$24:$I$500,$B63),\"N/A\"))","v":""},{"$f":"IF($B63=\"\",\"\",IF($C63=\"Equivalent Emissions Rate 63.4291(c)(4)\",COUNTIFS(Deviation_Equiv_ER!$A$24:$A$500,$A63,Deviation_Equiv_ER!$H$24:$H$500,$B63),\"N/A\"))","v":""}]
[{"$f":"IF(Lists!AA42=\"\",\"\",Lists!AA42)","v":""},{"$f":"IF(Lists!AB42=\"\",\"\",Lists!AB42)","v":""},{"$f":"IF(Lists!AC42=\"\",\"\",Lists!AC42)","v":""},{"$f":"IF($B64=\"\",\"\",IF(OR($C64=\"Compliant Material 63.4291(a)(1)\",$C64=\"Compliant Material 63.4291(b)\",$C64=\"Compliant Material 63.4291(c)(1)\"),COUNTIFS(Deviation_Compliant_Coating!$A$24:$A$500,$A64,Deviation_Compliant_Coating!$B$24:$B$500,$B64),\"N/A\"))","v":""},{"$f":"IF($B64=\"\",\"\",IF(OR($C64=\"Emission Rate Without Add-On Controls 63.4291(a)(2)\",$C64=\"Emission Rate Without Add-On Controls 63.4291(c)(2)\"),COUNTIFS(Deviation_Without_Addon!$A$24:$A$500,$A64,Deviation_Without_Addon!$B$24:$B$500,$B64),\"N/A\"))","v":""},{"$f":"IF($B64=\"\",\"\",IF(OR($C64=\"Emission Rate With Add-on Controls 63.4291(a)(3)\",$C64=\"Emission Rate With Add-On Controls 63.4291(c)(3)\",$C64=\"Organic HAP Overall Control Efficiency 63.4291(a)(4)\",$C64=\"Oxidizer Outlet Organic HAP Concentration Limit 63.4291(a)(5)\"),COUNTIFS(Deviation_w_Addon_WorkPrac!$A$24:$A$500,$A64,Deviation_w_Addon_WorkPrac!$I$24:$I$500,$B64),\"N/A\"))","v":""},{"$f":"IF($B64=\"\",\"\",IF($C64=\"Equivalent Emissions Rate 63.4291(c)(4)\",COUNTIFS(Deviation_Equiv_ER!$A$24:$A$500,$A64,Deviation_Equiv_ER!$H$24:$H$500,$B64),\"N/A\"))","v":""}]
[{"$f":"IF(Lists!AA43=\"\",\"\",Lists!AA43)","v":""},{"$f":"IF(Lists!AB43=\"\",\"\",Lists!AB43)","v":""},{"$f":"IF(Lists!AC43=\"\",\"\",Lists!AC43)","v":""},{"$f":"IF($B65=\"\",\"\",IF(OR($C65=\"Compliant Material 63.4291(a)(1)\",$C65=\"Compliant Material 63.4291(b)\",$C65=\"Compliant Material 63.4291(c)(1)\"),COUNTIFS(Deviation_Compliant_Coating!$A$24:$A$500,$A65,Deviation_Compliant_Coating!$B$24:$B$500,$B65),\"N/A\"))","v":""},{"$f":"IF($B65=\"\",\"\",IF(OR($C65=\"Emission Rate Without Add-On Controls 63.4291(a)(2)\",$C65=\"Emission Rate Without Add-On Controls 63.4291(c)(2)\"),COUNTIFS(Deviation_Without_Addon!$A$24:$A$500,$A65,Deviation_Without_Addon!$B$24:$B$500,$B65),\"N/A\"))","v":""},{"$f":"IF($B65=\"\",\"\",IF(OR($C65=\"Emission Rate With Add-on Controls 63.4291(a)(3)\",$C65=\"Emission Rate With Add-On Controls 63.4291(c)(3)\",$C65=\"Organic HAP Overall Control Efficiency 63.4291(a)(4)\",$C65=\"Oxidizer Outlet Organic HAP Concentration Limit 63.4291(a)(5)\"),COUNTIFS(Deviation_w_Addon_WorkPrac!$A$24:$A$500,$A65,Deviation_w_Addon_WorkPrac!$I$24:$I$500,$B65),\"N/A\"))","v":""},{"$f":"IF($B65=\"\",\"\",IF($C65=\"Equivalent Emissions Rate 63.4291(c)(4)\",COUNTIFS(Deviation_Equiv_ER!$A$24:$A$500,$A65,Deviation_Equiv_ER!$H$24:$H$500,$B65),\"N/A\"))","v":""}]
[{"$f":"IF(Lists!AA44=\"\",\"\",Lists!AA44)","v":""},{"$f":"IF(Lists!AB44=\"\",\"\",Lists!AB44)","v":""},{"$f":"IF(Lists!AC44=\"\",\"\",Lists!AC44)","v":""},{"$f":"IF($B66=\"\",\"\",IF(OR($C66=\"Compliant Material 63.4291(a)(1)\",$C66=\"Compliant Material 63.4291(b)\",$C66=\"Compliant Material 63.4291(c)(1)\"),COUNTIFS(Deviation_Compliant_Coating!$A$24:$A$500,$A66,Deviation_Compliant_Coating!$B$24:$B$500,$B66),\"N/A\"))","v":""},{"$f":"IF($B66=\"\",\"\",IF(OR($C66=\"Emission Rate Without Add-On Controls 63.4291(a)(2)\",$C66=\"Emission Rate Without Add-On Controls 63.4291(c)(2)\"),COUNTIFS(Deviation_Without_Addon!$A$24:$A$500,$A66,Deviation_Without_Addon!$B$24:$B$500,$B66),\"N/A\"))","v":""},{"$f":"IF($B66=\"\",\"\",IF(OR($C66=\"Emission Rate With Add-on Controls 63.4291(a)(3)\",$C66=\"Emission Rate With Add-On Controls 63.4291(c)(3)\",$C66=\"Organic HAP Overall Control Efficiency 63.4291(a)(4)\",$C66=\"Oxidizer Outlet Organic HAP Concentration Limit 63.4291(a)(5)\"),COUNTIFS(Deviation_w_Addon_WorkPrac!$A$24:$A$500,$A66,Deviation_w_Addon_WorkPrac!$I$24:$I$500,$B66),\"N/A\"))","v":""},{"$f":"IF($B66=\"\",\"\",IF($C66=\"Equivalent Emissions Rate 63.4291(c)(4)\",COUNTIFS(Deviation_Equiv_ER!$A$24:$A$500,$A66,Deviation_Equiv_ER!$H$24:$H$500,$B66),\"N/A\"))","v":""}]
[{"$f":"IF(Lists!AA45=\"\",\"\",Lists!AA45)","v":""},{"$f":"IF(Lists!AB45=\"\",\"\",Lists!AB45)","v":""},{"$f":"IF(Lists!AC45=\"\",\"\",Lists!AC45)","v":""},{"$f":"IF($B67=\"\",\"\",IF(OR($C67=\"Compliant Material 63.4291(a)(1)\",$C67=\"Compliant Material 63.4291(b)\",$C67=\"Compliant Material 63.4291(c)(1)\"),COUNTIFS(Deviation_Compliant_Coating!$A$24:$A$500,$A67,Deviation_Compliant_Coating!$B$24:$B$500,$B67),\"N/A\"))","v":""},{"$f":"IF($B67=\"\",\"\",IF(OR($C67=\"Emission Rate Without Add-On Controls 63.4291(a)(2)\",$C67=\"Emission Rate Without Add-On Controls 63.4291(c)(2)\"),COUNTIFS(Deviation_Without_Addon!$A$24:$A$500,$A67,Deviation_Without_Addon!$B$24:$B$500,$B67),\"N/A\"))","v":""},{"$f":"IF($B67=\"\",\"\",IF(OR($C67=\"Emission Rate With Add-on Controls 63.4291(a)(3)\",$C67=\"Emission Rate With Add-On Controls 63.4291(c)(3)\",$C67=\"Organic HAP Overall Control Efficiency 63.4291(a)(4)\",$C67=\"Oxidizer Outlet Organic HAP Concentration Limit 63.4291(a)(5)\"),COUNTIFS(Deviation_w_Addon_WorkPrac!$A$24:$A$500,$A67,Deviation_w_Addon_WorkPrac!$I$24:$I$500,$B67),\"N/A\"))","v":""},{"$f":"IF($B67=\"\",\"\",IF($C67=\"Equivalent Emissions Rate 63.4291(c)(4)\",COUNTIFS(Deviation_Equiv_ER!$A$24:$A$500,$A67,Deviation_Equiv_ER!$H$24:$H$500,$B67),\"N/A\"))","v":""}]
[{"$f":"IF(Lists!AA46=\"\",\"\",Lists!AA46)","v":""},{"$f":"IF(Lists!AB46=\"\",\"\",Lists!AB46)","v":""},{"$f":"IF(Lists!AC46=\"\",\"\",Lists!AC46)","v":""},{"$f":"IF($B68=\"\",\"\",IF(OR($C68=\"Compliant Material 63.4291(a)(1)\",$C68=\"Compliant Material 63.4291(b)\",$C68=\"Compliant Material 63.4291(c)(1)\"),COUNTIFS(Deviation_Compliant_Coating!$A$24:$A$500,$A68,Deviation_Compliant_Coating!$B$24:$B$500,$B68),\"N/A\"))","v":""},{"$f":"IF($B68=\"\",\"\",IF(OR($C68=\"Emission Rate Without Add-On Controls 63.4291(a)(2)\",$C68=\"Emission Rate Without Add-On Controls 63.4291(c)(2)\"),COUNTIFS(Deviation_Without_Addon!$A$24:$A$500,$A68,Deviation_Without_Addon!$B$24:$B$500,$B68),\"N/A\"))","v":""},{"$f":"IF($B68=\"\",\"\",IF(OR($C68=\"Emission Rate With Add-on Controls 63.4291(a)(3)\",$C68=\"Emission Rate With Add-On Controls 63.4291(c)(3)\",$C68=\"Organic HAP Overall Control Efficiency 63.4291(a)(4)\",$C68=\"Oxidizer Outlet Organic HAP Concentration Limit 63.4291(a)(5)\"),COUNTIFS(Deviation_w_Addon_WorkPrac!$A$24:$A$500,$A68,Deviation_w_Addon_WorkPrac!$I$24:$I$500,$B68),\"N/A\"))","v":""},{"$f":"IF($B68=\"\",\"\",IF($C68=\"Equivalent Emissions Rate 63.4291(c)(4)\",COUNTIFS(Deviation_Equiv_ER!$A$24:$A$500,$A68,Deviation_Equiv_ER!$H$24:$H$500,$B68),\"N/A\"))","v":""}]
[{"$f":"IF(Lists!AA47=\"\",\"\",Lists!AA47)","v":""},{"$f":"IF(Lists!AB47=\"\",\"\",Lists!AB47)","v":""},{"$f":"IF(Lists!AC47=\"\",\"\",Lists!AC47)","v":""},{"$f":"IF($B69=\"\",\"\",IF(OR($C69=\"Compliant Material 63.4291(a)(1)\",$C69=\"Compliant Material 63.4291(b)\",$C69=\"Compliant Material 63.4291(c)(1)\"),COUNTIFS(Deviation_Compliant_Coating!$A$24:$A$500,$A69,Deviation_Compliant_Coating!$B$24:$B$500,$B69),\"N/A\"))","v":""},{"$f":"IF($B69=\"\",\"\",IF(OR($C69=\"Emission Rate Without Add-On Controls 63.4291(a)(2)\",$C69=\"Emission Rate Without Add-On Controls 63.4291(c)(2)\"),COUNTIFS(Deviation_Without_Addon!$A$24:$A$500,$A69,Deviation_Without_Addon!$B$24:$B$500,$B69),\"N/A\"))","v":""},{"$f":"IF($B69=\"\",\"\",IF(OR($C69=\"Emission Rate With Add-on Controls 63.4291(a)(3)\",$C69=\"Emission Rate With Add-On Controls 63.4291(c)(3)\",$C69=\"Organic HAP Overall Control Efficiency 63.4291(a)(4)\",$C69=\"Oxidizer Outlet Organic HAP Concentration Limit 63.4291(a)(5)\"),COUNTIFS(Deviation_w_Addon_WorkPrac!$A$24:$A$500,$A69,Deviation_w_Addon_WorkPrac!$I$24:$I$500,$B69),\"N/A\"))","v":""},{"$f":"IF($B69=\"\",\"\",IF($C69=\"Equivalent Emissions Rate 63.4291(c)(4)\",COUNTIFS(Deviation_Equiv_ER!$A$24:$A$500,$A69,Deviation_Equiv_ER!$H$24:$H$500,$B69),\"N/A\"))","v":""}]
[{"$f":"IF(Lists!AA48=\"\",\"\",Lists!AA48)","v":""},{"$f":"IF(Lists!AB48=\"\",\"\",Lists!AB48)","v":""},{"$f":"IF(Lists!AC48=\"\",\"\",Lists!AC48)","v":""},{"$f":"IF($B70=\"\",\"\",IF(OR($C70=\"Compliant Material 63.4291(a)(1)\",$C70=\"Compliant Material 63.4291(b)\",$C70=\"Compliant Material 63.4291(c)(1)\"),COUNTIFS(Deviation_Compliant_Coating!$A$24:$A$500,$A70,Deviation_Compliant_Coating!$B$24:$B$500,$B70),\"N/A\"))","v":""},{"$f":"IF($B70=\"\",\"\",IF(OR($C70=\"Emission Rate Without Add-On Controls 63.4291(a)(2)\",$C70=\"Emission Rate Without Add-On Controls 63.4291(c)(2)\"),COUNTIFS(Deviation_Without_Addon!$A$24:$A$500,$A70,Deviation_Without_Addon!$B$24:$B$500,$B70),\"N/A\"))","v":""},{"$f":"IF($B70=\"\",\"\",IF(OR($C70=\"Emission Rate With Add-on Controls 63.4291(a)(3)\",$C70=\"Emission Rate With Add-On Controls 63.4291(c)(3)\",$C70=\"Organic HAP Overall Control Efficiency 63.4291(a)(4)\",$C70=\"Oxidizer Outlet Organic HAP Concentration Limit 63.4291(a)(5)\"),COUNTIFS(Deviation_w_Addon_WorkPrac!$A$24:$A$500,$A70,Deviation_w_Addon_WorkPrac!$I$24:$I$500,$B70),\"N/A\"))","v":""},{"$f":"IF($B70=\"\",\"\",IF($C70=\"Equivalent Emissions Rate 63.4291(c)(4)\",COUNTIFS(Deviation_Equiv_ER!$A$24:$A$500,$A70,Deviation_Equiv_ER!$H$24:$H$500,$B70),\"N/A\"))","v":""}]
[{"$f":"IF(Lists!AA49=\"\",\"\",Lists!AA49)","v":""},{"$f":"IF(Lists!AB49=\"\",\"\",Lists!AB49)","v":""},{"$f":"IF(Lists!AC49=\"\",\"\",Lists!AC49)","v":""},{"$f":"IF($B71=\"\",\"\",IF(OR($C71=\"Compliant Material 63.4291(a)(1)\",$C71=\"Compliant Material 63.4291(b)\",$C71=\"Compliant Material 63.4291(c)(1)\"),COUNTIFS(Deviation_Compliant_Coating!$A$24:$A$500,$A71,Deviation_Compliant_Coating!$B$24:$B$500,$B71),\"N/A\"))","v":""},{"$f":"IF($B71=\"\",\"\",IF(OR($C71=\"Emission Rate Without Add-On Controls 63.4291(a)(2)\",$C71=\"Emission Rate Without Add-On Controls 63.4291(c)(2)\"),COUNTIFS(Deviation_Without_Addon!$A$24:$A$500,$A71,Deviation_Without_Addon!$B$24:$B$500,$B71),\"N/A\"))","v":""},{"$f":"IF($B71=\"\",\"\",IF(OR($C71=\"Emission Rate With Add-on Controls 63.4291(a)(3)\",$C71=\"Emission Rate With Add-On Controls 63.4291(c)(3)\",$C71=\"Organic HAP Overall Control Efficiency 63.4291(a)(4)\",$C71=\"Oxidizer Outlet Organic HAP Concentration Limit 63.4291(a)(5)\"),COUNTIFS(Deviation_w_Addon_WorkPrac!$A$24:$A$500,$A71,Deviation_w_Addon_WorkPrac!$I$24:$I$500,$B71),\"N/A\"))","v":""},{"$f":"IF($B71=\"\",\"\",IF($C71=\"Equivalent Emissions Rate 63.4291(c)(4)\",COUNTIFS(Deviation_Equiv_ER!$A$24:$A$500,$A71,Deviation_Equiv_ER!$H$24:$H$500,$B71),\"N/A\"))","v":""}]
[{"$f":"IF(Lists!AA50=\"\",\"\",Lists!AA50)","v":""},{"$f":"IF(Lists!AB50=\"\",\"\",Lists!AB50)","v":""},{"$f":"IF(Lists!AC50=\"\",\"\",Lists!AC50)","v":""},{"$f":"IF($B72=\"\",\"\",IF(OR($C72=\"Compliant Material 63.4291(a)(1)\",$C72=\"Compliant Material 63.4291(b)\",$C72=\"Compliant Material 63.4291(c)(1)\"),COUNTIFS(Deviation_Compliant_Coating!$A$24:$A$500,$A72,Deviation_Compliant_Coating!$B$24:$B$500,$B72),\"N/A\"))","v":""},{"$f":"IF($B72=\"\",\"\",IF(OR($C72=\"Emission Rate Without Add-On Controls 63.4291(a)(2)\",$C72=\"Emission Rate Without Add-On Controls 63.4291(c)(2)\"),COUNTIFS(Deviation_Without_Addon!$A$24:$A$500,$A72,Deviation_Without_Addon!$B$24:$B$500,$B72),\"N/A\"))","v":""},{"$f":"IF($B72=\"\",\"\",IF(OR($C72=\"Emission Rate With Add-on Controls 63.4291(a)(3)\",$C72=\"Emission Rate With Add-On Controls 63.4291(c)(3)\",$C72=\"Organic HAP Overall Control Efficiency 63.4291(a)(4)\",$C72=\"Oxidizer Outlet Organic HAP Concentration Limit 63.4291(a)(5)\"),COUNTIFS(Deviation_w_Addon_WorkPrac!$A$24:$A$500,$A72,Deviation_w_Addon_WorkPrac!$I$24:$I$500,$B72),\"N/A\"))","v":""},{"$f":"IF($B72=\"\",\"\",IF($C72=\"Equivalent Emissions Rate 63.4291(c)(4)\",COUNTIFS(Deviation_Equiv_ER!$A$24:$A$500,$A72,Deviation_Equiv_ER!$H$24:$H$500,$B72),\"N/A\"))","v":""}]
[{"$f":"IF(Lists!AA51=\"\",\"\",Lists!AA51)","v":""},{"$f":"IF(Lists!AB51=\"\",\"\",Lists!AB51)","v":""},{"$f":"IF(Lists!AC51=\"\",\"\",Lists!AC51)","v":""},{"$f":"IF($B73=\"\",\"\",IF(OR($C73=\"Compliant Material 63.4291(a)(1)\",$C73=\"Compliant Material 63.4291(b)\",$C73=\"Compliant Material 63.4291(c)(1)\"),COUNTIFS(Deviation_Compliant_Coating!$A$24:$A$500,$A73,Deviation_Compliant_Coating!$B$24:$B$500,$B73),\"N/A\"))","v":""},{"$f":"IF($B73=\"\",\"\",IF(OR($C73=\"Emission Rate Without Add-On Controls 63.4291(a)(2)\",$C73=\"Emission Rate Without Add-On Controls 63.4291(c)(2)\"),COUNTIFS(Deviation_Without_Addon!$A$24:$A$500,$A73,Deviation_Without_Addon!$B$24:$B$500,$B73),\"N/A\"))","v":""},{"$f":"IF($B73=\"\",\"\",IF(OR($C73=\"Emission Rate With Add-on Controls 63.4291(a)(3)\",$C73=\"Emission Rate With Add-On Controls 63.4291(c)(3)\",$C73=\"Organic HAP Overall Control Efficiency 63.4291(a)(4)\",$C73=\"Oxidizer Outlet Organic HAP Concentration Limit 63.4291(a)(5)\"),COUNTIFS(Deviation_w_Addon_WorkPrac!$A$24:$A$500,$A73,Deviation_w_Addon_WorkPrac!$I$24:$I$500,$B73),\"N/A\"))","v":""},{"$f":"IF($B73=\"\",\"\",IF($C73=\"Equivalent Emissions Rate 63.4291(c)(4)\",COUNTIFS(Deviation_Equiv_ER!$A$24:$A$500,$A73,Deviation_Equiv_ER!$H$24:$H$500,$B73),\"N/A\"))","v":""}]
[{"$f":"IF(Lists!AA52=\"\",\"\",Lists!AA52)","v":""},{"$f":"IF(Lists!AB52=\"\",\"\",Lists!AB52)","v":""},{"$f":"IF(Lists!AC52=\"\",\"\",Lists!AC52)","v":""},{"$f":"IF($B74=\"\",\"\",IF(OR($C74=\"Compliant Material 63.4291(a)(1)\",$C74=\"Compliant Material 63.4291(b)\",$C74=\"Compliant Material 63.4291(c)(1)\"),COUNTIFS(Deviation_Compliant_Coating!$A$24:$A$500,$A74,Deviation_Compliant_Coating!$B$24:$B$500,$B74),\"N/A\"))","v":""},{"$f":"IF($B74=\"\",\"\",IF(OR($C74=\"Emission Rate Without Add-On Controls 63.4291(a)(2)\",$C74=\"Emission Rate Without Add-On Controls 63.4291(c)(2)\"),COUNTIFS(Deviation_Without_Addon!$A$24:$A$500,$A74,Deviation_Without_Addon!$B$24:$B$500,$B74),\"N/A\"))","v":""},{"$f":"IF($B74=\"\",\"\",IF(OR($C74=\"Emission Rate With Add-on Controls 63.4291(a)(3)\",$C74=\"Emission Rate With Add-On Controls 63.4291(c)(3)\",$C74=\"Organic HAP Overall Control Efficiency 63.4291(a)(4)\",$C74=\"Oxidizer Outlet Organic HAP Concentration Limit 63.4291(a)(5)\"),COUNTIFS(Deviation_w_Addon_WorkPrac!$A$24:$A$500,$A74,Deviation_w_Addon_WorkPrac!$I$24:$I$500,$B74),\"N/A\"))","v":""},{"$f":"IF($B74=\"\",\"\",IF($C74=\"Equivalent Emissions Rate 63.4291(c)(4)\",COUNTIFS(Deviation_Equiv_ER!$A$24:$A$500,$A74,Deviation_Equiv_ER!$H$24:$H$500,$B74),\"N/A\"))","v":""}]
[{"$f":"IF(Lists!AA53=\"\",\"\",Lists!AA53)","v":""},{"$f":"IF(Lists!AB53=\"\",\"\",Lists!AB53)","v":""},{"$f":"IF(Lists!AC53=\"\",\"\",Lists!AC53)","v":""},{"$f":"IF($B75=\"\",\"\",IF(OR($C75=\"Compliant Material 63.4291(a)(1)\",$C75=\"Compliant Material 63.4291(b)\",$C75=\"Compliant Material 63.4291(c)(1)\"),COUNTIFS(Deviation_Compliant_Coating!$A$24:$A$500,$A75,Deviation_Compliant_Coating!$B$24:$B$500,$B75),\"N/A\"))","v":""},{"$f":"IF($B75=\"\",\"\",IF(OR($C75=\"Emission Rate Without Add-On Controls 63.4291(a)(2)\",$C75=\"Emission Rate Without Add-On Controls 63.4291(c)(2)\"),COUNTIFS(Deviation_Without_Addon!$A$24:$A$500,$A75,Deviation_Without_Addon!$B$24:$B$500,$B75),\"N/A\"))","v":""},{"$f":"IF($B75=\"\",\"\",IF(OR($C75=\"Emission Rate With Add-on Controls 63.4291(a)(3)\",$C75=\"Emission Rate With Add-On Controls 63.4291(c)(3)\",$C75=\"Organic HAP Overall Control Efficiency 63.4291(a)(4)\",$C75=\"Oxidizer Outlet Organic HAP Concentration Limit 63.4291(a)(5)\"),COUNTIFS(Deviation_w_Addon_WorkPrac!$A$24:$A$500,$A75,Deviation_w_Addon_WorkPrac!$I$24:$I$500,$B75),\"N/A\"))","v":""},{"$f":"IF($B75=\"\",\"\",IF($C75=\"Equivalent Emissions Rate 63.4291(c)(4)\",COUNTIFS(Deviation_Equiv_ER!$A$24:$A$500,$A75,Deviation_Equiv_ER!$H$24:$H$500,$B75),\"N/A\"))","v":""}]
[{"$f":"IF(Lists!AA54=\"\",\"\",Lists!AA54)","v":""},{"$f":"IF(Lists!AB54=\"\",\"\",Lists!AB54)","v":""},{"$f":"IF(Lists!AC54=\"\",\"\",Lists!AC54)","v":""},{"$f":"IF($B76=\"\",\"\",IF(OR($C76=\"Compliant Material 63.4291(a)(1)\",$C76=\"Compliant Material 63.4291(b)\",$C76=\"Compliant Material 63.4291(c)(1)\"),COUNTIFS(Deviation_Compliant_Coating!$A$24:$A$500,$A76,Deviation_Compliant_Coating!$B$24:$B$500,$B76),\"N/A\"))","v":""},{"$f":"IF($B76=\"\",\"\",IF(OR($C76=\"Emission Rate Without Add-On Controls 63.4291(a)(2)\",$C76=\"Emission Rate Without Add-On Controls 63.4291(c)(2)\"),COUNTIFS(Deviation_Without_Addon!$A$24:$A$500,$A76,Deviation_Without_Addon!$B$24:$B$500,$B76),\"N/A\"))","v":""},{"$f":"IF($B76=\"\",\"\",IF(OR($C76=\"Emission Rate With Add-on Controls 63.4291(a)(3)\",$C76=\"Emission Rate With Add-On Controls 63.4291(c)(3)\",$C76=\"Organic HAP Overall Control Efficiency 63.4291(a)(4)\",$C76=\"Oxidizer Outlet Organic HAP Concentration Limit 63.4291(a)(5)\"),COUNTIFS(Deviation_w_Addon_WorkPrac!$A$24:$A$500,$A76,Deviation_w_Addon_WorkPrac!$I$24:$I$500,$B76),\"N/A\"))","v":""},{"$f":"IF($B76=\"\",\"\",IF($C76=\"Equivalent Emissions Rate 63.4291(c)(4)\",COUNTIFS(Deviation_Equiv_ER!$A$24:$A$500,$A76,Deviation_Equiv_ER!$H$24:$H$500,$B76),\"N/A\"))","v":""}]
[{"$f":"IF(Lists!AA55=\"\",\"\",Lists!AA55)","v":""},{"$f":"IF(Lists!AB55=\"\",\"\",Lists!AB55)","v":""},{"$f":"IF(Lists!AC55=\"\",\"\",Lists!AC55)","v":""},{"$f":"IF($B77=\"\",\"\",IF(OR($C77=\"Compliant Material 63.4291(a)(1)\",$C77=\"Compliant Material 63.4291(b)\",$C77=\"Compliant Material 63.4291(c)(1)\"),COUNTIFS(Deviation_Compliant_Coating!$A$24:$A$500,$A77,Deviation_Compliant_Coating!$B$24:$B$500,$B77),\"N/A\"))","v":""},{"$f":"IF($B77=\"\",\"\",IF(OR($C77=\"Emission Rate Without Add-On Controls 63.4291(a)(2)\",$C77=\"Emission Rate Without Add-On Controls 63.4291(c)(2)\"),COUNTIFS(Deviation_Without_Addon!$A$24:$A$500,$A77,Deviation_Without_Addon!$B$24:$B$500,$B77),\"N/A\"))","v":""},{"$f":"IF($B77=\"\",\"\",IF(OR($C77=\"Emission Rate With Add-on Controls 63.4291(a)(3)\",$C77=\"Emission Rate With Add-On Controls 63.4291(c)(3)\",$C77=\"Organic HAP Overall Control Efficiency 63.4291(a)(4)\",$C77=\"Oxidizer Outlet Organic HAP Concentration Limit 63.4291(a)(5)\"),COUNTIFS(Deviation_w_Addon_WorkPrac!$A$24:$A$500,$A77,Deviation_w_Addon_WorkPrac!$I$24:$I$500,$B77),\"N/A\"))","v":""},{"$f":"IF($B77=\"\",\"\",IF($C77=\"Equivalent Emissions Rate 63.4291(c)(4)\",COUNTIFS(Deviation_Equiv_ER!$A$24:$A$500,$A77,Deviation_Equiv_ER!$H$24:$H$500,$B77),\"N/A\"))","v":""}]
[{"$f":"IF(Lists!AA56=\"\",\"\",Lists!AA56)","v":""},{"$f":"IF(Lists!AB56=\"\",\"\",Lists!AB56)","v":""},{"$f":"IF(Lists!AC56=\"\",\"\",Lists!AC56)","v":""},{"$f":"IF($B78=\"\",\"\",IF(OR($C78=\"Compliant Material 63.4291(a)(1)\",$C78=\"Compliant Material 63.4291(b)\",$C78=\"Compliant Material 63.4291(c)(1)\"),COUNTIFS(Deviation_Compliant_Coating!$A$24:$A$500,$A78,Deviation_Compliant_Coating!$B$24:$B$500,$B78),\"N/A\"))","v":""},{"$f":"IF($B78=\"\",\"\",IF(OR($C78=\"Emission Rate Without Add-On Controls 63.4291(a)(2)\",$C78=\"Emission Rate Without Add-On Controls 63.4291(c)(2)\"),COUNTIFS(Deviation_Without_Addon!$A$24:$A$500,$A78,Deviation_Without_Addon!$B$24:$B$500,$B78),\"N/A\"))","v":""},{"$f":"IF($B78=\"\",\"\",IF(OR($C78=\"Emission Rate With Add-on Controls 63.4291(a)(3)\",$C78=\"Emission Rate With Add-On Controls 63.4291(c)(3)\",$C78=\"Organic HAP Overall Control Efficiency 63.4291(a)(4)\",$C78=\"Oxidizer Outlet Organic HAP Concentration Limit 63.4291(a)(5)\"),COUNTIFS(Deviation_w_Addon_WorkPrac!$A$24:$A$500,$A78,Deviation_w_Addon_WorkPrac!$I$24:$I$500,$B78),\"N/A\"))","v":""},{"$f":"IF($B78=\"\",\"\",IF($C78=\"Equivalent Emissions Rate 63.4291(c)(4)\",COUNTIFS(Deviation_Equiv_ER!$A$24:$A$500,$A78,Deviation_Equiv_ER!$H$24:$H$500,$B78),\"N/A\"))","v":""}]
[{"$f":"IF(Lists!AA57=\"\",\"\",Lists!AA57)","v":""},{"$f":"IF(Lists!AB57=\"\",\"\",Lists!AB57)","v":""},{"$f":"IF(Lists!AC57=\"\",\"\",Lists!AC57)","v":""},{"$f":"IF($B79=\"\",\"\",IF(OR($C79=\"Compliant Material 63.4291(a)(1)\",$C79=\"Compliant Material 63.4291(b)\",$C79=\"Compliant Material 63.4291(c)(1)\"),COUNTIFS(Deviation_Compliant_Coating!$A$24:$A$500,$A79,Deviation_Compliant_Coating!$B$24:$B$500,$B79),\"N/A\"))","v":""},{"$f":"IF($B79=\"\",\"\",IF(OR($C79=\"Emission Rate Without Add-On Controls 63.4291(a)(2)\",$C79=\"Emission Rate Without Add-On Controls 63.4291(c)(2)\"),COUNTIFS(Deviation_Without_Addon!$A$24:$A$500,$A79,Deviation_Without_Addon!$B$24:$B$500,$B79),\"N/A\"))","v":""},{"$f":"IF($B79=\"\",\"\",IF(OR($C79=\"Emission Rate With Add-on Controls 63.4291(a)(3)\",$C79=\"Emission Rate With Add-On Controls 63.4291(c)(3)\",$C79=\"Organic HAP Overall Control Efficiency 63.4291(a)(4)\",$C79=\"Oxidizer Outlet Organic HAP Concentration Limit 63.4291(a)(5)\"),COUNTIFS(Deviation_w_Addon_WorkPrac!$A$24:$A$500,$A79,Deviation_w_Addon_WorkPrac!$I$24:$I$500,$B79),\"N/A\"))","v":""},{"$f":"IF($B79=\"\",\"\",IF($C79=\"Equivalent Emissions Rate 63.4291(c)(4)\",COUNTIFS(Deviation_Equiv_ER!$A$24:$A$500,$A79,Deviation_Equiv_ER!$H$24:$H$500,$B79),\"N/A\"))","v":""}]
[{"$f":"IF(Lists!AA58=\"\",\"\",Lists!AA58)","v":""},{"$f":"IF(Lists!AB58=\"\",\"\",Lists!AB58)","v":""},{"$f":"IF(Lists!AC58=\"\",\"\",Lists!AC58)","v":""},{"$f":"IF($B80=\"\",\"\",IF(OR($C80=\"Compliant Material 63.4291(a)(1)\",$C80=\"Compliant Material 63.4291(b)\",$C80=\"Compliant Material 63.4291(c)(1)\"),COUNTIFS(Deviation_Compliant_Coating!$A$24:$A$500,$A80,Deviation_Compliant_Coating!$B$24:$B$500,$B80),\"N/A\"))","v":""},{"$f":"IF($B80=\"\",\"\",IF(OR($C80=\"Emission Rate Without Add-On Controls 63.4291(a)(2)\",$C80=\"Emission Rate Without Add-On Controls 63.4291(c)(2)\"),COUNTIFS(Deviation_Without_Addon!$A$24:$A$500,$A80,Deviation_Without_Addon!$B$24:$B$500,$B80),\"N/A\"))","v":""},{"$f":"IF($B80=\"\",\"\",IF(OR($C80=\"Emission Rate With Add-on Controls 63.4291(a)(3)\",$C80=\"Emission Rate With Add-On Controls 63.4291(c)(3)\",$C80=\"Organic HAP Overall Control Efficiency 63.4291(a)(4)\",$C80=\"Oxidizer Outlet Organic HAP Concentration Limit 63.4291(a)(5)\"),COUNTIFS(Deviation_w_Addon_WorkPrac!$A$24:$A$500,$A80,Deviation_w_Addon_WorkPrac!$I$24:$I$500,$B80),\"N/A\"))","v":""},{"$f":"IF($B80=\"\",\"\",IF($C80=\"Equivalent Emissions Rate 63.4291(c)(4)\",COUNTIFS(Deviation_Equiv_ER!$A$24:$A$500,$A80,Deviation_Equiv_ER!$H$24:$H$500,$B80),\"N/A\"))","v":""}]
[{"$f":"IF(Lists!AA59=\"\",\"\",Lists!AA59)","v":""},{"$f":"IF(Lists!AB59=\"\",\"\",Lists!AB59)","v":""},{"$f":"IF(Lists!AC59=\"\",\"\",Lists!AC59)","v":""},{"$f":"IF($B81=\"\",\"\",IF(OR($C81=\"Compliant Material 63.4291(a)(1)\",$C81=\"Compliant Material 63.4291(b)\",$C81=\"Compliant Material 63.4291(c)(1)\"),COUNTIFS(Deviation_Compliant_Coating!$A$24:$A$500,$A81,Deviation_Compliant_Coating!$B$24:$B$500,$B81),\"N/A\"))","v":""},{"$f":"IF($B81=\"\",\"\",IF(OR($C81=\"Emission Rate Without Add-On Controls 63.4291(a)(2)\",$C81=\"Emission Rate Without Add-On Controls 63.4291(c)(2)\"),COUNTIFS(Deviation_Without_Addon!$A$24:$A$500,$A81,Deviation_Without_Addon!$B$24:$B$500,$B81),\"N/A\"))","v":""},{"$f":"IF($B81=\"\",\"\",IF(OR($C81=\"Emission Rate With Add-on Controls 63.4291(a)(3)\",$C81=\"Emission Rate With Add-On Controls 63.4291(c)(3)\",$C81=\"Organic HAP Overall Control Efficiency 63.4291(a)(4)\",$C81=\"Oxidizer Outlet Organic HAP Concentration Limit 63.4291(a)(5)\"),COUNTIFS(Deviation_w_Addon_WorkPrac!$A$24:$A$500,$A81,Deviation_w_Addon_WorkPrac!$I$24:$I$500,$B81),\"N/A\"))","v":""},{"$f":"IF($B81=\"\",\"\",IF($C81=\"Equivalent Emissions Rate 63.4291(c)(4)\",COUNTIFS(Deviation_Equiv_ER!$A$24:$A$500,$A81,Deviation_Equiv_ER!$H$24:$H$500,$B81),\"N/A\"))","v":""}]
[{"$f":"IF(Lists!AA60=\"\",\"\",Lists!AA60)","v":""},{"$f":"IF(Lists!AB60=\"\",\"\",Lists!AB60)","v":""},{"$f":"IF(Lists!AC60=\"\",\"\",Lists!AC60)","v":""},{"$f":"IF($B82=\"\",\"\",IF(OR($C82=\"Compliant Material 63.4291(a)(1)\",$C82=\"Compliant Material 63.4291(b)\",$C82=\"Compliant Material 63.4291(c)(1)\"),COUNTIFS(Deviation_Compliant_Coating!$A$24:$A$500,$A82,Deviation_Compliant_Coating!$B$24:$B$500,$B82),\"N/A\"))","v":""},{"$f":"IF($B82=\"\",\"\",IF(OR($C82=\"Emission Rate Without Add-On Controls 63.4291(a)(2)\",$C82=\"Emission Rate Without Add-On Controls 63.4291(c)(2)\"),COUNTIFS(Deviation_Without_Addon!$A$24:$A$500,$A82,Deviation_Without_Addon!$B$24:$B$500,$B82),\"N/A\"))","v":""},{"$f":"IF($B82=\"\",\"\",IF(OR($C82=\"Emission Rate With Add-on Controls 63.4291(a)(3)\",$C82=\"Emission Rate With Add-On Controls 63.4291(c)(3)\",$C82=\"Organic HAP Overall Control Efficiency 63.4291(a)(4)\",$C82=\"Oxidizer Outlet Organic HAP Concentration Limit 63.4291(a)(5)\"),COUNTIFS(Deviation_w_Addon_WorkPrac!$A$24:$A$500,$A82,Deviation_w_Addon_WorkPrac!$I$24:$I$500,$B82),\"N/A\"))","v":""},{"$f":"IF($B82=\"\",\"\",IF($C82=\"Equivalent Emissions Rate 63.4291(c)(4)\",COUNTIFS(Deviation_Equiv_ER!$A$24:$A$500,$A82,Deviation_Equiv_ER!$H$24:$H$500,$B82),\"N/A\"))","v":""}]
[{"$f":"IF(Lists!AA61=\"\",\"\",Lists!AA61)","v":""},{"$f":"IF(Lists!AB61=\"\",\"\",Lists!AB61)","v":""},{"$f":"IF(Lists!AC61=\"\",\"\",Lists!AC61)","v":""},{"$f":"IF($B83=\"\",\"\",IF(OR($C83=\"Compliant Material 63.4291(a)(1)\",$C83=\"Compliant Material 63.4291(b)\",$C83=\"Compliant Material 63.4291(c)(1)\"),COUNTIFS(Deviation_Compliant_Coating!$A$24:$A$500,$A83,Deviation_Compliant_Coating!$B$24:$B$500,$B83),\"N/A\"))","v":""},{"$f":"IF($B83=\"\",\"\",IF(OR($C83=\"Emission Rate Without Add-On Controls 63.4291(a)(2)\",$C83=\"Emission Rate Without Add-On Controls 63.4291(c)(2)\"),COUNTIFS(Deviation_Without_Addon!$A$24:$A$500,$A83,Deviation_Without_Addon!$B$24:$B$500,$B83),\"N/A\"))","v":""},{"$f":"IF($B83=\"\",\"\",IF(OR($C83=\"Emission Rate With Add-on Controls 63.4291(a)(3)\",$C83=\"Emission Rate With Add-On Controls 63.4291(c)(3)\",$C83=\"Organic HAP Overall Control Efficiency 63.4291(a)(4)\",$C83=\"Oxidizer Outlet Organic HAP Concentration Limit 63.4291(a)(5)\"),COUNTIFS(Deviation_w_Addon_WorkPrac!$A$24:$A$500,$A83,Deviation_w_Addon_WorkPrac!$I$24:$I$500,$B83),\"N/A\"))","v":""},{"$f":"IF($B83=\"\",\"\",IF($C83=\"Equivalent Emissions Rate 63.4291(c)(4)\",COUNTIFS(Deviation_Equiv_ER!$A$24:$A$500,$A83,Deviation_Equiv_ER!$H$24:$H$500,$B83),\"N/A\"))","v":""}]
[{"$f":"IF(Lists!AA62=\"\",\"\",Lists!AA62)","v":""},{"$f":"IF(Lists!AB62=\"\",\"\",Lists!AB62)","v":""},{"$f":"IF(Lists!AC62=\"\",\"\",Lists!AC62)","v":""},{"$f":"IF($B84=\"\",\"\",IF(OR($C84=\"Compliant Material 63.4291(a)(1)\",$C84=\"Compliant Material 63.4291(b)\",$C84=\"Compliant Material 63.4291(c)(1)\"),COUNTIFS(Deviation_Compliant_Coating!$A$24:$A$500,$A84,Deviation_Compliant_Coating!$B$24:$B$500,$B84),\"N/A\"))","v":""},{"$f":"IF($B84=\"\",\"\",IF(OR($C84=\"Emission Rate Without Add-On Controls 63.4291(a)(2)\",$C84=\"Emission Rate Without Add-On Controls 63.4291(c)(2)\"),COUNTIFS(Deviation_Without_Addon!$A$24:$A$500,$A84,Deviation_Without_Addon!$B$24:$B$500,$B84),\"N/A\"))","v":""},{"$f":"IF($B84=\"\",\"\",IF(OR($C84=\"Emission Rate With Add-on Controls 63.4291(a)(3)\",$C84=\"Emission Rate With Add-On Controls 63.4291(c)(3)\",$C84=\"Organic HAP Overall Control Efficiency 63.4291(a)(4)\",$C84=\"Oxidizer Outlet Organic HAP Concentration Limit 63.4291(a)(5)\"),COUNTIFS(Deviation_w_Addon_WorkPrac!$A$24:$A$500,$A84,Deviation_w_Addon_WorkPrac!$I$24:$I$500,$B84),\"N/A\"))","v":""},{"$f":"IF($B84=\"\",\"\",IF($C84=\"Equivalent Emissions Rate 63.4291(c)(4)\",COUNTIFS(Deviation_Equiv_ER!$A$24:$A$500,$A84,Deviation_Equiv_ER!$H$24:$H$500,$B84),\"N/A\"))","v":""}]
[{"$f":"IF(Lists!AA63=\"\",\"\",Lists!AA63)","v":""},{"$f":"IF(Lists!AB63=\"\",\"\",Lists!AB63)","v":""},{"$f":"IF(Lists!AC63=\"\",\"\",Lists!AC63)","v":""},{"$f":"IF($B85=\"\",\"\",IF(OR($C85=\"Compliant Material 63.4291(a)(1)\",$C85=\"Compliant Material 63.4291(b)\",$C85=\"Compliant Material 63.4291(c)(1)\"),COUNTIFS(Deviation_Compliant_Coating!$A$24:$A$500,$A85,Deviation_Compliant_Coating!$B$24:$B$500,$B85),\"N/A\"))","v":""},{"$f":"IF($B85=\"\",\"\",IF(OR($C85=\"Emission Rate Without Add-On Controls 63.4291(a)(2)\",$C85=\"Emission Rate Without Add-On Controls 63.4291(c)(2)\"),COUNTIFS(Deviation_Without_Addon!$A$24:$A$500,$A85,Deviation_Without_Addon!$B$24:$B$500,$B85),\"N/A\"))","v":""},{"$f":"IF($B85=\"\",\"\",IF(OR($C85=\"Emission Rate With Add-on Controls 63.4291(a)(3)\",$C85=\"Emission Rate With Add-On Controls 63.4291(c)(3)\",$C85=\"Organic HAP Overall Control Efficiency 63.4291(a)(4)\",$C85=\"Oxidizer Outlet Organic HAP Concentration Limit 63.4291(a)(5)\"),COUNTIFS(Deviation_w_Addon_WorkPrac!$A$24:$A$500,$A85,Deviation_w_Addon_WorkPrac!$I$24:$I$500,$B85),\"N/A\"))","v":""},{"$f":"IF($B85=\"\",\"\",IF($C85=\"Equivalent Emissions Rate 63.4291(c)(4)\",COUNTIFS(Deviation_Equiv_ER!$A$24:$A$500,$A85,Deviation_Equiv_ER!$H$24:$H$500,$B85),\"N/A\"))","v":""}]
[{"$f":"IF(Lists!AA64=\"\",\"\",Lists!AA64)","v":""},{"$f":"IF(Lists!AB64=\"\",\"\",Lists!AB64)","v":""},{"$f":"IF(Lists!AC64=\"\",\"\",Lists!AC64)","v":""},{"$f":"IF($B86=\"\",\"\",IF(OR($C86=\"Compliant Material 63.4291(a)(1)\",$C86=\"Compliant Material 63.4291(b)\",$C86=\"Compliant Material 63.4291(c)(1)\"),COUNTIFS(Deviation_Compliant_Coating!$A$24:$A$500,$A86,Deviation_Compliant_Coating!$B$24:$B$500,$B86),\"N/A\"))","v":""},{"$f":"IF($B86=\"\",\"\",IF(OR($C86=\"Emission Rate Without Add-On Controls 63.4291(a)(2)\",$C86=\"Emission Rate Without Add-On Controls 63.4291(c)(2)\"),COUNTIFS(Deviation_Without_Addon!$A$24:$A$500,$A86,Deviation_Without_Addon!$B$24:$B$500,$B86),\"N/A\"))","v":""},{"$f":"IF($B86=\"\",\"\",IF(OR($C86=\"Emission Rate With Add-on Controls 63.4291(a)(3)\",$C86=\"Emission Rate With Add-On Controls 63.4291(c)(3)\",$C86=\"Organic HAP Overall Control Efficiency 63.4291(a)(4)\",$C86=\"Oxidizer Outlet Organic HAP Concentration Limit 63.4291(a)(5)\"),COUNTIFS(Deviation_w_Addon_WorkPrac!$A$24:$A$500,$A86,Deviation_w_Addon_WorkPrac!$I$24:$I$500,$B86),\"N/A\"))","v":""},{"$f":"IF($B86=\"\",\"\",IF($C86=\"Equivalent Emissions Rate 63.4291(c)(4)\",COUNTIFS(Deviation_Equiv_ER!$A$24:$A$500,$A86,Deviation_Equiv_ER!$H$24:$H$500,$B86),\"N/A\"))","v":""}]
[{"$f":"IF(Lists!AA65=\"\",\"\",Lists!AA65)","v":""},{"$f":"IF(Lists!AB65=\"\",\"\",Lists!AB65)","v":""},{"$f":"IF(Lists!AC65=\"\",\"\",Lists!AC65)","v":""},{"$f":"IF($B87=\"\",\"\",IF(OR($C87=\"Compliant Material 63.4291(a)(1)\",$C87=\"Compliant Material 63.4291(b)\",$C87=\"Compliant Material 63.4291(c)(1)\"),COUNTIFS(Deviation_Compliant_Coating!$A$24:$A$500,$A87,Deviation_Compliant_Coating!$B$24:$B$500,$B87),\"N/A\"))","v":""},{"$f":"IF($B87=\"\",\"\",IF(OR($C87=\"Emission Rate Without Add-On Controls 63.4291(a)(2)\",$C87=\"Emission Rate Without Add-On Controls 63.4291(c)(2)\"),COUNTIFS(Deviation_Without_Addon!$A$24:$A$500,$A87,Deviation_Without_Addon!$B$24:$B$500,$B87),\"N/A\"))","v":""},{"$f":"IF($B87=\"\",\"\",IF(OR($C87=\"Emission Rate With Add-on Controls 63.4291(a)(3)\",$C87=\"Emission Rate With Add-On Controls 63.4291(c)(3)\",$C87=\"Organic HAP Overall Control Efficiency 63.4291(a)(4)\",$C87=\"Oxidizer Outlet Organic HAP Concentration Limit 63.4291(a)(5)\"),COUNTIFS(Deviation_w_Addon_WorkPrac!$A$24:$A$500,$A87,Deviation_w_Addon_WorkPrac!$I$24:$I$500,$B87),\"N/A\"))","v":""},{"$f":"IF($B87=\"\",\"\",IF($C87=\"Equivalent Emissions Rate 63.4291(c)(4)\",COUNTIFS(Deviation_Equiv_ER!$A$24:$A$500,$A87,Deviation_Equiv_ER!$H$24:$H$500,$B87),\"N/A\"))","v":""}]
[{"$f":"IF(Lists!AA66=\"\",\"\",Lists!AA66)","v":""},{"$f":"IF(Lists!AB66=\"\",\"\",Lists!AB66)","v":""},{"$f":"IF(Lists!AC66=\"\",\"\",Lists!AC66)","v":""},{"$f":"IF($B88=\"\",\"\",IF(OR($C88=\"Compliant Material 63.4291(a)(1)\",$C88=\"Compliant Material 63.4291(b)\",$C88=\"Compliant Material 63.4291(c)(1)\"),COUNTIFS(Deviation_Compliant_Coating!$A$24:$A$500,$A88,Deviation_Compliant_Coating!$B$24:$B$500,$B88),\"N/A\"))","v":""},{"$f":"IF($B88=\"\",\"\",IF(OR($C88=\"Emission Rate Without Add-On Controls 63.4291(a)(2)\",$C88=\"Emission Rate Without Add-On Controls 63.4291(c)(2)\"),COUNTIFS(Deviation_Without_Addon!$A$24:$A$500,$A88,Deviation_Without_Addon!$B$24:$B$500,$B88),\"N/A\"))","v":""},{"$f":"IF($B88=\"\",\"\",IF(OR($C88=\"Emission Rate With Add-on Controls 63.4291(a)(3)\",$C88=\"Emission Rate With Add-On Controls 63.4291(c)(3)\",$C88=\"Organic HAP Overall Control Efficiency 63.4291(a)(4)\",$C88=\"Oxidizer Outlet Organic HAP Concentration Limit 63.4291(a)(5)\"),COUNTIFS(Deviation_w_Addon_WorkPrac!$A$24:$A$500,$A88,Deviation_w_Addon_WorkPrac!$I$24:$I$500,$B88),\"N/A\"))","v":""},{"$f":"IF($B88=\"\",\"\",IF($C88=\"Equivalent Emissions Rate 63.4291(c)(4)\",COUNTIFS(Deviation_Equiv_ER!$A$24:$A$500,$A88,Deviation_Equiv_ER!$H$24:$H$500,$B88),\"N/A\"))","v":""}]
[{"$f":"IF(Lists!AA67=\"\",\"\",Lists!AA67)","v":""},{"$f":"IF(Lists!AB67=\"\",\"\",Lists!AB67)","v":""},{"$f":"IF(Lists!AC67=\"\",\"\",Lists!AC67)","v":""},{"$f":"IF($B89=\"\",\"\",IF(OR($C89=\"Compliant Material 63.4291(a)(1)\",$C89=\"Compliant Material 63.4291(b)\",$C89=\"Compliant Material 63.4291(c)(1)\"),COUNTIFS(Deviation_Compliant_Coating!$A$24:$A$500,$A89,Deviation_Compliant_Coating!$B$24:$B$500,$B89),\"N/A\"))","v":""},{"$f":"IF($B89=\"\",\"\",IF(OR($C89=\"Emission Rate Without Add-On Controls 63.4291(a)(2)\",$C89=\"Emission Rate Without Add-On Controls 63.4291(c)(2)\"),COUNTIFS(Deviation_Without_Addon!$A$24:$A$500,$A89,Deviation_Without_Addon!$B$24:$B$500,$B89),\"N/A\"))","v":""},{"$f":"IF($B89=\"\",\"\",IF(OR($C89=\"Emission Rate With Add-on Controls 63.4291(a)(3)\",$C89=\"Emission Rate With Add-On Controls 63.4291(c)(3)\",$C89=\"Organic HAP Overall Control Efficiency 63.4291(a)(4)\",$C89=\"Oxidizer Outlet Organic HAP Concentration Limit 63.4291(a)(5)\"),COUNTIFS(Deviation_w_Addon_WorkPrac!$A$24:$A$500,$A89,Deviation_w_Addon_WorkPrac!$I$24:$I$500,$B89),\"N/A\"))","v":""},{"$f":"IF($B89=\"\",\"\",IF($C89=\"Equivalent Emissions Rate 63.4291(c)(4)\",COUNTIFS(Deviation_Equiv_ER!$A$24:$A$500,$A89,Deviation_Equiv_ER!$H$24:$H$500,$B89),\"N/A\"))","v":""}]
[{"$f":"IF(Lists!AA68=\"\",\"\",Lists!AA68)","v":""},{"$f":"IF(Lists!AB68=\"\",\"\",Lists!AB68)","v":""},{"$f":"IF(Lists!AC68=\"\",\"\",Lists!AC68)","v":""},{"$f":"IF($B90=\"\",\"\",IF(OR($C90=\"Compliant Material 63.4291(a)(1)\",$C90=\"Compliant Material 63.4291(b)\",$C90=\"Compliant Material 63.4291(c)(1)\"),COUNTIFS(Deviation_Compliant_Coating!$A$24:$A$500,$A90,Deviation_Compliant_Coating!$B$24:$B$500,$B90),\"N/A\"))","v":""},{"$f":"IF($B90=\"\",\"\",IF(OR($C90=\"Emission Rate Without Add-On Controls 63.4291(a)(2)\",$C90=\"Emission Rate Without Add-On Controls 63.4291(c)(2)\"),COUNTIFS(Deviation_Without_Addon!$A$24:$A$500,$A90,Deviation_Without_Addon!$B$24:$B$500,$B90),\"N/A\"))","v":""},{"$f":"IF($B90=\"\",\"\",IF(OR($C90=\"Emission Rate With Add-on Controls 63.4291(a)(3)\",$C90=\"Emission Rate With Add-On Controls 63.4291(c)(3)\",$C90=\"Organic HAP Overall Control Efficiency 63.4291(a)(4)\",$C90=\"Oxidizer Outlet Organic HAP Concentration Limit 63.4291(a)(5)\"),COUNTIFS(Deviation_w_Addon_WorkPrac!$A$24:$A$500,$A90,Deviation_w_Addon_WorkPrac!$I$24:$I$500,$B90),\"N/A\"))","v":""},{"$f":"IF($B90=\"\",\"\",IF($C90=\"Equivalent Emissions Rate 63.4291(c)(4)\",COUNTIFS(Deviation_Equiv_ER!$A$24:$A$500,$A90,Deviation_Equiv_ER!$H$24:$H$500,$B90),\"N/A\"))","v":""}]
[{"$f":"IF(Lists!AA69=\"\",\"\",Lists!AA69)","v":""},{"$f":"IF(Lists!AB69=\"\",\"\",Lists!AB69)","v":""},{"$f":"IF(Lists!AC69=\"\",\"\",Lists!AC69)","v":""},{"$f":"IF($B91=\"\",\"\",IF(OR($C91=\"Compliant Material 63.4291(a)(1)\",$C91=\"Compliant Material 63.4291(b)\",$C91=\"Compliant Material 63.4291(c)(1)\"),COUNTIFS(Deviation_Compliant_Coating!$A$24:$A$500,$A91,Deviation_Compliant_Coating!$B$24:$B$500,$B91),\"N/A\"))","v":""},{"$f":"IF($B91=\"\",\"\",IF(OR($C91=\"Emission Rate Without Add-On Controls 63.4291(a)(2)\",$C91=\"Emission Rate Without Add-On Controls 63.4291(c)(2)\"),COUNTIFS(Deviation_Without_Addon!$A$24:$A$500,$A91,Deviation_Without_Addon!$B$24:$B$500,$B91),\"N/A\"))","v":""},{"$f":"IF($B91=\"\",\"\",IF(OR($C91=\"Emission Rate With Add-on Controls 63.4291(a)(3)\",$C91=\"Emission Rate With Add-On Controls 63.4291(c)(3)\",$C91=\"Organic HAP Overall Control Efficiency 63.4291(a)(4)\",$C91=\"Oxidizer Outlet Organic HAP Concentration Limit 63.4291(a)(5)\"),COUNTIFS(Deviation_w_Addon_WorkPrac!$A$24:$A$500,$A91,Deviation_w_Addon_WorkPrac!$I$24:$I$500,$B91),\"N/A\"))","v":""},{"$f":"IF($B91=\"\",\"\",IF($C91=\"Equivalent Emissions Rate 63.4291(c)(4)\",COUNTIFS(Deviation_Equiv_ER!$A$24:$A$500,$A91,Deviation_Equiv_ER!$H$24:$H$500,$B91),\"N/A\"))","v":""}]
[{"$f":"IF(Lists!AA70=\"\",\"\",Lists!AA70)","v":""},{"$f":"IF(Lists!AB70=\"\",\"\",Lists!AB70)","v":""},{"$f":"IF(Lists!AC70=\"\",\"\",Lists!AC70)","v":""},{"$f":"IF($B92=\"\",\"\",IF(OR($C92=\"Compliant Material 63.4291(a)(1)\",$C92=\"Compliant Material 63.4291(b)\",$C92=\"Compliant Material 63.4291(c)(1)\"),COUNTIFS(Deviation_Compliant_Coating!$A$24:$A$500,$A92,Deviation_Compliant_Coating!$B$24:$B$500,$B92),\"N/A\"))","v":""},{"$f":"IF($B92=\"\",\"\",IF(OR($C92=\"Emission Rate Without Add-On Controls 63.4291(a)(2)\",$C92=\"Emission Rate Without Add-On Controls 63.4291(c)(2)\"),COUNTIFS(Deviation_Without_Addon!$A$24:$A$500,$A92,Deviation_Without_Addon!$B$24:$B$500,$B92),\"N/A\"))","v":""},{"$f":"IF($B92=\"\",\"\",IF(OR($C92=\"Emission Rate With Add-on Controls 63.4291(a)(3)\",$C92=\"Emission Rate With Add-On Controls 63.4291(c)(3)\",$C92=\"Organic HAP Overall Control Efficiency 63.4291(a)(4)\",$C92=\"Oxidizer Outlet Organic HAP Concentration Limit 63.4291(a)(5)\"),COUNTIFS(Deviation_w_Addon_WorkPrac!$A$24:$A$500,$A92,Deviation_w_Addon_WorkPrac!$I$24:$I$500,$B92),\"N/A\"))","v":""},{"$f":"IF($B92=\"\",\"\",IF($C92=\"Equivalent Emissions Rate 63.4291(c)(4)\",COUNTIFS(Deviation_Equiv_ER!$A$24:$A$500,$A92,Deviation_Equiv_ER!$H$24:$H$500,$B92),\"N/A\"))","v":""}]
[{"$f":"IF(Lists!AA71=\"\",\"\",Lists!AA71)","v":""},{"$f":"IF(Lists!AB71=\"\",\"\",Lists!AB71)","v":""},{"$f":"IF(Lists!AC71=\"\",\"\",Lists!AC71)","v":""},{"$f":"IF($B93=\"\",\"\",IF(OR($C93=\"Compliant Material 63.4291(a)(1)\",$C93=\"Compliant Material 63.4291(b)\",$C93=\"Compliant Material 63.4291(c)(1)\"),COUNTIFS(Deviation_Compliant_Coating!$A$24:$A$500,$A93,Deviation_Compliant_Coating!$B$24:$B$500,$B93),\"N/A\"))","v":""},{"$f":"IF($B93=\"\",\"\",IF(OR($C93=\"Emission Rate Without Add-On Controls 63.4291(a)(2)\",$C93=\"Emission Rate Without Add-On Controls 63.4291(c)(2)\"),COUNTIFS(Deviation_Without_Addon!$A$24:$A$500,$A93,Deviation_Without_Addon!$B$24:$B$500,$B93),\"N/A\"))","v":""},{"$f":"IF($B93=\"\",\"\",IF(OR($C93=\"Emission Rate With Add-on Controls 63.4291(a)(3)\",$C93=\"Emission Rate With Add-On Controls 63.4291(c)(3)\",$C93=\"Organic HAP Overall Control Efficiency 63.4291(a)(4)\",$C93=\"Oxidizer Outlet Organic HAP Concentration Limit 63.4291(a)(5)\"),COUNTIFS(Deviation_w_Addon_WorkPrac!$A$24:$A$500,$A93,Deviation_w_Addon_WorkPrac!$I$24:$I$500,$B93),\"N/A\"))","v":""},{"$f":"IF($B93=\"\",\"\",IF($C93=\"Equivalent Emissions Rate 63.4291(c)(4)\",COUNTIFS(Deviation_Equiv_ER!$A$24:$A$500,$A93,Deviation_Equiv_ER!$H$24:$H$500,$B93),\"N/A\"))","v":""}]
[{"$f":"IF(Lists!AA72=\"\",\"\",Lists!AA72)","v":""},{"$f":"IF(Lists!AB72=\"\",\"\",Lists!AB72)","v":""},{"$f":"IF(Lists!AC72=\"\",\"\",Lists!AC72)","v":""},{"$f":"IF($B94=\"\",\"\",IF(OR($C94=\"Compliant Material 63.4291(a)(1)\",$C94=\"Compliant Material 63.4291(b)\",$C94=\"Compliant Material 63.4291(c)(1)\"),COUNTIFS(Deviation_Compliant_Coating!$A$24:$A$500,$A94,Deviation_Compliant_Coating!$B$24:$B$500,$B94),\"N/A\"))","v":""},{"$f":"IF($B94=\"\",\"\",IF(OR($C94=\"Emission Rate Without Add-On Controls 63.4291(a)(2)\",$C94=\"Emission Rate Without Add-On Controls 63.4291(c)(2)\"),COUNTIFS(Deviation_Without_Addon!$A$24:$A$500,$A94,Deviation_Without_Addon!$B$24:$B$500,$B94),\"N/A\"))","v":""},{"$f":"IF($B94=\"\",\"\",IF(OR($C94=\"Emission Rate With Add-on Controls 63.4291(a)(3)\",$C94=\"Emission Rate With Add-On Controls 63.4291(c)(3)\",$C94=\"Organic HAP Overall Control Efficiency 63.4291(a)(4)\",$C94=\"Oxidizer Outlet Organic HAP Concentration Limit 63.4291(a)(5)\"),COUNTIFS(Deviation_w_Addon_WorkPrac!$A$24:$A$500,$A94,Deviation_w_Addon_WorkPrac!$I$24:$I$500,$B94),\"N/A\"))","v":""},{"$f":"IF($B94=\"\",\"\",IF($C94=\"Equivalent Emissions Rate 63.4291(c)(4)\",COUNTIFS(Deviation_Equiv_ER!$A$24:$A$500,$A94,Deviation_Equiv_ER!$H$24:$H$500,$B94),\"N/A\"))","v":""}]
[{"$f":"IF(Lists!AA73=\"\",\"\",Lists!AA73)","v":""},{"$f":"IF(Lists!AB73=\"\",\"\",Lists!AB73)","v":""},{"$f":"IF(Lists!AC73=\"\",\"\",Lists!AC73)","v":""},{"$f":"IF($B95=\"\",\"\",IF(OR($C95=\"Compliant Material 63.4291(a)(1)\",$C95=\"Compliant Material 63.4291(b)\",$C95=\"Compliant Material 63.4291(c)(1)\"),COUNTIFS(Deviation_Compliant_Coating!$A$24:$A$500,$A95,Deviation_Compliant_Coating!$B$24:$B$500,$B95),\"N/A\"))","v":""},{"$f":"IF($B95=\"\",\"\",IF(OR($C95=\"Emission Rate Without Add-On Controls 63.4291(a)(2)\",$C95=\"Emission Rate Without Add-On Controls 63.4291(c)(2)\"),COUNTIFS(Deviation_Without_Addon!$A$24:$A$500,$A95,Deviation_Without_Addon!$B$24:$B$500,$B95),\"N/A\"))","v":""},{"$f":"IF($B95=\"\",\"\",IF(OR($C95=\"Emission Rate With Add-on Controls 63.4291(a)(3)\",$C95=\"Emission Rate With Add-On Controls 63.4291(c)(3)\",$C95=\"Organic HAP Overall Control Efficiency 63.4291(a)(4)\",$C95=\"Oxidizer Outlet Organic HAP Concentration Limit 63.4291(a)(5)\"),COUNTIFS(Deviation_w_Addon_WorkPrac!$A$24:$A$500,$A95,Deviation_w_Addon_WorkPrac!$I$24:$I$500,$B95),\"N/A\"))","v":""},{"$f":"IF($B95=\"\",\"\",IF($C95=\"Equivalent Emissions Rate 63.4291(c)(4)\",COUNTIFS(Deviation_Equiv_ER!$A$24:$A$500,$A95,Deviation_Equiv_ER!$H$24:$H$500,$B95),\"N/A\"))","v":""}]
[{"$f":"IF(Lists!AA74=\"\",\"\",Lists!AA74)","v":""},{"$f":"IF(Lists!AB74=\"\",\"\",Lists!AB74)","v":""},{"$f":"IF(Lists!AC74=\"\",\"\",Lists!AC74)","v":""},{"$f":"IF($B96=\"\",\"\",IF(OR($C96=\"Compliant Material 63.4291(a)(1)\",$C96=\"Compliant Material 63.4291(b)\",$C96=\"Compliant Material 63.4291(c)(1)\"),COUNTIFS(Deviation_Compliant_Coating!$A$24:$A$500,$A96,Deviation_Compliant_Coating!$B$24:$B$500,$B96),\"N/A\"))","v":""},{"$f":"IF($B96=\"\",\"\",IF(OR($C96=\"Emission Rate Without Add-On Controls 63.4291(a)(2)\",$C96=\"Emission Rate Without Add-On Controls 63.4291(c)(2)\"),COUNTIFS(Deviation_Without_Addon!$A$24:$A$500,$A96,Deviation_Without_Addon!$B$24:$B$500,$B96),\"N/A\"))","v":""},{"$f":"IF($B96=\"\",\"\",IF(OR($C96=\"Emission Rate With Add-on Controls 63.4291(a)(3)\",$C96=\"Emission Rate With Add-On Controls 63.4291(c)(3)\",$C96=\"Organic HAP Overall Control Efficiency 63.4291(a)(4)\",$C96=\"Oxidizer Outlet Organic HAP Concentration Limit 63.4291(a)(5)\"),COUNTIFS(Deviation_w_Addon_WorkPrac!$A$24:$A$500,$A96,Deviation_w_Addon_WorkPrac!$I$24:$I$500,$B96),\"N/A\"))","v":""},{"$f":"IF($B96=\"\",\"\",IF($C96=\"Equivalent Emissions Rate 63.4291(c)(4)\",COUNTIFS(Deviation_Equiv_ER!$A$24:$A$500,$A96,Deviation_Equiv_ER!$H$24:$H$500,$B96),\"N/A\"))","v":""}]
[{"$f":"IF(Lists!AA75=\"\",\"\",Lists!AA75)","v":""},{"$f":"IF(Lists!AB75=\"\",\"\",Lists!AB75)","v":""},{"$f":"IF(Lists!AC75=\"\",\"\",Lists!AC75)","v":""},{"$f":"IF($B97=\"\",\"\",IF(OR($C97=\"Compliant Material 63.4291(a)(1)\",$C97=\"Compliant Material 63.4291(b)\",$C97=\"Compliant Material 63.4291(c)(1)\"),COUNTIFS(Deviation_Compliant_Coating!$A$24:$A$500,$A97,Deviation_Compliant_Coating!$B$24:$B$500,$B97),\"N/A\"))","v":""},{"$f":"IF($B97=\"\",\"\",IF(OR($C97=\"Emission Rate Without Add-On Controls 63.4291(a)(2)\",$C97=\"Emission Rate Without Add-On Controls 63.4291(c)(2)\"),COUNTIFS(Deviation_Without_Addon!$A$24:$A$500,$A97,Deviation_Without_Addon!$B$24:$B$500,$B97),\"N/A\"))","v":""},{"$f":"IF($B97=\"\",\"\",IF(OR($C97=\"Emission Rate With Add-on Controls 63.4291(a)(3)\",$C97=\"Emission Rate With Add-On Controls 63.4291(c)(3)\",$C97=\"Organic HAP Overall Control Efficiency 63.4291(a)(4)\",$C97=\"Oxidizer Outlet Organic HAP Concentration Limit 63.4291(a)(5)\"),COUNTIFS(Deviation_w_Addon_WorkPrac!$A$24:$A$500,$A97,Deviation_w_Addon_WorkPrac!$I$24:$I$500,$B97),\"N/A\"))","v":""},{"$f":"IF($B97=\"\",\"\",IF($C97=\"Equivalent Emissions Rate 63.4291(c)(4)\",COUNTIFS(Deviation_Equiv_ER!$A$24:$A$500,$A97,Deviation_Equiv_ER!$H$24:$H$500,$B97),\"N/A\"))","v":""}]
[{"$f":"IF(Lists!AA76=\"\",\"\",Lists!AA76)","v":""},{"$f":"IF(Lists!AB76=\"\",\"\",Lists!AB76)","v":""},{"$f":"IF(Lists!AC76=\"\",\"\",Lists!AC76)","v":""},{"$f":"IF($B98=\"\",\"\",IF(OR($C98=\"Compliant Material 63.4291(a)(1)\",$C98=\"Compliant Material 63.4291(b)\",$C98=\"Compliant Material 63.4291(c)(1)\"),COUNTIFS(Deviation_Compliant_Coating!$A$24:$A$500,$A98,Deviation_Compliant_Coating!$B$24:$B$500,$B98),\"N/A\"))","v":""},{"$f":"IF($B98=\"\",\"\",IF(OR($C98=\"Emission Rate Without Add-On Controls 63.4291(a)(2)\",$C98=\"Emission Rate Without Add-On Controls 63.4291(c)(2)\"),COUNTIFS(Deviation_Without_Addon!$A$24:$A$500,$A98,Deviation_Without_Addon!$B$24:$B$500,$B98),\"N/A\"))","v":""},{"$f":"IF($B98=\"\",\"\",IF(OR($C98=\"Emission Rate With Add-on Controls 63.4291(a)(3)\",$C98=\"Emission Rate With Add-On Controls 63.4291(c)(3)\",$C98=\"Organic HAP Overall Control Efficiency 63.4291(a)(4)\",$C98=\"Oxidizer Outlet Organic HAP Concentration Limit 63.4291(a)(5)\"),COUNTIFS(Deviation_w_Addon_WorkPrac!$A$24:$A$500,$A98,Deviation_w_Addon_WorkPrac!$I$24:$I$500,$B98),\"N/A\"))","v":""},{"$f":"IF($B98=\"\",\"\",IF($C98=\"Equivalent Emissions Rate 63.4291(c)(4)\",COUNTIFS(Deviation_Equiv_ER!$A$24:$A$500,$A98,Deviation_Equiv_ER!$H$24:$H$500,$B98),\"N/A\"))","v":""}]
[{"$f":"IF(Lists!AA77=\"\",\"\",Lists!AA77)","v":""},{"$f":"IF(Lists!AB77=\"\",\"\",Lists!AB77)","v":""},{"$f":"IF(Lists!AC77=\"\",\"\",Lists!AC77)","v":""},{"$f":"IF($B99=\"\",\"\",IF(OR($C99=\"Compliant Material 63.4291(a)(1)\",$C99=\"Compliant Material 63.4291(b)\",$C99=\"Compliant Material 63.4291(c)(1)\"),COUNTIFS(Deviation_Compliant_Coating!$A$24:$A$500,$A99,Deviation_Compliant_Coating!$B$24:$B$500,$B99),\"N/A\"))","v":""},{"$f":"IF($B99=\"\",\"\",IF(OR($C99=\"Emission Rate Without Add-On Controls 63.4291(a)(2)\",$C99=\"Emission Rate Without Add-On Controls 63.4291(c)(2)\"),COUNTIFS(Deviation_Without_Addon!$A$24:$A$500,$A99,Deviation_Without_Addon!$B$24:$B$500,$B99),\"N/A\"))","v":""},{"$f":"IF($B99=\"\",\"\",IF(OR($C99=\"Emission Rate With Add-on Controls 63.4291(a)(3)\",$C99=\"Emission Rate With Add-On Controls 63.4291(c)(3)\",$C99=\"Organic HAP Overall Control Efficiency 63.4291(a)(4)\",$C99=\"Oxidizer Outlet Organic HAP Concentration Limit 63.4291(a)(5)\"),COUNTIFS(Deviation_w_Addon_WorkPrac!$A$24:$A$500,$A99,Deviation_w_Addon_WorkPrac!$I$24:$I$500,$B99),\"N/A\"))","v":""},{"$f":"IF($B99=\"\",\"\",IF($C99=\"Equivalent Emissions Rate 63.4291(c)(4)\",COUNTIFS(Deviation_Equiv_ER!$A$24:$A$500,$A99,Deviation_Equiv_ER!$H$24:$H$500,$B99),\"N/A\"))","v":""}]
[{"$f":"IF(Lists!AA78=\"\",\"\",Lists!AA78)","v":""},{"$f":"IF(Lists!AB78=\"\",\"\",Lists!AB78)","v":""},{"$f":"IF(Lists!AC78=\"\",\"\",Lists!AC78)","v":""},{"$f":"IF($B100=\"\",\"\",IF(OR($C100=\"Compliant Material 63.4291(a)(1)\",$C100=\"Compliant Material 63.4291(b)\",$C100=\"Compliant Material 63.4291(c)(1)\"),COUNTIFS(Deviation_Compliant_Coating!$A$24:$A$500,$A100,Deviation_Compliant_Coating!$B$24:$B$500,$B100),\"N/A\"))","v":""},{"$f":"IF($B100=\"\",\"\",IF(OR($C100=\"Emission Rate Without Add-On Controls 63.4291(a)(2)\",$C100=\"Emission Rate Without Add-On Controls 63.4291(c)(2)\"),COUNTIFS(Deviation_Without_Addon!$A$24:$A$500,$A100,Deviation_Without_Addon!$B$24:$B$500,$B100),\"N/A\"))","v":""},{"$f":"IF($B100=\"\",\"\",IF(OR($C100=\"Emission Rate With Add-on Controls 63.4291(a)(3)\",$C100=\"Emission Rate With Add-On Controls 63.4291(c)(3)\",$C100=\"Organic HAP Overall Control Efficiency 63.4291(a)(4)\",$C100=\"Oxidizer Outlet Organic HAP Concentration Limit 63.4291(a)(5)\"),COUNTIFS(Deviation_w_Addon_WorkPrac!$A$24:$A$500,$A100,Deviation_w_Addon_WorkPrac!$I$24:$I$500,$B100),\"N/A\"))","v":""},{"$f":"IF($B100=\"\",\"\",IF($C100=\"Equivalent Emissions Rate 63.4291(c)(4)\",COUNTIFS(Deviation_Equiv_ER!$A$24:$A$500,$A100,Deviation_Equiv_ER!$H$24:$H$500,$B100),\"N/A\"))","v":""}]

{"sheet":"Semiannual_Certification","index":21,"n_rows":14,"n_cols":3,"rows_kept":14,"cut":false,"hidden":false,"merged":[]}
["DO NOT REMOVE OR EDIT INFORMATION IN THIS SECTION\nFOR INTERNAL USE ONLY"]
["Template Name",{"$f":"+Welcome!B2","v":"63.4310(c) and 63.4311(a) Notification of Compliance and Semiannual Compliance Report (Spreadsheet Template)"}]
["CitationID",{"$f":"+Welcome!B3","v":"63.4310(c) and 63.4311(a)"}]
["Template Version",{"$f":"+Welcome!B4","v":"v1.00"}]
["Last Updated Date",{"$f":"+Welcome!B5","v":43537}]
[{"$f":"+Welcome!B6","v":"OMB Control Number: 2060-0522, Expiration: March 31, 2019"}]
["40 CFR Part 63, Subpart OOOO National Emission Standards for Hazardous Air Pollutants: "]
["Printing, Coating, and Dyeing of Fabrics and Other Textiles "]
["§63.4311(a) Semiannual Compliance Report Spreadsheet Template"]
["Complete this form when you have completed the semiannual compliance report."]
[]
["Company Record No. *\n(Select from dropdown)","No deviations occurred during this reporting period. *  \n§63.4311(a)(4)","No CPMS out-of-control periods [per §63.8(c)(7)] and emissions rate with add-on controls option was used. * \n§63.4311(a)(4)"]
["XML Tag: ","PeriodDeviationFlag","CpmsControlFlag"]
["e.g.: 1"]

{"sheet":"Revisions","index":22,"n_rows":2,"n_cols":2,"rows_kept":2,"cut":false,"hidden":true,"merged":[]}
["Date","Description"]
[43537,"Updated the State dropdown to include VI, PR, AS, MP, and GU."]